CREATE TABLE `insurance_coupons` (
  `id_coupon` int(11) NOT NULL,
  `id_insurance` int(11) NOT NULL,
  `name_coupon` varchar(50) COLLATE utf8_unicode_ci NOT NULL,
  `code_coupon` varchar(20) COLLATE utf8_unicode_ci NOT NULL,
  `type_coupon` int(11) NOT NULL,
  `amount_coupon` int(11) NOT NULL,
  `id_status` int(11) NOT NULL DEFAULT 1,
  `id_user` int(11) NOT NULL,
  `create_date` datetime NOT NULL,
  `start_date` date DEFAULT NULL,
  `end_date` date DEFAULT NULL
) ENGINE=InnoDB DEFAULT CHARSET=utf8 COLLATE=utf8_unicode_ci;

--
-- Volcado de datos para la tabla `insurance_coupons`
--

INSERT INTO `insurance_coupons` (`id_coupon`, `id_insurance`, `name_coupon`, `code_coupon`, `type_coupon`, `amount_coupon`, `id_status`, `id_user`, `create_date`, `start_date`, `end_date`) VALUES
(2, 3, 'bee  1', 'bee1', 1, 20, 1, 3, '2022-02-21 10:05:09', '2022-11-01', '2022-11-30'),
(6, 3, 'descuento intermedarios', 'networkLife', 1, 30, 1, 5, '2022-07-13 12:02:23', '2022-07-15', '2022-08-15'),
(7, 3, 'YamirLife', 'YVsolutionsLife', 1, 10, 1, 5, '2022-07-20 11:25:47', '2022-07-20', '2022-10-20'),
(9, 3, 'visionbiz vida', 'visionbizIBOLife', 1, 25, 1, 5, '2022-08-03 15:07:51', '2022-08-03', '2022-09-15'),
(11, 3, 'casa portuguesa aragua', 'FatimaLife', 1, 10, 1, 5, '2022-09-26 13:34:13', '2022-09-26', '2022-09-30'),
(12, 7, 'casa portuguesa aragaua ', 'LisboaRC', 1, 10, 1, 5, '2022-09-26 13:35:18', '2022-09-26', '2022-09-30'),
(13, 5, 'Descuento Referidor', 'SoyColmena', 1, 35, 1, 5, '2023-03-07 22:05:54', '2023-03-08', '2023-05-01'),
(14, 5, 'Descuento Referidor', 'SoyColmena2', 1, 35, 1, 5, '2023-06-01 11:59:19', '2023-06-01', '2023-08-01'),
(15, 5, 'Descuento Referidor', 'SoyColmena3', 1, 35, 1, 5, '2023-08-04 15:05:31', '2023-08-03', '2023-11-03');

-- --------------------------------------------------------

--
-- Estructura de tabla para la tabla `insurance_declaration_health`
--

CREATE TABLE `insurance_declaration_health` (
  `id_insurance` int(11) NOT NULL,
  `id_declaration_health` int(11) NOT NULL,
  `id_user` int(11) NOT NULL,
  `create_date` datetime NOT NULL
) ENGINE=InnoDB DEFAULT CHARSET=utf8 COLLATE=utf8_unicode_ci;

--
-- Volcado de datos para la tabla `insurance_declaration_health`
--

INSERT INTO `insurance_declaration_health` (`id_insurance`, `id_declaration_health`, `id_user`, `create_date`) VALUES
(3, 1, 5, '2022-02-09 12:59:45'),
(3, 3, 5, '2022-02-16 10:26:37'),
(3, 4, 5, '2022-02-16 10:26:37'),
(4, 1, 5, '2022-02-16 13:54:12'),
(5, 1, 5, '2022-02-17 22:19:56'),
(5, 4, 5, '2022-02-17 22:19:56'),
(5, 8, 5, '2022-02-17 22:19:56'),
(3, 5, 5, '2022-02-21 08:33:46'),
(3, 6, 5, '2022-02-21 08:33:46'),
(3, 7, 5, '2022-02-21 08:33:46'),
(3, 8, 5, '2022-02-21 08:33:46'),
(5, 5, 5, '2022-03-02 08:45:14'),
(5, 6, 5, '2022-03-02 08:45:14'),
(5, 7, 5, '2022-03-02 08:45:14'),
(7, 1, 5, '2022-04-18 09:39:34'),
(7, 4, 5, '2022-04-18 09:39:34'),
(8, 1, 5, '2022-07-19 08:31:04'),
(8, 4, 5, '2022-07-19 08:31:04'),
(9, 1, 5, '2022-07-19 08:46:55'),
(10, 1, 5, '2022-12-20 09:09:54'),
(10, 4, 5, '2022-12-20 09:09:54'),
(11, 1, 5, '2022-12-20 10:24:56'),
(11, 4, 5, '2022-12-20 10:24:56'),
(12, 1, 5, '2022-12-20 11:38:21'),
(12, 4, 5, '2022-12-20 11:38:21'),
(13, 1, 5, '2022-12-21 08:51:02'),
(13, 2, 5, '2022-12-21 08:51:02'),
(13, 4, 5, '2022-12-21 08:51:02'),
(14, 1, 5, '2023-01-12 09:02:16'),
(14, 4, 5, '2023-01-12 09:02:16'),
(14, 5, 5, '2023-01-12 09:02:16'),
(14, 6, 5, '2023-01-12 09:02:16'),
(14, 7, 5, '2023-01-12 09:02:16'),
(14, 8, 5, '2023-01-12 09:02:16'),
(15, 1, 5, '2023-01-16 14:45:21'),
(15, 2, 5, '2023-01-16 14:45:21'),
(15, 4, 5, '2023-01-16 14:45:21'),
(8, 3, 5, '2023-01-31 10:48:20'),
(8, 8, 5, '2023-01-31 10:48:20'),
(9, 2, 5, '2023-01-31 11:35:16'),
(9, 3, 5, '2023-01-31 11:35:16'),
(9, 4, 5, '2023-01-31 11:35:16'),
(9, 8, 5, '2023-01-31 11:35:16'),
(8, 5, 5, '2023-01-31 11:35:56'),
(8, 6, 5, '2023-01-31 11:35:56'),
(8, 7, 5, '2023-01-31 11:35:56'),
(5, 2, 5, '2023-02-01 15:07:01'),
(14, 2, 5, '2023-02-01 15:07:36'),
(14, 3, 5, '2023-02-01 15:07:36'),
(15, 3, 5, '2023-02-01 15:07:54'),
(11, 2, 5, '2023-02-01 15:08:35'),
(11, 3, 5, '2023-02-01 15:08:35'),
(11, 5, 5, '2023-02-01 15:08:35'),
(11, 6, 5, '2023-02-01 15:08:35'),
(11, 7, 5, '2023-02-01 15:08:35'),
(11, 8, 5, '2023-02-01 15:08:35'),
(8, 2, 5, '2023-02-01 15:12:10'),
(13, 3, 5, '2023-02-07 11:51:34'),
(16, 1, 5, '2023-02-09 08:52:38'),
(16, 4, 5, '2023-02-09 08:52:38'),
(17, 1, 5, '2023-03-21 14:13:25'),
(17, 2, 5, '2023-03-21 14:13:25'),
(17, 4, 5, '2023-03-21 14:13:25'),
(18, 1, 5, '2023-03-24 15:34:36'),
(18, 2, 5, '2023-03-24 15:34:36'),
(18, 4, 5, '2023-03-24 15:34:36'),
(19, 1, 5, '2023-06-09 11:16:03'),
(19, 2, 5, '2023-06-09 11:16:03'),
(19, 3, 5, '2023-06-09 11:16:03'),
(19, 4, 5, '2023-06-09 11:16:03'),
(20, 1, 5, '2023-06-09 14:33:16'),
(20, 2, 5, '2023-06-09 14:33:16'),
(20, 3, 5, '2023-06-09 14:33:16'),
(20, 4, 5, '2023-06-09 14:33:16'),
(21, 1, 5, '2023-06-09 15:19:41'),
(21, 2, 5, '2023-06-09 15:19:41'),
(21, 3, 5, '2023-06-09 15:19:41'),
(21, 4, 5, '2023-06-09 15:19:41'),
(15, 5, 5, '2023-06-15 08:36:51'),
(15, 6, 5, '2023-06-15 08:36:51'),
(15, 7, 5, '2023-06-15 08:36:51'),
(15, 8, 5, '2023-06-15 08:36:51'),
(22, 1, 5, '2023-06-26 14:27:20'),
(22, 4, 5, '2023-06-26 14:27:20'),
(23, 1, 5, '2023-06-27 14:42:37'),
(23, 4, 5, '2023-06-27 14:42:37'),
(24, 1, 5, '2023-06-28 10:27:52'),
(24, 4, 5, '2023-06-28 10:27:52'),
(23, 2, 5, '2023-06-28 10:43:46'),
(23, 3, 5, '2023-06-28 10:43:46'),
(25, 1, 5, '2023-06-28 14:56:15'),
(25, 2, 5, '2023-06-28 14:56:15'),
(25, 3, 5, '2023-06-28 14:56:15'),
(25, 4, 5, '2023-06-28 14:56:15'),
(25, 5, 5, '2023-07-27 10:23:35'),
(25, 6, 5, '2023-07-27 10:23:35'),
(25, 7, 5, '2023-07-27 10:23:35'),
(25, 8, 5, '2023-07-27 10:23:35'),
(26, 1, 5, '2023-08-11 15:19:11'),
(26, 2, 5, '2023-08-11 15:19:11'),
(26, 3, 5, '2023-08-11 15:19:11'),
(26, 4, 5, '2023-08-11 15:19:11'),
(26, 5, 5, '2023-08-11 15:19:11'),
(26, 6, 5, '2023-08-11 15:19:11'),
(26, 7, 5, '2023-08-11 15:19:11'),
(26, 8, 5, '2023-08-11 15:19:11');

-- --------------------------------------------------------

--
-- Estructura de tabla para la tabla `insurance_declaration_pathology`
--

CREATE TABLE `insurance_declaration_pathology` (
  `id_insurance` int(11) NOT NULL,
  `id_declaration_pathology` int(11) NOT NULL,
  `id_user` int(11) NOT NULL,
  `create_date` datetime NOT NULL
) ENGINE=InnoDB DEFAULT CHARSET=utf8 COLLATE=utf8_unicode_ci;

--
-- Volcado de datos para la tabla `insurance_declaration_pathology`
--

INSERT INTO `insurance_declaration_pathology` (`id_insurance`, `id_declaration_pathology`, `id_user`, `create_date`) VALUES
(3, 1, 5, '2022-02-09 12:59:45');

-- --------------------------------------------------------

--
-- Estructura de tabla para la tabla `insurance_payment`
--

CREATE TABLE `insurance_payment` (
  `id_payment` int(11) NOT NULL,
  `id_buy` int(11) DEFAULT NULL,
  `id_receipt` int(11) DEFAULT NULL,
  `id_transaction` int(11) DEFAULT NULL,
  `id_term` int(11) NOT NULL,
  `amount_term` double(20,2) NOT NULL,
  `id_coupon` int(11) DEFAULT NULL,
  `type_coupon` int(11) DEFAULT NULL,
  `amount_coupon` double(20,2) DEFAULT NULL,
  `sub_total_payment` double(20,2) NOT NULL,
  `total_payment` double(20,2) NOT NULL,
  `total_payment_bs` double(20,2) NOT NULL DEFAULT 0.00,
  `id_smoker_tax` int(11) DEFAULT NULL,
  `amount_tax` double(20,2) DEFAULT 0.00,
  `discount` double(20,2) NOT NULL,
  `date_payment` date DEFAULT NULL,
  `create_date` datetime DEFAULT NULL
) ENGINE=InnoDB DEFAULT CHARSET=utf8 COLLATE=utf8_unicode_ci;

--
-- Volcado de datos para la tabla `insurance_payment`
--

INSERT INTO `insurance_payment` (`id_payment`, `id_buy`, `id_receipt`, `id_transaction`, `id_term`, `amount_term`, `id_coupon`, `type_coupon`, `amount_coupon`, `sub_total_payment`, `total_payment`, `total_payment_bs`, `id_smoker_tax`, `amount_tax`, `discount`, `date_payment`, `create_date`) VALUES
(35, NULL, NULL, 47, 92, 12.00, NULL, NULL, 0.00, 12.00, 3.60, 0.00, 2, 2.40, 0.00, '2022-11-18', '2022-11-18 09:17:18'),
(40, NULL, NULL, 53, 92, 12.00, NULL, NULL, NULL, 12.00, 12.00, 0.00, NULL, 0.00, 0.00, '2022-12-02', '2022-12-02 11:58:54'),
(41, NULL, NULL, 54, 92, 12.00, NULL, NULL, NULL, 12.00, 12.00, 105.84, NULL, 0.00, 0.00, '2022-12-02', '2022-12-02 12:01:11'),
(42, NULL, 25, 55, 92, 12.00, NULL, NULL, NULL, 12.00, 12.00, 105.84, NULL, 0.00, 0.00, '2022-12-02', '2022-12-02 12:05:23'),
(43, NULL, 26, 56, 92, 12.00, NULL, NULL, NULL, 12.00, 12.00, 105.84, NULL, 0.00, 0.00, '2022-12-02', '2022-12-02 12:09:27'),
(44, NULL, 27, 57, 92, 12.00, NULL, NULL, NULL, 6.00, 6.00, 26.46, NULL, 0.00, 0.00, '2022-12-02', '2022-12-02 12:43:07'),
(45, NULL, 29, 58, 92, 12.00, NULL, NULL, NULL, 12.00, 12.00, 105.84, NULL, 0.00, 0.00, '2022-12-02', '2022-12-02 12:47:54'),
(85, 80, NULL, 108, 236, 190.00, 13, 1, 35.00, 10.30, 10.30, 250.91, NULL, 0.00, 66.50, '2023-03-17', '2023-03-17 14:44:52'),
(86, 81, NULL, 109, 236, 190.00, 13, 1, 35.00, 10.30, 10.30, 249.47, NULL, 0.00, 66.50, '2023-03-21', '2023-03-21 15:11:55'),
(87, 82, NULL, 110, 236, 190.00, 13, 1, 35.00, 10.30, 10.30, 249.47, NULL, 0.00, 66.50, '2023-03-21', '2023-03-21 15:21:08'),
(88, 83, NULL, 111, 236, 190.00, 13, 1, 35.00, 10.30, 10.30, 249.47, NULL, 0.00, 66.50, '2023-03-24', '2023-03-24 13:35:22'),
(89, 84, NULL, 112, 238, 242.00, NULL, NULL, 0.00, 20.18, 20.18, 488.76, NULL, 0.00, 0.00, '2023-03-24', '2023-03-24 14:18:28'),
(90, 85, NULL, 113, 236, 190.00, 13, 1, 35.00, 10.30, 10.30, 249.47, NULL, 0.00, 66.50, '2023-03-24', '2023-03-24 15:03:45'),
(91, 86, NULL, 114, 236, 190.00, 13, 1, 35.00, 10.30, 10.30, 249.47, NULL, 0.00, 66.50, '2023-03-25', '2023-03-25 10:02:01'),
(92, 87, NULL, 115, 236, 190.00, 13, 1, 35.00, 10.30, 10.30, 249.47, NULL, 0.00, 66.50, '2023-03-25', '2023-03-25 22:12:56'),
(93, 88, NULL, 116, 236, 190.00, 13, 1, 35.00, 10.30, 10.30, 249.47, NULL, 0.00, 66.50, '2023-03-25', '2023-03-25 22:42:32'),
(94, 89, NULL, 117, 238, 242.00, NULL, NULL, 0.00, 20.18, 20.18, 494.01, NULL, 0.00, 0.00, '2023-03-30', '2023-03-30 15:52:12'),
(95, 90, NULL, 118, 232, 18.26, NULL, NULL, 0.00, 18.26, 18.26, 447.19, NULL, 0.00, 0.00, '2023-03-31', '2023-03-31 16:06:32'),
(96, 91, NULL, 119, 238, 242.00, NULL, NULL, 0.00, 20.18, 20.18, 494.21, NULL, 0.00, 0.00, '2023-03-31', '2023-03-31 16:27:16'),
(97, 92, NULL, 120, 145, 648.00, NULL, NULL, 0.00, 324.00, 324.00, 7944.48, NULL, 0.00, 0.00, '2023-04-04', '2023-04-04 17:11:23'),
(98, 93, NULL, 121, 232, 18.26, NULL, NULL, 0.00, 18.26, 18.26, 445.36, NULL, 0.00, 0.00, '2023-04-10', '2023-04-10 17:58:04'),
(99, 94, NULL, 122, 232, 18.26, NULL, NULL, 0.00, 18.26, 18.26, 447.00, NULL, 0.00, 0.00, '2023-04-13', '2023-04-13 12:44:34'),
(100, 95, NULL, 123, 232, 18.26, NULL, NULL, 0.00, 18.26, 18.26, 447.00, NULL, 0.00, 0.00, '2023-04-14', '2023-04-14 08:10:58'),
(101, 96, NULL, 124, 232, 18.26, NULL, NULL, 0.00, 18.26, 18.26, 449.93, NULL, 0.00, 0.00, '2023-04-25', '2023-04-25 10:49:34'),
(102, 97, NULL, 125, 248, 15.00, NULL, NULL, 0.00, 15.00, 15.00, 369.15, NULL, 0.00, 0.00, '2023-04-27', '2023-04-27 07:00:13'),
(103, 98, NULL, 126, 232, 18.26, NULL, NULL, 0.00, 18.26, 18.26, 449.74, NULL, 0.00, 0.00, '2023-04-27', '2023-04-27 12:05:57'),
(104, 99, NULL, 127, 238, 242.00, 13, 1, 35.00, 13.12, 13.12, 323.15, 1, 48.40, 84.70, '2023-04-28', '2023-04-28 12:22:51'),
(105, 100, NULL, 128, 145, 648.00, NULL, NULL, 0.00, 54.04, 54.04, 1329.92, NULL, 0.00, 0.00, '2023-05-03', '2023-05-03 14:51:03'),
(106, 101, NULL, 129, 232, 18.26, NULL, NULL, 0.00, 18.26, 18.26, 456.87, NULL, 0.00, 0.00, '2023-05-05', '2023-05-05 16:30:07'),
(107, 102, NULL, 130, 232, 18.26, NULL, NULL, 0.00, 18.26, 18.26, 462.71, NULL, 0.00, 0.00, '2023-05-12', '2023-05-12 13:06:48'),
(108, 103, NULL, 131, 232, 18.26, NULL, NULL, 0.00, 18.26, 18.26, 462.71, NULL, 0.00, 0.00, '2023-05-12', '2023-05-12 13:07:13'),
(109, 104, NULL, 132, 139, 432.00, NULL, NULL, 0.00, 36.03, 36.03, 906.88, NULL, 0.00, 0.00, '2023-05-21', '2023-05-21 20:26:39'),
(110, 105, NULL, 133, 139, 432.00, NULL, NULL, 0.00, 36.03, 36.03, 936.78, NULL, 0.00, 0.00, '2023-05-22', '2023-05-22 19:38:59'),
(111, 106, NULL, 134, 238, 242.00, NULL, NULL, 0.00, 20.18, 20.18, 524.68, NULL, 0.00, 0.00, '2023-05-24', '2023-05-24 10:34:51'),
(112, 107, NULL, 135, 236, 190.00, NULL, NULL, 0.00, 15.85, 15.85, 412.58, NULL, 0.00, 0.00, '2023-05-25', '2023-05-25 12:39:29'),
(113, 108, NULL, 136, 236, 190.00, NULL, NULL, 0.00, 15.85, 15.85, 412.58, NULL, 0.00, 0.00, '2023-05-25', '2023-05-25 12:46:41'),
(114, 109, NULL, 137, 236, 190.00, NULL, NULL, 0.00, 15.85, 15.85, 412.58, NULL, 0.00, 0.00, '2023-05-25', '2023-05-25 12:53:41'),
(115, 110, NULL, 138, 236, 190.00, NULL, NULL, 0.00, 15.85, 15.85, 412.58, NULL, 0.00, 0.00, '2023-05-25', '2023-05-25 13:02:17'),
(116, 111, NULL, 139, 145, 648.00, NULL, NULL, 0.00, 54.04, 54.04, 1405.04, NULL, 0.00, 0.00, '2023-05-26', '2023-05-26 11:36:48'),
(117, 112, NULL, 140, 252, 133.99, NULL, NULL, 0.00, 67.00, 67.00, 1650.21, NULL, 0.00, 0.00, '2023-05-29', '2023-05-29 13:11:08'),
(118, 113, NULL, 141, 231, 22.49, NULL, NULL, 0.00, 22.49, 22.49, 590.36, NULL, 0.00, 0.00, '2023-05-30', '2023-05-30 15:24:46'),
(119, 114, NULL, 142, 231, 22.49, NULL, NULL, 0.00, 22.49, 22.49, 590.36, NULL, 0.00, 0.00, '2023-05-30', '2023-05-30 15:27:37'),
(120, 115, NULL, 143, 201, 45.50, NULL, NULL, 0.00, 45.50, 45.50, 1194.38, NULL, 0.00, 0.00, '2023-05-31', '2023-05-31 10:50:48'),
(121, 116, NULL, 144, 233, 50.38, NULL, NULL, 0.00, 50.38, 50.38, 1333.05, NULL, 0.00, 0.00, '2023-06-06', '2023-06-06 14:26:36'),
(122, 117, NULL, 145, 142, 510.00, NULL, NULL, 0.00, 127.50, 127.50, 3191.33, NULL, 0.00, 0.00, '2023-06-06', '2023-06-06 14:35:20'),
(123, 118, NULL, 146, 243, 1119.00, NULL, NULL, 0.00, 93.32, 126.85, 3356.45, NULL, 0.00, 0.00, '2023-06-07', '2023-06-07 14:21:58'),
(124, 119, NULL, 147, 238, 242.00, NULL, NULL, 0.00, 20.18, 20.18, 538.81, NULL, 0.00, 0.00, '2023-06-08', '2023-06-08 15:06:46'),
(125, 120, NULL, 148, 231, 22.49, NULL, NULL, 0.00, 22.49, 22.49, 603.86, NULL, 0.00, 0.00, '2023-06-09', '2023-06-09 14:28:41'),
(126, 121, NULL, 149, 257, 20.00, NULL, NULL, 0.00, 20.00, 20.00, 540.20, NULL, 0.00, 0.00, '2023-06-14', '2023-06-14 12:53:03'),
(127, 122, NULL, 150, 231, 22.49, NULL, NULL, 0.00, 22.49, 22.49, 609.48, NULL, 0.00, 0.00, '2023-06-16', '2023-06-16 12:31:45'),
(128, 123, NULL, 151, 257, 20.00, NULL, NULL, 0.00, 20.00, 20.00, 542.00, NULL, 0.00, 0.00, '2023-06-21', '2023-06-21 06:15:50'),
(129, 124, NULL, 152, 257, 20.00, NULL, NULL, 0.00, 20.00, 20.00, 542.00, NULL, 0.00, 0.00, '2023-06-21', '2023-06-21 06:19:22'),
(130, 125, NULL, 153, 142, 510.00, NULL, NULL, 0.00, 255.00, 255.00, 6747.30, NULL, 0.00, 0.00, '2023-06-21', '2023-06-21 12:16:32'),
(131, 126, NULL, 154, 231, 22.49, NULL, NULL, 0.00, 22.49, 22.49, 612.85, NULL, 0.00, 0.00, '2023-06-21', '2023-06-21 14:34:15'),
(132, 127, NULL, 155, 257, 20.00, NULL, NULL, 0.00, 20.00, 20.00, 552.00, NULL, 0.00, 0.00, '2023-06-26', '2023-06-26 14:55:57'),
(133, 128, NULL, 156, 263, 242.00, 14, 1, 35.00, 13.12, 13.12, 362.24, NULL, 0.00, 84.70, '2023-06-27', '2023-06-27 12:31:02'),
(134, 129, NULL, 157, 239, 342.00, NULL, NULL, 0.00, 28.52, 28.52, 787.44, NULL, 0.00, 0.00, '2023-06-28', '2023-06-28 07:22:00'),
(135, 130, NULL, 158, 236, 190.00, NULL, NULL, 0.00, 15.85, 27.03, 752.24, NULL, 0.00, 0.00, '2023-06-29', '2023-06-29 13:03:22'),
(136, 131, NULL, 159, 145, 648.00, NULL, NULL, 0.00, 54.04, 54.04, 1505.01, NULL, 0.00, 0.00, '2023-07-02', '2023-07-02 18:52:08'),
(137, 132, NULL, 160, 263, 242.00, NULL, NULL, 0.00, 20.18, 31.36, 873.38, NULL, 0.00, 0.00, '2023-07-03', '2023-07-03 18:21:47'),
(138, 133, NULL, 161, 263, 242.00, NULL, NULL, 0.00, 20.18, 20.18, 562.01, NULL, 0.00, 0.00, '2023-07-03', '2023-07-03 18:38:55'),
(139, 134, NULL, 162, 257, 20.00, NULL, NULL, 0.00, 20.00, 20.00, 560.20, NULL, 0.00, 0.00, '2023-07-04', '2023-07-04 13:09:48'),
(140, 135, NULL, 163, 248, 15.00, NULL, NULL, 0.00, 15.00, 15.00, 414.00, NULL, 0.00, 0.00, '2023-07-08', '2023-07-08 09:43:37'),
(141, 136, NULL, 164, 236, 190.00, NULL, NULL, 0.00, 15.85, 15.85, 449.35, NULL, 0.00, 0.00, '2023-07-12', '2023-07-12 12:39:34'),
(142, 137, NULL, 165, 257, 20.00, NULL, NULL, 0.00, 20.00, 20.00, 567.00, NULL, 0.00, 0.00, '2023-07-12', '2023-07-12 16:32:49'),
(143, 138, NULL, 166, 243, 1119.00, NULL, NULL, 0.00, 93.32, 104.50, 2946.90, NULL, 0.00, 0.00, '2023-07-13', '2023-07-13 10:11:33'),
(144, 139, NULL, 167, 145, 648.00, NULL, NULL, 0.00, 162.00, 162.00, 4584.60, NULL, 0.00, 0.00, '2023-07-14', '2023-07-14 14:35:58'),
(145, 140, NULL, 168, 233, 50.38, NULL, NULL, 0.00, 50.38, 50.38, 1433.31, NULL, 0.00, 0.00, '2023-07-17', '2023-07-17 11:42:57'),
(146, 141, NULL, 169, 257, 20.00, NULL, NULL, 0.00, 20.00, 20.00, 573.20, NULL, 0.00, 0.00, '2023-07-18', '2023-07-18 11:27:27'),
(147, 142, NULL, 170, 252, 133.99, NULL, NULL, 0.00, 133.99, 133.99, 3840.15, NULL, 0.00, 0.00, '2023-07-18', '2023-07-18 12:17:49'),
(148, 143, NULL, 171, 252, 133.99, NULL, NULL, 0.00, 11.17, 11.17, 321.81, NULL, 0.00, 0.00, '2023-07-19', '2023-07-19 10:39:01'),
(149, 144, NULL, 172, 252, 133.99, NULL, NULL, 0.00, 133.99, 133.99, 3860.25, NULL, 0.00, 0.00, '2023-07-20', '2023-07-20 16:15:02'),
(150, 145, NULL, 173, 252, 133.99, NULL, NULL, 0.00, 133.99, 133.99, 3860.25, NULL, 0.00, 0.00, '2023-07-21', '2023-07-21 08:04:35'),
(151, 146, NULL, 174, 252, 133.99, NULL, NULL, 0.00, 133.99, 133.99, 3860.25, NULL, 0.00, 0.00, '2023-07-21', '2023-07-21 08:06:21'),
(152, 147, NULL, 175, 252, 133.99, NULL, NULL, 0.00, 133.99, 133.99, 3860.25, NULL, 0.00, 0.00, '2023-07-21', '2023-07-21 08:07:13'),
(153, 148, NULL, 176, 252, 133.99, NULL, NULL, 0.00, 133.99, 133.99, 3860.25, NULL, 0.00, 0.00, '2023-07-21', '2023-07-21 08:07:54'),
(154, 149, NULL, 177, 252, 133.99, NULL, NULL, 0.00, 133.99, 133.99, 3860.25, NULL, 0.00, 0.00, '2023-07-21', '2023-07-21 08:08:27'),
(155, 150, NULL, 178, 251, 112.72, NULL, NULL, 0.00, 112.72, 112.72, 3254.23, NULL, 0.00, 0.00, '2023-07-21', '2023-07-21 14:39:41'),
(156, 151, NULL, 179, 252, 133.99, NULL, NULL, 0.00, 11.17, 11.17, 324.82, NULL, 0.00, 0.00, '2023-07-25', '2023-07-25 09:07:32'),
(157, 152, NULL, 180, 145, 648.00, NULL, NULL, 0.00, 54.04, 54.04, 1571.48, NULL, 0.00, 0.00, '2023-07-26', '2023-07-26 07:40:01'),
(158, 153, NULL, 181, 252, 133.99, NULL, NULL, 0.00, 11.17, 11.17, 325.05, NULL, 0.00, 0.00, '2023-07-26', '2023-07-26 09:20:00'),
(159, 154, NULL, 182, 252, 133.99, NULL, NULL, 0.00, 67.00, 67.00, 1949.70, NULL, 0.00, 0.00, '2023-07-26', '2023-07-26 09:47:41'),
(160, 155, NULL, 183, 252, 133.99, NULL, NULL, 0.00, 11.17, 11.17, 321.81, NULL, 0.00, 0.00, '2023-07-26', '2023-07-26 09:52:01'),
(161, 156, NULL, 184, 252, 133.99, NULL, NULL, 0.00, 33.50, 33.50, 971.17, NULL, 0.00, 0.00, '2023-07-26', '2023-07-26 10:30:07'),
(162, 157, NULL, 185, 263, 242.00, 14, 1, 35.00, 13.12, 13.12, 384.55, NULL, 0.00, 84.70, '2023-07-27', '2023-07-27 20:37:24'),
(163, 158, NULL, 186, 257, 20.00, NULL, NULL, 0.00, 20.00, 20.00, 582.00, NULL, 0.00, 0.00, '2023-07-28', '2023-07-28 07:23:44'),
(164, 159, NULL, 187, 233, 50.38, NULL, NULL, 0.00, 50.38, 50.38, 1465.05, NULL, 0.00, 0.00, '2023-07-28', '2023-07-28 10:54:10'),
(165, 160, NULL, 188, 142, 510.00, NULL, NULL, 0.00, 42.53, 42.53, 1237.62, NULL, 0.00, 0.00, '2023-07-28', '2023-07-28 16:37:38'),
(166, 161, NULL, 189, 263, 242.00, NULL, NULL, 0.00, 20.18, 20.18, 595.31, NULL, 0.00, 0.00, '2023-08-01', '2023-08-01 11:58:23'),
(167, 162, NULL, 190, 236, 190.00, NULL, NULL, 0.00, 15.85, 15.85, 471.54, NULL, 0.00, 0.00, '2023-08-03', '2023-08-03 19:21:03'),
(168, 130, NULL, 191, 236, 190.00, NULL, NULL, 0.00, 15.85, 27.03, 752.24, NULL, 0.00, 0.00, '2023-08-04', '2023-08-04 13:03:59'),
(169, 163, NULL, 192, 236, 190.00, 15, 1, 35.00, 10.30, 21.48, 646.55, NULL, 0.00, 66.50, '2023-08-04', '2023-08-04 15:50:36'),
(170, 131, NULL, 193, 145, 648.00, NULL, NULL, 0.00, 54.04, 54.04, 1505.01, NULL, 0.00, 0.00, '2023-08-08', '2023-08-08 23:44:39'),
(171, 164, NULL, 194, 144, 423.00, NULL, NULL, 0.00, 105.75, 105.75, 3276.14, NULL, 0.00, 0.00, '2023-08-09', '2023-08-09 09:58:38'),
(172, 165, NULL, 195, 252, 133.99, NULL, NULL, 0.00, 133.99, 133.99, 4151.01, NULL, 0.00, 0.00, '2023-08-11', '2023-08-11 09:50:48'),
(173, 166, NULL, 196, 252, 133.99, NULL, NULL, 0.00, 133.99, 133.99, 4151.01, NULL, 0.00, 0.00, '2023-08-11', '2023-08-11 09:53:43'),
(174, 167, NULL, 197, 252, 133.99, NULL, NULL, 0.00, 133.99, 133.99, 4151.01, NULL, 0.00, 0.00, '2023-08-11', '2023-08-11 09:56:03'),
(175, 138, NULL, 198, 243, 1119.00, NULL, NULL, 0.00, 93.32, 104.50, 2946.90, NULL, 0.00, 0.00, '2023-08-11', '2023-08-11 10:31:14'),
(176, 168, NULL, 199, 257, 20.00, NULL, NULL, 0.00, 20.00, 20.00, 630.40, NULL, 0.00, 0.00, '2023-08-15', '2023-08-15 16:28:05');

-- --------------------------------------------------------

--
-- Estructura de tabla para la tabla `insurance_payment_temp`
--

CREATE TABLE `insurance_payment_temp` (
  `id_payment_temp` int(11) NOT NULL,
  `id_buy_temp` int(11) DEFAULT NULL,
  `id_term` int(11) NOT NULL,
  `amount_term` double(20,2) NOT NULL,
  `id_coupon` int(11) DEFAULT NULL,
  `type_coupon` int(11) DEFAULT NULL,
  `amount_coupon` double(20,2) DEFAULT NULL,
  `sub_total_payment` double(20,2) NOT NULL,
  `total_payment` double(20,2) NOT NULL,
  `total_payment_bs` double(20,2) NOT NULL DEFAULT 0.00,
  `id_smoker_tax` int(11) DEFAULT NULL,
  `amount_tax` double(20,2) DEFAULT NULL,
  `discount` double(20,2) NOT NULL
) ENGINE=InnoDB DEFAULT CHARSET=utf8 COLLATE=utf8_unicode_ci;

--
-- Volcado de datos para la tabla `insurance_payment_temp`
--

INSERT INTO `insurance_payment_temp` (`id_payment_temp`, `id_buy_temp`, `id_term`, `amount_term`, `id_coupon`, `type_coupon`, `amount_coupon`, `sub_total_payment`, `total_payment`, `total_payment_bs`, `id_smoker_tax`, `amount_tax`, `discount`) VALUES
(1, NULL, 9, 2.00, NULL, NULL, 0.00, 2.00, 2.00, 0.00, NULL, 0.00, 0.00),
(2, NULL, 9, 2.00, NULL, NULL, 0.00, 2.00, 2.00, 0.00, NULL, 0.00, 0.00),
(3, NULL, 9, 2.00, NULL, NULL, 0.00, 2.00, 2.00, 0.00, NULL, 0.00, 0.00),
(4, NULL, 9, 2.00, NULL, NULL, 0.00, 2.00, 2.00, 0.00, NULL, 0.00, 0.00),
(5, NULL, 9, 2.00, NULL, NULL, 0.00, 2.00, 2.00, 0.00, NULL, 0.00, 0.00),
(6, NULL, 9, 2.00, NULL, NULL, 0.00, 2.00, 2.00, 0.00, NULL, 0.00, 0.00),
(7, NULL, 9, 2.00, NULL, NULL, 0.00, 2.00, 2.00, 0.00, NULL, 0.00, 0.00),
(8, 1, 9, 2.00, NULL, NULL, 0.00, 2.00, 2.00, 0.00, NULL, 0.00, 0.00),
(9, 2, 109, 45.75, NULL, NULL, 0.00, 45.75, 45.75, 0.00, NULL, 0.00, 0.00),
(10, 3, 3, 64.00, NULL, NULL, 0.00, 64.00, 76.80, 0.00, 2, 12.80, 0.00),
(11, 4, 88, 174.61, NULL, NULL, 0.00, 174.61, 174.61, 0.00, NULL, 0.00, 0.00),
(12, 5, 87, 154.98, NULL, NULL, 0.00, 154.98, 154.98, 0.00, NULL, 0.00, 0.00),
(13, 6, 87, 154.98, NULL, NULL, 0.00, 154.98, 154.98, 0.00, NULL, 0.00, 0.00),
(14, 7, 9, 2.00, NULL, NULL, 0.00, 2.00, 2.00, 10.90, NULL, 0.00, 0.00),
(15, 8, 87, 154.98, NULL, NULL, 0.00, 154.98, 154.98, 844.64, NULL, 0.00, 0.00),
(16, 9, 119, 125.00, NULL, NULL, 0.00, 125.00, 125.00, 681.25, NULL, 0.00, 0.00),
(17, 10, 87, 154.98, NULL, NULL, 0.00, 154.98, 154.98, 844.64, NULL, 0.00, 0.00),
(18, 11, 119, 125.00, NULL, NULL, 0.00, 125.00, 125.00, 681.25, NULL, 0.00, 0.00),
(19, 12, 9, 2.00, NULL, NULL, 0.00, 2.00, 2.00, 10.90, NULL, 0.00, 0.00),
(20, 13, 93, 14.64, NULL, NULL, 0.00, 14.64, 14.64, 79.79, NULL, 0.00, 0.00),
(21, 14, 48, 178.00, NULL, NULL, 0.00, 178.00, 178.00, 970.10, NULL, 0.00, 0.00),
(22, 15, 120, 181.74, NULL, NULL, 0.00, 181.74, 181.74, 990.48, NULL, 0.00, 0.00),
(23, 16, 9, 2.00, NULL, NULL, 0.00, 2.00, 2.00, 10.90, NULL, 0.00, 0.00),
(24, 17, 9, 2.00, NULL, NULL, 0.00, 2.00, 2.00, 10.90, NULL, 0.00, 0.00),
(25, 18, 49, 399.00, NULL, NULL, 0.00, 399.00, 399.00, 2174.55, NULL, 0.00, 0.00),
(26, 19, 49, 399.00, 6, 1, 30.00, 399.00, 279.30, 2174.55, NULL, 0.00, 119.70),
(27, 20, 2, 55.00, NULL, NULL, 0.00, 55.00, 55.00, 299.75, NULL, 0.00, 0.00),
(28, 21, 125, 59.00, NULL, NULL, 0.00, 59.00, 59.00, 321.55, NULL, 0.00, 0.00),
(29, 22, 125, 59.00, NULL, NULL, 0.00, 59.00, 59.00, 321.55, NULL, 0.00, 0.00),
(30, 23, 125, 59.00, NULL, NULL, 0.00, 59.00, 59.00, 321.55, NULL, 0.00, 0.00),
(31, 24, 125, 59.00, NULL, NULL, 0.00, 59.00, 59.00, 321.55, NULL, 0.00, 0.00),
(32, 25, 4, 125.00, NULL, NULL, 0.00, 125.00, 125.00, 681.25, NULL, 0.00, 0.00),
(33, 26, 127, 96.00, NULL, NULL, 0.00, 96.00, 96.00, 523.20, NULL, 0.00, 0.00),
(34, 27, 127, 96.00, NULL, NULL, 0.00, 96.00, 96.00, 523.20, NULL, 0.00, 0.00),
(35, 28, 127, 96.00, NULL, NULL, 0.00, 96.00, 96.00, 523.20, NULL, 0.00, 0.00),
(36, 29, 125, 59.00, NULL, NULL, 0.00, 59.00, 59.00, 321.55, NULL, 0.00, 0.00),
(37, 30, 127, 96.00, NULL, NULL, 0.00, 96.00, 96.00, 523.20, NULL, 0.00, 0.00),
(38, 31, 127, 96.00, NULL, NULL, 0.00, 96.00, 96.00, 523.20, NULL, 0.00, 0.00),
(39, 32, 125, 59.00, NULL, NULL, 0.00, 59.00, 59.00, 321.55, NULL, 0.00, 0.00),
(40, 33, 127, 96.00, NULL, NULL, 0.00, 96.00, 96.00, 639.36, NULL, 0.00, 0.00),
(41, 34, 90, 317.23, NULL, NULL, 0.00, 317.23, 317.23, 2112.75, NULL, 0.00, 0.00),
(42, 35, 9, 2.00, NULL, NULL, 0.00, 2.00, 2.00, 13.32, NULL, 0.00, 0.00),
(43, 36, 127, 96.00, NULL, NULL, 0.00, 96.00, 96.00, 639.36, NULL, 0.00, 0.00),
(44, 37, 2, 55.00, 6, 1, 30.00, 55.00, 38.50, 256.41, NULL, 0.00, 16.50),
(45, 38, 127, 96.00, NULL, NULL, 0.00, 96.00, 96.00, 639.36, NULL, 0.00, 0.00),
(46, 39, 125, 59.00, NULL, NULL, 0.00, 59.00, 59.00, 392.94, NULL, 0.00, 0.00),
(47, 40, 48, 178.00, 6, 1, 30.00, 178.00, 124.60, 829.84, NULL, 0.00, 53.40),
(48, 41, 51, 139.00, NULL, NULL, 0.00, 139.00, 139.00, 932.69, NULL, 0.00, 0.00),
(49, 42, 4, 125.00, 6, 1, 30.00, 125.00, 87.50, 588.88, NULL, 0.00, 37.50),
(50, 43, 48, 178.00, NULL, NULL, 0.00, 178.00, 178.00, 1197.94, NULL, 0.00, 0.00),
(51, 44, 48, 178.00, 6, 1, 30.00, 178.00, 124.60, 838.56, NULL, 0.00, 53.40),
(52, 45, 88, 174.61, NULL, NULL, 0.00, 174.61, 174.61, 1175.13, NULL, 0.00, 0.00),
(53, 46, 87, 154.98, 5, 1, 25.00, 154.98, 116.24, 782.26, NULL, 0.00, 38.75),
(54, 47, 129, 29.00, NULL, NULL, 0.00, 29.00, 29.00, 195.17, NULL, 0.00, 0.00),
(55, 48, 129, 29.00, NULL, NULL, 0.00, 29.00, 29.00, 195.17, NULL, 0.00, 0.00),
(56, 49, 129, 29.00, NULL, NULL, 0.00, 29.00, 29.00, 195.17, NULL, 0.00, 0.00),
(57, 50, 129, 29.00, NULL, NULL, 0.00, 29.00, 29.00, 195.17, NULL, 0.00, 0.00),
(58, 51, 129, 29.00, NULL, NULL, 0.00, 29.00, 29.00, 195.46, NULL, 0.00, 0.00),
(59, 52, 87, 154.98, NULL, NULL, 0.00, 154.98, 154.98, 1044.57, NULL, 0.00, 0.00),
(60, 53, 87, 154.98, NULL, NULL, 0.00, 154.98, 154.98, 1058.51, NULL, 0.00, 0.00),
(61, NULL, 9, 2.00, NULL, NULL, 0.00, 2.00, 2.00, 13.76, NULL, 0.00, 0.00),
(62, NULL, 9, 2.00, NULL, NULL, 0.00, 2.00, 2.00, 13.76, NULL, 0.00, 0.00),
(63, NULL, 9, 2.00, NULL, NULL, 0.00, 2.00, 2.00, 13.76, NULL, 0.00, 0.00),
(64, NULL, 9, 2.00, NULL, NULL, 0.00, 2.00, 2.00, 13.76, NULL, 0.00, 0.00),
(65, NULL, 9, 2.00, NULL, NULL, 0.00, 2.00, 2.00, 13.76, NULL, 0.00, 0.00),
(66, NULL, 9, 2.00, NULL, NULL, 0.00, 2.00, 2.00, 13.76, NULL, 0.00, 0.00),
(67, NULL, 4, 125.00, NULL, NULL, 0.00, 125.00, 125.00, 860.00, NULL, 0.00, 0.00),
(68, NULL, 9, 2.00, NULL, NULL, 0.00, 2.00, 2.00, 13.76, NULL, 0.00, 0.00),
(69, 54, 9, 2.00, NULL, NULL, 0.00, 2.00, 2.00, 13.84, NULL, 0.00, 0.00),
(70, 55, 9, 2.00, NULL, NULL, 0.00, 2.00, 2.00, 13.84, NULL, 0.00, 0.00),
(71, 56, 9, 2.00, NULL, NULL, 0.00, 2.00, 2.00, 13.84, NULL, 0.00, 0.00),
(72, 57, 9, 2.00, NULL, NULL, 0.00, 2.00, 2.00, 13.84, NULL, 0.00, 0.00),
(73, 58, 9, 2.00, NULL, NULL, 0.00, 2.00, 2.00, 13.84, NULL, 0.00, 0.00),
(74, 59, 97, 15.00, NULL, NULL, 0.00, 15.00, 15.00, 103.80, NULL, 0.00, 0.00),
(75, 60, 9, 2.00, NULL, NULL, 0.00, 2.00, 2.00, 13.84, NULL, 0.00, 0.00),
(76, 61, 102, 18.00, NULL, NULL, 0.00, 18.00, 18.00, 124.56, NULL, 0.00, 0.00),
(77, 62, 9, 2.00, NULL, NULL, 0.00, 2.00, 2.00, 13.84, NULL, 0.00, 0.00),
(78, 63, 88, 174.61, 5, 1, 25.00, 174.61, 130.96, 906.23, NULL, 0.00, 43.65),
(79, 64, 129, 29.00, NULL, NULL, 0.00, 29.00, 29.00, 201.55, NULL, 0.00, 0.00),
(80, 65, 88, 174.61, 5, 1, 25.00, 174.61, 130.96, 910.15, NULL, 0.00, 43.65),
(81, 66, 48, 178.00, 6, 1, 30.00, 178.00, 124.60, 865.97, NULL, 0.00, 53.40),
(82, 67, 129, 29.00, NULL, NULL, 0.00, 29.00, 29.00, 201.55, NULL, 0.00, 0.00),
(83, 68, 129, 29.00, NULL, NULL, 0.00, 29.00, 29.00, 187.92, NULL, 0.00, 0.00),
(84, 69, 87, 154.98, NULL, NULL, 0.00, 154.98, 154.98, 1027.52, NULL, 0.00, 0.00),
(85, 70, 91, 393.20, NULL, NULL, 0.00, 393.20, 393.20, 2606.92, NULL, 0.00, 0.00),
(86, 71, 4, 125.00, NULL, NULL, 0.00, 125.00, 125.00, 1168.75, NULL, 0.00, 0.00),
(87, 72, 61, 798.00, NULL, NULL, 0.00, 798.00, 798.00, 6918.66, NULL, 0.00, 0.00),
(88, 73, 2, 55.00, NULL, NULL, 0.00, 55.00, 55.00, 478.50, NULL, 0.00, 0.00),
(89, 74, 87, 154.98, NULL, NULL, 0.00, 154.98, 185.98, 1617.99, 1, 31.00, 0.00),
(90, 75, 134, 24.00, NULL, NULL, 0.00, 24.00, 24.00, 211.68, NULL, 0.00, 0.00),
(91, 76, 134, 24.00, NULL, NULL, 0.00, 24.00, 24.00, 211.68, NULL, 0.00, 0.00),
(92, 77, 89, 275.91, NULL, NULL, 0.00, 275.91, 575.91, 5079.53, NULL, 0.00, 0.00),
(93, 78, 89, 275.91, NULL, NULL, 0.00, 137.96, 737.96, 6508.81, NULL, 0.00, 0.00),
(94, 79, 135, 75.00, NULL, NULL, 0.00, 18.75, 18.75, 165.38, NULL, 0.00, 0.00),
(95, 80, 134, 24.00, NULL, NULL, 0.00, 24.00, 24.00, 211.68, NULL, 0.00, 0.00),
(96, 81, 145, 648.00, NULL, NULL, 0.00, 54.04, 54.04, 476.63, NULL, 0.00, 0.00),
(97, 82, 148, 745.00, NULL, NULL, 0.00, 62.13, 62.13, 547.99, NULL, 0.00, 0.00),
(98, 83, 154, 1983.00, NULL, NULL, 0.00, 165.38, 198.91, 1754.39, NULL, 0.00, 0.00),
(99, 84, 164, 2143.00, NULL, NULL, 0.00, 178.73, 212.26, 1872.13, NULL, 0.00, 0.00),
(100, 85, 134, 24.00, NULL, NULL, 0.00, 24.00, 24.00, 211.68, NULL, 0.00, 0.00),
(101, 86, 134, 24.00, NULL, NULL, 0.00, 24.00, 24.00, 211.68, NULL, 0.00, 0.00),
(102, 87, 167, 799.00, NULL, NULL, 0.00, 799.00, 799.00, 7047.18, NULL, 0.00, 0.00),
(103, 88, 148, 745.00, NULL, NULL, 0.00, 186.25, 186.25, 1642.73, NULL, 0.00, 0.00),
(104, 89, 143, 2023.00, NULL, NULL, 0.00, 2023.00, 2023.00, 17842.86, NULL, 0.00, 0.00),
(105, 90, 227, 1189.80, NULL, NULL, 0.00, 1189.80, 1189.80, 10494.04, NULL, 0.00, 0.00),
(106, 91, 148, 745.00, NULL, NULL, 0.00, 372.50, 372.50, 3285.45, NULL, 0.00, 0.00),
(107, 92, 148, 745.00, NULL, NULL, 0.00, 372.50, 372.50, 3285.45, NULL, 0.00, 0.00),
(108, 93, 140, 962.00, NULL, NULL, 0.00, 240.50, 240.50, 5858.58, NULL, 0.00, 0.00),
(109, 94, 144, 423.00, NULL, NULL, 0.00, 423.00, 423.00, 10304.28, NULL, 0.00, 0.00),
(110, 95, 139, 432.00, NULL, NULL, 0.00, 216.00, 216.00, 5261.76, NULL, 0.00, 0.00),
(111, 96, 235, 75.42, NULL, NULL, 0.00, 6.29, 6.29, 153.22, NULL, 0.00, 0.00),
(112, 97, 235, 75.42, NULL, NULL, 0.00, 75.42, 75.42, 1837.23, NULL, 0.00, 0.00),
(113, 98, 140, 962.00, NULL, NULL, 0.00, 240.50, 240.50, 5858.58, NULL, 0.00, 0.00),
(114, 99, 163, 1981.00, NULL, NULL, 0.00, 495.25, 629.25, 15328.53, NULL, 0.00, 0.00),
(115, 100, 236, 190.00, 13, 1, 35.00, 10.30, 21.48, 523.25, NULL, 0.00, 66.50),
(116, 101, 139, 432.00, NULL, NULL, 0.00, 36.03, 36.03, 877.69, NULL, 0.00, 0.00),
(117, 102, 142, 510.00, NULL, NULL, 0.00, 42.53, 42.53, 1036.03, NULL, 0.00, 0.00),
(118, 103, 145, 648.00, NULL, NULL, 0.00, 54.04, 54.04, 1316.41, NULL, 0.00, 0.00),
(119, 104, 145, 648.00, NULL, NULL, 0.00, 162.00, 162.00, 3946.32, NULL, 0.00, 0.00),
(120, 105, 145, 648.00, NULL, NULL, 0.00, 324.00, 324.00, 7892.64, NULL, 0.00, 0.00),
(121, 106, 208, 656.12, NULL, NULL, 0.00, 656.12, 656.12, 15983.08, NULL, 0.00, 0.00),
(122, 107, 142, 510.00, NULL, NULL, 0.00, 42.53, 42.53, 1036.03, NULL, 0.00, 0.00),
(123, 108, 145, 648.00, NULL, NULL, 0.00, 54.04, 54.04, 1316.41, NULL, 0.00, 0.00),
(124, 109, 145, 648.00, NULL, NULL, 0.00, 54.04, 54.04, 1316.41, NULL, 0.00, 0.00),
(125, 110, 231, 22.49, NULL, NULL, 0.00, 22.49, 22.49, 547.86, NULL, 0.00, 0.00),
(126, 111, 161, 1312.00, NULL, NULL, 0.00, 1312.00, 1312.00, 31960.32, NULL, 0.00, 0.00),
(127, 112, 197, 59.49, NULL, NULL, 0.00, 59.49, 59.49, 1449.18, NULL, 0.00, 0.00),
(128, 113, 237, 222.00, 13, 1, 35.00, 12.03, 23.21, 565.40, NULL, 0.00, 77.70),
(129, 114, 236, 190.00, 13, 1, 35.00, 10.30, 10.30, 250.91, NULL, 0.00, 66.50),
(130, 115, 236, 190.00, 13, 1, 35.00, 10.30, 10.30, 250.91, NULL, 0.00, 66.50),
(131, 116, 237, 222.00, 13, 1, 35.00, 12.03, 34.38, 837.50, NULL, 0.00, 77.70),
(132, 117, 237, 222.00, 13, 1, 35.00, 12.03, 34.38, 837.50, NULL, 0.00, 77.70),
(133, 118, 236, 190.00, 13, 1, 35.00, 10.30, 10.30, 250.91, NULL, 0.00, 66.50),
(134, 119, 145, 648.00, NULL, NULL, 0.00, 162.00, 162.00, 3946.32, NULL, 0.00, 0.00),
(135, 120, 236, 190.00, 13, 1, 35.00, 10.30, 10.30, 249.47, NULL, 0.00, 66.50),
(136, 121, 236, 190.00, 13, 1, 35.00, 10.30, 10.30, 249.47, NULL, 0.00, 66.50),
(137, 122, 139, 432.00, NULL, NULL, 0.00, 36.03, 36.03, 872.65, NULL, 0.00, 0.00),
(138, 123, 242, 854.00, NULL, NULL, 0.00, 854.00, 1256.00, 30420.32, NULL, 0.00, 0.00),
(139, 124, 232, 18.26, NULL, NULL, 0.00, 18.26, 18.26, 442.26, NULL, 0.00, 0.00),
(140, 125, 236, 190.00, 13, 1, 35.00, 10.30, 10.30, 249.47, NULL, 0.00, 66.50),
(141, 126, 236, 190.00, 13, 1, 35.00, 10.30, 10.30, 249.47, NULL, 0.00, 66.50),
(142, 127, 238, 242.00, NULL, NULL, 0.00, 20.18, 20.18, 488.76, NULL, 0.00, 0.00),
(143, 128, 238, 242.00, 13, 1, 35.00, 13.12, 1130.68, 27385.07, NULL, 0.00, 84.70),
(144, 129, 236, 190.00, 13, 1, 35.00, 10.30, 10.30, 249.47, NULL, 0.00, 66.50),
(145, 130, 236, 190.00, 13, 1, 35.00, 10.30, 10.30, 249.47, NULL, 0.00, 66.50),
(146, 131, 236, 190.00, 13, 1, 35.00, 10.30, 10.30, 249.47, NULL, 0.00, 66.50),
(147, 132, 236, 190.00, 13, 1, 35.00, 10.30, 10.30, 249.47, NULL, 0.00, 66.50),
(148, 133, 236, 190.00, 13, 1, 35.00, 10.30, 10.30, 249.47, NULL, 0.00, 66.50),
(149, 134, 245, 1685.00, NULL, NULL, 0.00, 421.25, 421.25, 10202.68, NULL, 0.00, 0.00),
(150, 135, 233, 50.38, NULL, NULL, 0.00, 50.38, 50.38, 1220.20, NULL, 0.00, 0.00),
(151, 136, 146, 2455.00, NULL, NULL, 0.00, 613.75, 613.75, 14865.03, NULL, 0.00, 0.00),
(152, 137, 238, 242.00, NULL, NULL, 0.00, 20.18, 20.18, 488.76, NULL, 0.00, 0.00),
(153, 138, 232, 18.26, NULL, NULL, 0.00, 18.26, 18.26, 442.26, NULL, 0.00, 0.00),
(154, 139, 135, 75.00, NULL, NULL, 0.00, 75.00, 75.00, 1829.25, NULL, 0.00, 0.00),
(155, 140, 135, 75.00, NULL, NULL, 0.00, 75.00, 75.00, 1829.25, NULL, 0.00, 0.00),
(156, 141, 146, 2455.00, NULL, NULL, 0.00, 1227.50, 1227.50, 29938.73, NULL, 0.00, 0.00),
(157, 142, 238, 242.00, NULL, NULL, 0.00, 20.18, 20.18, 494.01, NULL, 0.00, 0.00),
(158, 143, 145, 648.00, NULL, NULL, 0.00, 54.04, 54.04, 1322.90, NULL, 0.00, 0.00),
(159, 144, 240, 384.00, NULL, NULL, 0.00, 96.00, 96.00, 2350.08, NULL, 0.00, 0.00),
(160, 145, 145, 648.00, NULL, NULL, 0.00, 54.04, 54.04, 1322.90, NULL, 0.00, 0.00),
(161, 146, 231, 22.49, NULL, NULL, 0.00, 22.49, 22.49, 550.56, NULL, 0.00, 0.00),
(162, 147, 232, 18.26, NULL, NULL, 0.00, 18.26, 18.26, 447.00, NULL, 0.00, 0.00),
(163, 148, 232, 18.26, NULL, NULL, 0.00, 18.26, 18.26, 447.19, NULL, 0.00, 0.00),
(164, 149, 238, 242.00, NULL, NULL, 0.00, 20.18, 20.18, 494.21, NULL, 0.00, 0.00),
(165, 150, 145, 648.00, NULL, NULL, 0.00, 162.00, 162.00, 3972.24, NULL, 0.00, 0.00),
(166, 151, 145, 648.00, NULL, NULL, 0.00, 324.00, 324.00, 7944.48, NULL, 0.00, 0.00),
(167, 152, 232, 18.26, NULL, NULL, 0.00, 18.26, 18.26, 445.36, NULL, 0.00, 0.00),
(168, 153, 142, 510.00, NULL, NULL, 0.00, 510.00, 510.00, 12438.90, NULL, 0.00, 0.00),
(169, 154, 146, 2455.00, NULL, NULL, 0.00, 613.75, 613.75, 14969.36, NULL, 0.00, 0.00),
(170, 155, 145, 648.00, NULL, NULL, 0.00, 162.00, 162.00, 3951.18, NULL, 0.00, 0.00),
(171, 156, 232, 18.26, NULL, NULL, 0.00, 18.26, 18.26, 445.36, NULL, 0.00, 0.00),
(172, 157, 232, 18.26, NULL, NULL, 0.00, 18.26, 18.26, 445.36, NULL, 0.00, 0.00),
(173, 158, 232, 18.26, NULL, NULL, 0.00, 18.26, 18.26, 447.00, NULL, 0.00, 0.00),
(174, 159, 232, 18.26, NULL, NULL, 0.00, 18.26, 18.26, 447.00, NULL, 0.00, 0.00),
(175, 160, 232, 18.26, NULL, NULL, 0.00, 18.26, 18.26, 447.00, NULL, 0.00, 0.00),
(176, 161, 139, 432.00, NULL, NULL, 0.00, 432.00, 432.00, 10575.36, NULL, 0.00, 0.00),
(177, 162, 232, 18.26, NULL, NULL, 0.00, 18.26, 18.26, 447.00, NULL, 0.00, 0.00),
(178, 163, 210, 163.91, NULL, NULL, 0.00, 13.67, 13.67, 335.74, NULL, 0.00, 0.00),
(179, 164, 251, 112.72, NULL, NULL, 0.00, 112.72, 112.72, 2768.40, NULL, 0.00, 0.00),
(180, 165, 145, 648.00, NULL, NULL, 0.00, 54.04, 54.04, 1327.22, NULL, 0.00, 0.00),
(181, 166, 145, 648.00, NULL, NULL, 0.00, 54.04, 54.04, 1327.22, NULL, 0.00, 0.00),
(182, 167, 244, 1523.00, NULL, NULL, 0.00, 1523.00, 1791.00, 43986.96, NULL, 0.00, 0.00),
(183, 168, 232, 18.26, NULL, NULL, 0.00, 18.26, 18.26, 449.93, NULL, 0.00, 0.00),
(184, 169, 245, 1685.00, NULL, NULL, 0.00, 1685.00, 1953.00, 48063.33, NULL, 0.00, 0.00),
(185, 170, 145, 648.00, NULL, NULL, 0.00, 54.04, 54.04, 1329.92, NULL, 0.00, 0.00),
(186, 171, 145, 648.00, NULL, NULL, 0.00, 54.04, 54.04, 1329.92, NULL, 0.00, 0.00),
(187, 172, 135, 75.00, NULL, NULL, 0.00, 75.00, 75.00, 1845.75, NULL, 0.00, 0.00),
(188, 173, 139, 432.00, NULL, NULL, 0.00, 432.00, 432.00, 10631.52, NULL, 0.00, 0.00),
(189, 174, 232, 18.26, NULL, NULL, 0.00, 18.26, 18.26, 449.38, NULL, 0.00, 0.00),
(190, 175, 232, 18.26, NULL, NULL, 0.00, 18.26, 18.26, 449.38, NULL, 0.00, 0.00),
(191, 176, 232, 18.26, NULL, NULL, 0.00, 18.26, 18.26, 449.38, NULL, 0.00, 0.00),
(192, 177, 248, 15.00, NULL, NULL, 0.00, 15.00, 15.00, 369.15, NULL, 0.00, 0.00),
(193, 178, 236, 190.00, NULL, NULL, 0.00, 15.85, 27.03, 665.21, NULL, 0.00, 0.00),
(194, 179, 231, 22.49, NULL, NULL, 0.00, 22.49, 22.49, 553.93, NULL, 0.00, 0.00),
(195, 180, 145, 648.00, NULL, NULL, 0.00, 324.00, 324.00, 7980.12, NULL, 0.00, 0.00),
(196, 181, 252, 133.99, NULL, NULL, 0.00, 133.99, 133.99, 3300.17, NULL, 0.00, 0.00),
(197, 182, 252, 133.99, NULL, NULL, 0.00, 67.00, 67.00, 1650.21, NULL, 0.00, 0.00),
(198, 183, 232, 18.26, NULL, NULL, 0.00, 18.26, 18.26, 449.74, NULL, 0.00, 0.00),
(199, 184, 238, 242.00, 13, 1, 35.00, 13.12, 13.12, 323.15, 1, 48.40, 84.70),
(200, 185, 232, 18.26, NULL, NULL, 0.00, 18.26, 18.26, 449.74, NULL, 0.00, 0.00),
(201, 186, 232, 18.26, NULL, NULL, 0.00, 18.26, 18.26, 449.74, NULL, 0.00, 0.00),
(202, 187, 142, 510.00, NULL, NULL, 0.00, 510.00, 510.00, 12622.50, NULL, 0.00, 0.00),
(203, 188, 241, 460.00, NULL, NULL, 0.00, 38.36, 83.06, 2065.70, NULL, 0.00, 0.00),
(204, 189, 142, 510.00, NULL, NULL, 0.00, 510.00, 510.00, 12683.70, NULL, 0.00, 0.00),
(205, 190, 142, 510.00, NULL, NULL, 0.00, 510.00, 510.00, 12683.70, NULL, 0.00, 0.00),
(206, 191, 142, 510.00, NULL, NULL, 0.00, 510.00, 510.00, 12683.70, NULL, 0.00, 0.00),
(207, 192, 232, 18.26, NULL, NULL, 0.00, 18.26, 18.26, 456.87, NULL, 0.00, 0.00),
(208, 193, 243, 1119.00, NULL, NULL, 0.00, 93.32, 93.32, 2334.87, NULL, 0.00, 0.00),
(209, 194, 251, 112.72, NULL, NULL, 0.00, 112.72, 112.72, 2821.38, NULL, 0.00, 0.00),
(210, 195, 142, 510.00, NULL, NULL, 0.00, 127.50, 127.50, 3191.33, NULL, 0.00, 0.00),
(211, 196, 142, 510.00, NULL, NULL, 0.00, 127.50, 127.50, 3191.33, NULL, 0.00, 0.00),
(212, 197, 139, 432.00, NULL, NULL, 0.00, 36.03, 36.03, 906.88, NULL, 0.00, 0.00),
(213, 198, 139, 432.00, NULL, NULL, 0.00, 36.03, 36.03, 906.88, NULL, 0.00, 0.00),
(214, 199, 232, 18.26, NULL, NULL, 0.00, 18.26, 18.26, 462.71, NULL, 0.00, 0.00),
(215, 200, 232, 18.26, NULL, NULL, 0.00, 18.26, 18.26, 462.71, NULL, 0.00, 0.00),
(216, 201, 232, 18.26, NULL, NULL, 0.00, 18.26, 18.26, 462.71, NULL, 0.00, 0.00),
(217, 202, 248, 15.00, NULL, NULL, 0.00, 15.00, 15.00, 380.10, NULL, 0.00, 0.00),
(218, 203, 245, 1685.00, NULL, NULL, 0.00, 421.25, 521.75, 14833.35, NULL, 0.00, 0.00),
(219, 204, 243, 1119.00, NULL, NULL, 0.00, 1119.00, 1655.00, 47051.65, NULL, 0.00, 0.00),
(220, 205, 145, 648.00, NULL, NULL, 0.00, 54.04, 54.04, 1394.77, NULL, 0.00, 0.00),
(221, 206, 237, 222.00, NULL, NULL, 0.00, 55.50, 89.00, 2314.00, NULL, 0.00, 0.00),
(222, 207, 236, 190.00, NULL, NULL, 0.00, 190.00, 190.00, 4940.00, NULL, 0.00, 0.00),
(223, 208, 139, 432.00, NULL, NULL, 0.00, 36.03, 36.03, 936.78, NULL, 0.00, 0.00),
(224, 209, 139, 432.00, NULL, NULL, 0.00, 36.03, 36.03, 936.78, NULL, 0.00, 0.00),
(225, 210, 145, 648.00, NULL, NULL, 0.00, 54.04, 54.04, 1405.04, NULL, 0.00, 0.00),
(226, 211, 140, 962.00, NULL, NULL, 0.00, 80.23, 80.23, 2085.98, NULL, 0.00, 0.00),
(227, 212, 252, 133.99, NULL, NULL, 0.00, 133.99, 133.99, 3483.74, NULL, 0.00, 0.00),
(228, 213, 243, 1119.00, NULL, NULL, 0.00, 1119.00, 1253.00, 32578.00, NULL, 0.00, 0.00),
(229, 214, 238, 242.00, NULL, NULL, 0.00, 20.18, 20.18, 524.68, NULL, 0.00, 0.00),
(230, 215, 238, 242.00, NULL, NULL, 0.00, 20.18, 20.18, 524.68, NULL, 0.00, 0.00),
(231, 216, 232, 18.26, NULL, NULL, 0.00, 18.26, 18.26, 474.76, NULL, 0.00, 0.00),
(232, 217, 242, 854.00, NULL, NULL, 0.00, 854.00, 988.00, 25717.64, NULL, 0.00, 0.00),
(233, 218, 242, 854.00, NULL, NULL, 0.00, 854.00, 1122.00, 29205.66, NULL, 0.00, 0.00),
(234, 219, 242, 854.00, NULL, NULL, 0.00, 854.00, 1122.00, 29205.66, NULL, 0.00, 0.00),
(235, 220, 242, 854.00, NULL, NULL, 0.00, 854.00, 988.00, 25717.64, NULL, 0.00, 0.00),
(236, 221, 242, 854.00, NULL, NULL, 0.00, 854.00, 1122.00, 29205.66, NULL, 0.00, 0.00),
(237, 222, 201, 45.50, NULL, NULL, 0.00, 45.50, 45.50, 1184.37, NULL, 0.00, 0.00),
(238, 223, 236, 190.00, NULL, NULL, 0.00, 15.85, 15.85, 412.58, NULL, 0.00, 0.00),
(239, 224, 236, 190.00, NULL, NULL, 0.00, 15.85, 15.85, 412.58, NULL, 0.00, 0.00),
(240, 225, 236, 190.00, NULL, NULL, 0.00, 15.85, 15.85, 412.58, NULL, 0.00, 0.00),
(241, 226, 236, 190.00, NULL, NULL, 0.00, 15.85, 15.85, 412.58, NULL, 0.00, 0.00),
(242, 227, 145, 648.00, NULL, NULL, 0.00, 162.00, 162.00, 4231.44, NULL, 0.00, 0.00),
(243, 228, 231, 22.49, NULL, NULL, 0.00, 22.49, 22.49, 590.81, NULL, 0.00, 0.00),
(244, 229, 231, 22.49, NULL, NULL, 0.00, 22.49, 22.49, 590.81, NULL, 0.00, 0.00),
(245, 230, 245, 1685.00, NULL, NULL, 0.00, 1685.00, 1685.00, 44264.95, NULL, 0.00, 0.00),
(246, 231, 231, 22.49, NULL, NULL, 0.00, 22.49, 22.49, 590.36, NULL, 0.00, 0.00),
(247, 232, 231, 22.49, NULL, NULL, 0.00, 22.49, 22.49, 590.36, NULL, 0.00, 0.00),
(248, 233, 201, 45.50, NULL, NULL, 0.00, 45.50, 45.50, 1194.38, NULL, 0.00, 0.00),
(249, 234, 139, 432.00, NULL, NULL, 0.00, 36.03, 36.03, 942.54, NULL, 0.00, 0.00),
(250, 235, 142, 510.00, NULL, NULL, 0.00, 127.50, 127.50, 3335.40, NULL, 0.00, 0.00),
(251, 236, 238, 242.00, NULL, NULL, 0.00, 20.18, 31.36, 829.79, NULL, 0.00, 0.00),
(252, 237, 236, 190.00, 14, 1, 35.00, 10.30, 21.48, 568.36, NULL, 0.00, 66.50),
(253, 238, 236, 190.00, 14, 1, 35.00, 10.30, 21.48, 568.36, NULL, 0.00, 66.50),
(254, 239, 236, 190.00, 14, 1, 35.00, 10.30, 21.48, 568.36, NULL, 0.00, 66.50),
(255, 240, 236, 190.00, 14, 1, 35.00, 10.30, 21.48, 568.36, NULL, 0.00, 66.50),
(256, 241, 236, 190.00, 14, 1, 35.00, 10.30, 21.48, 568.36, NULL, 0.00, 66.50),
(257, 242, 139, 432.00, NULL, NULL, 0.00, 432.00, 432.00, 11430.72, NULL, 0.00, 0.00),
(258, 243, 139, 432.00, NULL, NULL, 0.00, 432.00, 432.00, 11430.72, NULL, 0.00, 0.00),
(259, 244, 257, 20.00, NULL, NULL, 0.00, 20.00, 20.00, 529.20, NULL, 0.00, 0.00),
(260, 245, 257, 20.00, NULL, NULL, 0.00, 20.00, 20.00, 529.20, NULL, 0.00, 0.00),
(261, 246, 233, 50.38, NULL, NULL, 0.00, 50.38, 50.38, 1333.05, NULL, 0.00, 0.00),
(262, 247, 145, 648.00, NULL, NULL, 0.00, 648.00, 648.00, 17146.08, NULL, 0.00, 0.00),
(263, 248, 243, 1119.00, NULL, NULL, 0.00, 93.32, 126.85, 3356.45, NULL, 0.00, 0.00),
(264, 249, 142, 510.00, NULL, NULL, 0.00, 255.00, 255.00, 6747.30, NULL, 0.00, 0.00),
(265, 250, 245, 1685.00, NULL, NULL, 0.00, 421.25, 521.75, 13805.51, NULL, 0.00, 0.00),
(266, 251, 236, 190.00, NULL, NULL, 0.00, 190.00, 190.00, 5059.70, NULL, 0.00, 0.00),
(267, 252, 145, 648.00, NULL, NULL, 0.00, 648.00, 648.00, 17256.24, NULL, 0.00, 0.00),
(268, 253, 236, 190.00, NULL, NULL, 0.00, 15.85, 15.85, 422.09, NULL, 0.00, 0.00),
(269, 254, 231, 22.49, NULL, NULL, 0.00, 22.49, 22.49, 598.91, NULL, 0.00, 0.00),
(270, 255, 243, 1119.00, NULL, NULL, 0.00, 93.32, 126.85, 3386.90, NULL, 0.00, 0.00),
(271, 256, 242, 854.00, NULL, NULL, 0.00, 854.00, 1256.00, 33535.20, NULL, 0.00, 0.00),
(272, 257, 197, 59.49, NULL, NULL, 0.00, 59.49, 59.49, 1588.38, NULL, 0.00, 0.00),
(273, 258, 245, 1685.00, NULL, NULL, 0.00, 421.25, 421.25, 11247.38, NULL, 0.00, 0.00),
(274, 259, 238, 242.00, NULL, NULL, 0.00, 20.18, 20.18, 538.81, NULL, 0.00, 0.00),
(275, 260, 236, 190.00, NULL, NULL, 0.00, 15.85, 15.85, 423.20, NULL, 0.00, 0.00),
(276, 261, 244, 1523.00, NULL, NULL, 0.00, 127.02, 138.20, 3710.67, NULL, 0.00, 0.00),
(277, 262, 231, 22.49, NULL, NULL, 0.00, 22.49, 22.49, 603.86, NULL, 0.00, 0.00),
(278, 263, 241, 460.00, NULL, NULL, 0.00, 460.00, 728.00, 19546.80, NULL, 0.00, 0.00),
(279, 264, 243, 1119.00, NULL, NULL, 0.00, 279.75, 313.25, 8464.02, NULL, 0.00, 0.00),
(280, 265, 242, 854.00, NULL, NULL, 0.00, 71.22, 104.75, 2829.30, NULL, 0.00, 0.00),
(281, 266, 257, 20.00, NULL, NULL, 0.00, 20.00, 20.00, 540.20, NULL, 0.00, 0.00),
(282, 267, 252, 133.99, NULL, NULL, 0.00, 133.99, 133.99, 3619.07, NULL, 0.00, 0.00),
(283, 268, 243, 1119.00, NULL, NULL, 0.00, 279.75, 313.25, 8460.88, NULL, 0.00, 0.00),
(284, 269, 252, 133.99, NULL, NULL, 0.00, 133.99, 133.99, 3619.07, NULL, 0.00, 0.00),
(285, 270, 231, 22.49, NULL, NULL, 0.00, 22.49, 22.49, 607.45, NULL, 0.00, 0.00),
(286, 271, 241, 460.00, NULL, NULL, 0.00, 115.00, 115.00, 3116.50, NULL, 0.00, 0.00),
(287, 272, 257, 20.00, NULL, NULL, 0.00, 20.00, 20.00, 542.00, NULL, 0.00, 0.00),
(288, 273, 257, 20.00, NULL, NULL, 0.00, 20.00, 20.00, 542.00, NULL, 0.00, 0.00),
(289, 274, 231, 22.49, NULL, NULL, 0.00, 22.49, 22.49, 609.48, NULL, 0.00, 0.00),
(290, 275, 242, 854.00, NULL, NULL, 0.00, 213.50, 280.50, 7601.55, NULL, 0.00, 0.00),
(291, 276, 257, 20.00, NULL, NULL, 0.00, 20.00, 20.00, 545.00, NULL, 0.00, 0.00),
(292, 277, 231, 22.49, NULL, NULL, 0.00, 22.49, 22.49, 612.85, NULL, 0.00, 0.00),
(293, 278, 141, 333.00, NULL, NULL, 0.00, 333.00, 333.00, 9074.25, NULL, 0.00, 0.00),
(294, 279, 233, 50.38, NULL, NULL, 0.00, 50.38, 50.38, 1372.86, NULL, 0.00, 0.00),
(295, 280, 139, 432.00, NULL, NULL, 0.00, 36.03, 36.03, 992.27, NULL, 0.00, 0.00),
(296, 281, 238, 242.00, NULL, NULL, 0.00, 20.18, 20.18, 555.76, NULL, 0.00, 0.00),
(297, 282, 145, 648.00, NULL, NULL, 0.00, 324.00, 324.00, 8922.96, NULL, 0.00, 0.00),
(298, 283, 242, 854.00, NULL, NULL, 0.00, 854.00, 854.00, 23519.16, NULL, 0.00, 0.00),
(299, 284, 251, 112.72, NULL, NULL, 0.00, 112.72, 112.72, 3111.07, NULL, 0.00, 0.00),
(300, 285, 236, 190.00, NULL, NULL, 0.00, 190.00, 190.00, 5244.00, NULL, 0.00, 0.00),
(301, 286, 236, 190.00, NULL, NULL, 0.00, 15.85, 15.85, 437.46, NULL, 0.00, 0.00),
(302, 287, 257, 20.00, NULL, NULL, 0.00, 20.00, 20.00, 552.00, NULL, 0.00, 0.00),
(303, 288, 248, 15.00, NULL, NULL, 0.00, 15.00, 15.00, 414.00, NULL, 0.00, 0.00),
(304, 289, 145, 648.00, NULL, NULL, 0.00, 54.04, 54.04, 1492.04, NULL, 0.00, 0.00),
(305, 290, 263, 242.00, 14, 1, 35.00, 13.12, 13.12, 362.24, NULL, 0.00, 84.70),
(306, 291, 233, 50.38, NULL, NULL, 0.00, 50.38, 50.38, 1390.99, NULL, 0.00, 0.00),
(307, 292, 239, 342.00, NULL, NULL, 0.00, 28.52, 28.52, 787.44, NULL, 0.00, 0.00),
(308, 293, 236, 190.00, NULL, NULL, 0.00, 15.85, 27.03, 752.24, NULL, 0.00, 0.00),
(309, 294, 233, 50.38, NULL, NULL, 0.00, 4.20, 4.20, 116.89, NULL, 0.00, 0.00),
(310, 295, 145, 648.00, NULL, NULL, 0.00, 59.45, 59.45, 1655.68, 9, 64.80, 0.00),
(311, 296, 145, 648.00, NULL, NULL, 0.00, 54.04, 54.04, 1505.01, NULL, 0.00, 0.00),
(312, 297, 231, 22.49, NULL, NULL, 0.00, 22.49, 22.49, 626.35, NULL, 0.00, 0.00),
(313, 298, 245, 1685.00, NULL, NULL, 0.00, 140.53, 162.88, 4536.21, NULL, 0.00, 0.00),
(314, 299, 263, 242.00, NULL, NULL, 0.00, 20.18, 31.36, 873.38, NULL, 0.00, 0.00),
(315, 300, 263, 242.00, NULL, NULL, 0.00, 20.18, 20.18, 562.01, NULL, 0.00, 0.00),
(316, 301, 145, 648.00, NULL, NULL, 0.00, 54.04, 54.04, 1505.01, NULL, 0.00, 0.00),
(317, 302, 146, 2455.00, NULL, NULL, 0.00, 613.75, 613.75, 17092.94, NULL, 0.00, 0.00),
(318, 303, 241, 460.00, NULL, NULL, 0.00, 460.00, 594.00, 16637.94, NULL, 0.00, 0.00),
(319, 304, 257, 20.00, NULL, NULL, 0.00, 20.00, 20.00, 560.20, NULL, 0.00, 0.00),
(320, 305, 139, 432.00, NULL, NULL, 0.00, 108.00, 108.00, 3025.08, NULL, 0.00, 0.00),
(321, 306, 243, 1119.00, NULL, NULL, 0.00, 279.75, 313.25, 8774.13, NULL, 0.00, 0.00),
(322, 307, 243, 1119.00, NULL, NULL, 0.00, 279.75, 313.25, 8774.13, NULL, 0.00, 0.00),
(323, 308, 242, 854.00, NULL, NULL, 0.00, 71.22, 93.57, 2645.22, NULL, 0.00, 0.00),
(324, 309, 242, 854.00, NULL, NULL, 0.00, 71.22, 93.57, 2645.22, NULL, 0.00, 0.00),
(325, 310, 243, 1119.00, NULL, NULL, 0.00, 93.32, 138.02, 3905.97, NULL, 0.00, 0.00),
(326, 311, 242, 854.00, NULL, NULL, 0.00, 71.22, 82.40, 2331.92, NULL, 0.00, 0.00),
(327, 312, 145, 648.00, NULL, NULL, 0.00, 162.00, 162.00, 4584.60, NULL, 0.00, 0.00),
(328, 313, 243, 1119.00, NULL, NULL, 0.00, 1119.00, 1387.00, 39252.10, NULL, 0.00, 0.00),
(329, 314, 243, 1119.00, NULL, NULL, 0.00, 93.32, 104.50, 2946.90, NULL, 0.00, 0.00),
(330, 315, 243, 1119.00, NULL, NULL, 0.00, 93.32, 104.50, 2946.90, NULL, 0.00, 0.00),
(331, 316, 243, 1119.00, NULL, NULL, 0.00, 93.32, 104.50, 2946.90, NULL, 0.00, 0.00),
(332, 317, 236, 190.00, NULL, NULL, 0.00, 15.85, 15.85, 449.35, NULL, 0.00, 0.00),
(333, 318, 257, 20.00, NULL, NULL, 0.00, 20.00, 20.00, 567.00, NULL, 0.00, 0.00),
(334, 319, 140, 962.00, NULL, NULL, 0.00, 80.23, 80.23, 2274.52, NULL, 0.00, 0.00),
(335, 320, 263, 242.00, NULL, NULL, 0.00, 20.18, 31.36, 892.19, NULL, 0.00, 0.00),
(336, 321, 140, 962.00, NULL, NULL, 0.00, 80.23, 80.23, 2282.54, NULL, 0.00, 0.00),
(337, 322, 233, 50.38, NULL, NULL, 0.00, 50.38, 50.38, 1433.31, NULL, 0.00, 0.00),
(338, 323, 257, 20.00, NULL, NULL, 0.00, 20.00, 20.00, 573.20, NULL, 0.00, 0.00),
(339, 324, 257, 20.00, NULL, NULL, 0.00, 20.00, 20.00, 573.20, NULL, 0.00, 0.00),
(340, 325, 252, 133.99, NULL, NULL, 0.00, 133.99, 133.99, 3840.15, NULL, 0.00, 0.00),
(341, 326, 257, 20.00, NULL, NULL, 0.00, 20.00, 20.00, 576.20, NULL, 0.00, 0.00),
(342, 327, 257, 20.00, NULL, NULL, 0.00, 20.00, 20.00, 576.20, NULL, 0.00, 0.00),
(343, 328, 252, 133.99, NULL, NULL, 0.00, 11.17, 11.17, 321.81, NULL, 0.00, 0.00),
(344, 329, 257, 20.00, NULL, NULL, 0.00, 20.00, 20.00, 576.20, NULL, 0.00, 0.00),
(345, 330, 257, 20.00, NULL, NULL, 0.00, 20.00, 20.00, 576.20, NULL, 0.00, 0.00),
(346, 331, 257, 20.00, NULL, NULL, 0.00, 20.00, 20.00, 576.20, NULL, 0.00, 0.00),
(347, 332, 257, 20.00, NULL, NULL, 0.00, 20.00, 20.00, 576.20, NULL, 0.00, 0.00),
(348, 333, 257, 20.00, NULL, NULL, 0.00, 20.00, 20.00, 576.20, NULL, 0.00, 0.00),
(349, 334, 257, 20.00, NULL, NULL, 0.00, 20.00, 20.00, 576.20, NULL, 0.00, 0.00),
(350, 335, 252, 133.99, NULL, NULL, 0.00, 133.99, 133.99, 3860.25, NULL, 0.00, 0.00),
(351, 336, 252, 133.99, NULL, NULL, 0.00, 133.99, 133.99, 3860.25, NULL, 0.00, 0.00),
(352, 337, 252, 133.99, NULL, NULL, 0.00, 133.99, 133.99, 3860.25, NULL, 0.00, 0.00),
(353, 338, 252, 133.99, NULL, NULL, 0.00, 133.99, 133.99, 3860.25, NULL, 0.00, 0.00),
(354, 339, 252, 133.99, NULL, NULL, 0.00, 133.99, 133.99, 3860.25, NULL, 0.00, 0.00),
(355, 340, 252, 133.99, NULL, NULL, 0.00, 133.99, 133.99, 3860.25, NULL, 0.00, 0.00),
(356, 341, 139, 432.00, NULL, NULL, 0.00, 108.00, 108.00, 3111.48, NULL, 0.00, 0.00),
(357, 342, 257, 20.00, NULL, NULL, 0.00, 20.00, 20.00, 576.20, NULL, 0.00, 0.00),
(358, 343, 263, 242.00, NULL, NULL, 0.00, 242.00, 376.00, 10832.56, NULL, 0.00, 0.00),
(359, 344, 257, 20.00, NULL, NULL, 0.00, 20.00, 20.00, 576.20, NULL, 0.00, 0.00),
(360, 345, 252, 133.99, NULL, NULL, 0.00, 11.17, 11.17, 321.81, NULL, 0.00, 0.00),
(361, 346, 141, 333.00, NULL, NULL, 0.00, 27.77, 27.77, 800.05, NULL, 0.00, 0.00),
(362, 347, 251, 112.72, NULL, NULL, 0.00, 112.72, 112.72, 3254.23, NULL, 0.00, 0.00),
(363, 348, 257, 20.00, NULL, NULL, 0.00, 20.00, 20.00, 579.80, NULL, 0.00, 0.00),
(364, 349, 255, 149.00, NULL, NULL, 0.00, 149.00, 149.00, 4319.51, NULL, 0.00, 0.00),
(365, 350, 243, 1119.00, NULL, NULL, 0.00, 1119.00, 1253.00, 36324.47, NULL, 0.00, 0.00),
(366, 351, 252, 133.99, NULL, NULL, 0.00, 33.50, 33.50, 971.17, NULL, 0.00, 0.00),
(367, 352, 243, 1119.00, NULL, NULL, 0.00, 93.32, 115.67, 3353.27, NULL, 0.00, 0.00),
(368, 353, 252, 133.99, NULL, NULL, 0.00, 11.17, 11.17, 324.82, NULL, 0.00, 0.00),
(369, 354, 233, 50.38, NULL, NULL, 0.00, 50.38, 50.38, 1465.05, NULL, 0.00, 0.00),
(370, 355, 145, 648.00, NULL, NULL, 0.00, 54.04, 54.04, 1571.48, NULL, 0.00, 0.00),
(371, 356, 263, 242.00, NULL, NULL, 0.00, 20.18, 20.18, 586.83, NULL, 0.00, 0.00),
(372, 357, 245, 1685.00, NULL, NULL, 0.00, 421.25, 488.25, 14198.31, NULL, 0.00, 0.00),
(373, 358, 252, 133.99, NULL, NULL, 0.00, 133.99, 133.99, 3896.43, NULL, 0.00, 0.00),
(374, 359, 244, 1523.00, NULL, NULL, 0.00, 1523.00, 2059.00, 59875.72, NULL, 0.00, 0.00),
(375, 360, 252, 133.99, NULL, NULL, 0.00, 11.17, 11.17, 325.05, NULL, 0.00, 0.00),
(376, 361, 142, 510.00, NULL, NULL, 0.00, 42.53, 42.53, 1237.62, NULL, 0.00, 0.00),
(377, 362, 252, 133.99, NULL, NULL, 0.00, 133.99, 133.99, 3899.11, NULL, 0.00, 0.00),
(378, 363, 252, 133.99, NULL, NULL, 0.00, 67.00, 67.00, 1949.70, NULL, 0.00, 0.00),
(379, 364, 146, 2455.00, NULL, NULL, 0.00, 613.75, 613.75, 17860.13, NULL, 0.00, 0.00),
(380, 365, 257, 20.00, NULL, NULL, 0.00, 20.00, 20.00, 582.00, NULL, 0.00, 0.00),
(381, 366, 263, 242.00, NULL, NULL, 0.00, 24.22, 24.22, 704.80, 1, 48.40, 0.00),
(382, 367, 257, 20.00, NULL, NULL, 0.00, 20.00, 20.00, 582.00, NULL, 0.00, 0.00),
(383, 368, 263, 242.00, 14, 1, 35.00, 13.12, 13.12, 384.55, NULL, 0.00, 84.70),
(384, 369, 239, 342.00, NULL, NULL, 0.00, 28.52, 50.87, 1491.00, NULL, 0.00, 0.00),
(385, 370, 135, 75.00, NULL, NULL, 0.00, 37.50, 37.50, 1099.13, NULL, 0.00, 0.00),
(386, 371, 142, 510.00, NULL, NULL, 0.00, 127.50, 127.50, 3737.03, NULL, 0.00, 0.00),
(387, 372, 252, 133.99, NULL, NULL, 0.00, 133.99, 133.99, 3927.25, NULL, 0.00, 0.00),
(388, 373, 245, 1685.00, NULL, NULL, 0.00, 421.25, 488.25, 14408.26, NULL, 0.00, 0.00),
(389, 374, 263, 242.00, NULL, NULL, 0.00, 20.18, 20.18, 595.31, NULL, 0.00, 0.00),
(390, 375, 236, 190.00, NULL, NULL, 0.00, 15.85, 15.85, 471.54, NULL, 0.00, 0.00),
(391, 376, 236, 190.00, NULL, NULL, 0.00, 15.85, 15.85, 471.54, NULL, 0.00, 0.00),
(392, 377, 141, 333.00, NULL, NULL, 0.00, 83.25, 83.25, 2505.83, NULL, 0.00, 0.00),
(393, 378, 236, 190.00, 15, 1, 35.00, 10.30, 21.48, 646.55, NULL, 0.00, 66.50),
(394, 379, 245, 1685.00, NULL, NULL, 0.00, 140.53, 151.71, 4566.47, NULL, 0.00, 0.00),
(395, 380, 245, 1685.00, NULL, NULL, 0.00, 1685.00, 1953.00, 58785.30, NULL, 0.00, 0.00),
(396, 381, 252, 133.99, NULL, NULL, 0.00, 133.99, 133.99, 4151.01, NULL, 0.00, 0.00),
(397, 382, 252, 133.99, NULL, NULL, 0.00, 133.99, 133.99, 4151.01, NULL, 0.00, 0.00),
(398, 383, 252, 133.99, NULL, NULL, 0.00, 133.99, 133.99, 4151.01, NULL, 0.00, 0.00),
(399, 384, 144, 423.00, NULL, NULL, 0.00, 105.75, 105.75, 3276.14, NULL, 0.00, 0.00),
(400, 385, 244, 1523.00, NULL, NULL, 0.00, 380.75, 447.75, 13871.30, NULL, 0.00, 0.00),
(401, 386, 252, 133.99, NULL, NULL, 0.00, 133.99, 133.99, 4151.01, NULL, 0.00, 0.00),
(402, 387, 239, 342.00, NULL, NULL, 0.00, 28.52, 28.52, 883.55, NULL, 0.00, 0.00),
(403, 388, 239, 342.00, NULL, NULL, 0.00, 28.52, 28.52, 883.55, NULL, 0.00, 0.00),
(404, 389, 240, 384.00, NULL, NULL, 0.00, 32.03, 32.03, 992.29, NULL, 0.00, 0.00),
(405, 390, 239, 342.00, NULL, NULL, 0.00, 28.52, 28.52, 883.55, NULL, 0.00, 0.00),
(406, 391, 142, 510.00, NULL, NULL, 0.00, 42.53, 42.53, 1322.26, NULL, 0.00, 0.00),
(407, 392, 142, 510.00, NULL, NULL, 0.00, 42.53, 42.53, 1328.21, NULL, 0.00, 0.00),
(408, 393, 252, 133.99, NULL, NULL, 0.00, 133.99, 133.99, 4200.59, NULL, 0.00, 0.00),
(409, 394, 145, 648.00, NULL, NULL, 0.00, 648.00, 648.00, 20314.80, NULL, 0.00, 0.00),
(410, 395, 245, 1685.00, NULL, NULL, 0.00, 842.50, 976.50, 30779.28, NULL, 0.00, 0.00),
(411, 396, 233, 50.38, NULL, NULL, 0.00, 50.38, 50.38, 1587.98, NULL, 0.00, 0.00),
(412, 397, 233, 50.38, NULL, NULL, 0.00, 50.38, 50.38, 1587.98, NULL, 0.00, 0.00),
(413, 398, 257, 20.00, NULL, NULL, 0.00, 20.00, 20.00, 630.40, NULL, 0.00, 0.00),
(414, 399, 257, 20.00, NULL, NULL, 0.00, 20.00, 20.00, 630.40, NULL, 0.00, 0.00),
(415, 400, 252, 133.99, NULL, NULL, 0.00, 133.99, 133.99, 4223.36, NULL, 0.00, 0.00),
(416, 401, 252, 133.99, NULL, NULL, 0.00, 133.99, 133.99, 4223.36, NULL, 0.00, 0.00);

-- --------------------------------------------------------

--
-- Estructura de tabla para la tabla `insurance_prices`
--

CREATE TABLE `insurance_prices` (
  `id_price` int(11) NOT NULL,
  `id_insurance` int(11) NOT NULL,
  `price_insurance` double(20,2) NOT NULL,
  `descripcion_price` text COLLATE utf8_unicode_ci DEFAULT NULL,
  `id_status` int(11) NOT NULL DEFAULT 1,
  `id_user` int(11) NOT NULL,
  `create_date` datetime NOT NULL
) ENGINE=InnoDB DEFAULT CHARSET=utf8 COLLATE=utf8_unicode_ci;

--
-- Volcado de datos para la tabla `insurance_prices`
--

INSERT INTO `insurance_prices` (`id_price`, `id_insurance`, `price_insurance`, `descripcion_price`, `id_status`, `id_user`, `create_date`) VALUES
(5, 3, 25000.00, NULL, 1, 5, '2022-02-09 13:03:18'),
(6, 3, 50000.00, NULL, 1, 5, '2022-02-09 13:03:27'),
(7, 3, 75000.00, NULL, 1, 5, '2022-02-09 13:03:43'),
(13, 3, 5000.00, NULL, 1, 5, '2022-02-09 13:05:07'),
(14, 3, 2000.00, NULL, 1, 5, '2022-02-09 13:05:14'),
(15, 3, 1000.00, NULL, 1, 5, '2022-02-09 13:05:21'),
(16, 3, 3000.00, NULL, 1, 5, '2022-02-09 13:05:29'),
(17, 3, 10000.00, NULL, 1, 5, '2022-02-09 13:05:38'),
(22, 5, 75000.00, '<p>Muerte Accidental USD. 75.000<b>*</b></p><p>Invalidez Total y Parcial USD. 75.000<b>*</b></p><p>Vida - Muerte Cualquier causa USD. 30.000<b>*</b></p><p>Servicio Funerario USD 3.000<b>*</b></p><p class=\"MsoNormal\" style=\"margin: 0cm 19.65pt 0cm -0.25pt;\"><span style=\"font-weight: bolder;\">Servicios Adicionales&nbsp;</span><span style=\"font-weight: bolder;\">incluidos</span><span style=\"font-weight: bolder;\">&nbsp;en la póliza</span><span style=\"font-weight: bolder; font-size: 1rem;\">**</span><span style=\"font-weight: bolder; font-size: 1rem;\">:</span></p><p class=\"MsoNormal\" style=\"margin: 0cm 19.65pt 0cm -0.25pt;\"><span style=\"font-size: 1rem; font-weight: bolder;\">Telemedicina :&nbsp;</span><span style=\"font-size: 1rem;\">Consulta médica telefónica 24 horas ilimitado.</span></p><p class=\"MsoNormal\" style=\"margin: 0cm 19.65pt 0cm -0.25pt;\"><span style=\"font-weight: bolder;\">Atención Médica Domiciliaria:&nbsp;</span>&nbsp;Atención médica en casa.</p><p class=\"MsoNormal\" style=\"margin: 0cm 19.65pt 0cm -0.25pt;\"><span style=\"font-weight: bolder;\">Entrega de Medicamentos:</span>&nbsp; Entrega de medicamentos de patologías agudas hasta por 7 días.</p><p class=\"MsoNormal\" style=\"margin: 0cm 19.65pt 0cm -0.25pt;\"><span style=\"font-weight: bolder;\">Atención Médica Primaria ilimitada:</span>&nbsp;Consultas generales y en 15 especialidades.</p><p class=\"MsoNormal\" style=\"margin: 0cm 19.65pt 0cm -0.25pt;\"><span style=\"font-weight: bolder;\">1 Laboratorio al año:&nbsp;</span>Según perfil requerido por la patología.</p><p class=\"MsoNormal\" style=\"margin: 0cm 19.65pt 0cm -0.25pt;\"><span style=\"font-weight: bolder;\">Ginecología:</span>&nbsp; 1 consulta al año + Eco transvaginal + citología.</p><p class=\"MsoNormal\" style=\"margin: 0cm 19.65pt 0cm -0.25pt;\"><span style=\"font-weight: bolder;\">RX:&nbsp;</span>1 estudio al año según patología.</p><p class=\"MsoNormal\" style=\"margin: 0cm 19.65pt 0cm -0.25pt;\"><span style=\"font-weight: bolder;\">Ecografía:&nbsp;</span>1 año según patología - Eco simple.</p><p class=\"MsoNormal\" style=\"margin: 0cm 19.65pt 0cm -0.25pt;\"><span style=\"font-weight: bolder;\">Estudios Cardiológicos:&nbsp;</span>&nbsp;1 al año según patología: (Holter-electrocardiograma-Mapa-Ecocardiograma).</p><p class=\"MsoNormal\" style=\"margin: 0cm 19.65pt 0cm -0.25pt;\"><span style=\"font-weight: bolder;\">Rehabilitación Física:&nbsp;</span>Según facultativo (10 sesiones al año).</p><p class=\"MsoNormal\" style=\"margin: 0cm 19.65pt 0cm -0.25pt;\"><span style=\"font-weight: bolder;\">Traslado en Ambulancia:</span>&nbsp;Traslado al centro de salu</p><p class=\"MsoNormal\" style=\"margin: 0cm 19.65pt 0cm -0.25pt;\"><br></p><p class=\"MsoNormal\" style=\"margin: 0cm 19.65pt 0cm -0.25pt;\"><span style=\"font-size: 1rem;\">Puede hacer uso de su póliza llamando al&nbsp;</span><span style=\"font-size: 1rem; font-weight: bolder;\">02129530522&nbsp;</span><span style=\"font-size: 1rem;\">y</span><span style=\"font-size: 1rem; font-weight: bolder;\">&nbsp;Wthatsapp 04241452314</span></p><p class=\"MsoNormal\" style=\"margin: 0cm 19.65pt 0cm -0.25pt;\"><span style=\"font-size: 1rem; font-weight: bolder;\"><br></span></p><p class=\"MsoNormal\" style=\"margin: 0cm 19.65pt 0cm -0.25pt;\"><span style=\"font-size: 1rem; font-weight: bolder;\">* Sólo&nbsp; para el Titular</span></p><p><span style=\"font-weight: bolder;\">** Para el grupo familiar, previo el pago de prima adicional</span></p>', 1, 5, '2023-02-15 12:06:02'),
(23, 5, 50000.00, '<p>Muerte Accidental USD. 50.000<b>*</b></p><p>\nInvalidez Total y Parcial USD. 50.000<b>*</b></p><p>Vida - Muerte Cualquier causa USD. 20.000<b>*</b></p><p>Servicio Funerario USD 3.000<b>*</b></p><p class=\"MsoNormal\" style=\"margin: 0cm 19.65pt 0cm -0.25pt;\"><span style=\"font-weight: bolder;\">Servicios Adicionales&nbsp;</span><span style=\"font-weight: bolder;\">incluidos</span><span style=\"font-weight: bolder;\">&nbsp;en la póliza</span><span style=\"font-weight: bolder; font-size: 1rem;\">**</span><span style=\"font-weight: bolder; font-size: 1rem;\">:</span></p><p class=\"MsoNormal\" style=\"margin: 0cm 19.65pt 0cm -0.25pt;\"><span style=\"font-size: 1rem; font-weight: bolder;\">Telemedicina :&nbsp;</span><span style=\"font-size: 1rem;\">Consulta médica telefónica 24 horas ilimitado.</span></p><p class=\"MsoNormal\" style=\"margin: 0cm 19.65pt 0cm -0.25pt;\"><span style=\"font-weight: bolder;\">Atención Médica Domiciliaria:&nbsp;</span>&nbsp;Atención médica en casa.</p><p class=\"MsoNormal\" style=\"margin: 0cm 19.65pt 0cm -0.25pt;\"><span style=\"font-weight: bolder;\">Entrega de Medicamentos:</span>&nbsp; Entrega de medicamentos de patologías agudas hasta por 7 días.</p><p class=\"MsoNormal\" style=\"margin: 0cm 19.65pt 0cm -0.25pt;\"><span style=\"font-weight: bolder;\">Atención Médica Primaria ilimitada:</span>&nbsp;Consultas generales y en 15 especialidades.</p><p class=\"MsoNormal\" style=\"margin: 0cm 19.65pt 0cm -0.25pt;\"><span style=\"font-weight: bolder;\">1 Laboratorio al año:&nbsp;</span>Según perfil requerido por la patología.</p><p class=\"MsoNormal\" style=\"margin: 0cm 19.65pt 0cm -0.25pt;\"><span style=\"font-weight: bolder;\">Ginecología:</span>&nbsp; 1 consulta al año + Eco transvaginal + citología.</p><p class=\"MsoNormal\" style=\"margin: 0cm 19.65pt 0cm -0.25pt;\"><span style=\"font-weight: bolder;\">RX:&nbsp;</span>1 estudio al año según patología.</p><p class=\"MsoNormal\" style=\"margin: 0cm 19.65pt 0cm -0.25pt;\"><span style=\"font-weight: bolder;\">Ecografía:&nbsp;</span>1 año según patología - Eco simple.</p><p class=\"MsoNormal\" style=\"margin: 0cm 19.65pt 0cm -0.25pt;\"><span style=\"font-weight: bolder;\">Estudios Cardiológicos:&nbsp;</span>&nbsp;1 al año según patología: (Holter-electrocardiograma-Mapa-Ecocardiograma).</p><p class=\"MsoNormal\" style=\"margin: 0cm 19.65pt 0cm -0.25pt;\"><span style=\"font-weight: bolder;\">Rehabilitación Física:&nbsp;</span>Según facultativo (10 sesiones al año).</p><p class=\"MsoNormal\" style=\"margin: 0cm 19.65pt 0cm -0.25pt;\"><span style=\"font-weight: bolder;\">Traslado en Ambulancia:</span>&nbsp;Traslado al centro de salud</p><p class=\"MsoNormal\" style=\"margin: 0cm 19.65pt 0cm -0.25pt;\"><br></p><p class=\"MsoNormal\" style=\"margin: 0cm 19.65pt 0cm -0.25pt;\"><span style=\"font-size: 1rem;\">Puede hacer uso de su póliza llamando al&nbsp;</span><span style=\"font-size: 1rem; font-weight: bolder;\">02129530522&nbsp;</span><span style=\"font-size: 1rem;\">y</span><span style=\"font-size: 1rem; font-weight: bolder;\">&nbsp;Wthatsapp 04241452314</span></p><p class=\"MsoNormal\" style=\"margin: 0cm 19.65pt 0cm -0.25pt;\"><span style=\"font-size: 1rem; font-weight: bolder;\"><br></span></p><p class=\"MsoNormal\" style=\"margin: 0cm 19.65pt 0cm -0.25pt;\"><span style=\"font-size: 1rem; font-weight: bolder;\">* Sólo&nbsp; para el Titular</span></p><p><span style=\"font-weight: bolder;\">** Para el grupo familiar, previo el pago de prima adicional</span></p>', 1, 5, '2023-02-15 12:05:26'),
(24, 5, 25000.00, '<p>Muerte Accidental USD. 25.000<b>*</b></p><p>\nInvalidez Total y Parcial USD. 25.000<b>*</b></p><p>\nVida - Muerte Cualquier causa USD. 10.000<b>*</b></p><p>Servicio Funerario USD 2.000<b>*</b></p><p>Gastos médicos por accidente USD. 500*</p><p class=\"MsoNormal\" style=\"margin: 0cm 19.65pt 0cm -0.25pt;\"><span style=\"font-weight: bolder;\">Servicios Adicionales&nbsp;</span><span style=\"font-weight: bolder;\">incluidos</span><span style=\"font-weight: bolder;\">&nbsp;en la póliza</span><span style=\"font-weight: bolder; font-size: 1rem;\">**</span><span style=\"font-weight: bolder; font-size: 1rem;\">:</span></p><p class=\"MsoNormal\" style=\"margin: 0cm 19.65pt 0cm -0.25pt;\"><span style=\"font-size: 1rem; font-weight: bolder;\">Telemedicina :&nbsp;</span><span style=\"font-size: 1rem;\">Consulta médica telefónica 24 horas ilimitado.</span></p><p class=\"MsoNormal\" style=\"margin: 0cm 19.65pt 0cm -0.25pt;\"><span style=\"font-weight: bolder;\">Atención Médica Domiciliaria:&nbsp;</span>&nbsp;Atención médica en casa.</p><p class=\"MsoNormal\" style=\"margin: 0cm 19.65pt 0cm -0.25pt;\"><span style=\"font-weight: bolder;\">Entrega de Medicamentos:</span>&nbsp; Entrega de medicamentos de patologías agudas hasta por 7 días.</p><p class=\"MsoNormal\" style=\"margin: 0cm 19.65pt 0cm -0.25pt;\"><span style=\"font-weight: bolder;\">Atención Médica Primaria ilimitada:</span>&nbsp;Consultas generales y en 15 especialidades.</p><p class=\"MsoNormal\" style=\"margin: 0cm 19.65pt 0cm -0.25pt;\"><span style=\"font-weight: bolder;\">1 Laboratorio al año:&nbsp;</span>Según perfil requerido por la patología.</p><p class=\"MsoNormal\" style=\"margin: 0cm 19.65pt 0cm -0.25pt;\"><span style=\"font-weight: bolder;\">Ginecología:</span>&nbsp; 1 consulta al año + Eco transvaginal + citología.</p><p class=\"MsoNormal\" style=\"margin: 0cm 19.65pt 0cm -0.25pt;\"><span style=\"font-weight: bolder;\">RX:&nbsp;</span>1 estudio al año según patología.</p><p class=\"MsoNormal\" style=\"margin: 0cm 19.65pt 0cm -0.25pt;\"><span style=\"font-weight: bolder;\">Ecografía:&nbsp;</span>1 año según patología - Eco simple.</p><p class=\"MsoNormal\" style=\"margin: 0cm 19.65pt 0cm -0.25pt;\"><span style=\"font-weight: bolder;\">Estudios Cardiológicos:&nbsp;</span>&nbsp;1 al año según patología: (Holter-electrocardiograma-Mapa-Ecocardiograma).</p><p class=\"MsoNormal\" style=\"margin: 0cm 19.65pt 0cm -0.25pt;\"><span style=\"font-weight: bolder;\">Rehabilitación Física:&nbsp;</span>Según facultativo (10 sesiones al año).</p><p class=\"MsoNormal\" style=\"margin: 0cm 19.65pt 0cm -0.25pt;\"><span style=\"font-weight: bolder;\">Traslado en Ambulancia:</span>&nbsp;Traslado al centro de salud</p><p class=\"MsoNormal\" style=\"margin: 0cm 19.65pt 0cm -0.25pt;\"><br></p><p class=\"MsoNormal\" style=\"margin: 0cm 19.65pt 0cm -0.25pt;\"><span style=\"font-size: 1rem;\">Puede hacer uso de su póliza llamando al&nbsp;</span><span style=\"font-size: 1rem; font-weight: bolder;\">02129530522&nbsp;</span><span style=\"font-size: 1rem;\">y</span><span style=\"font-size: 1rem; font-weight: bolder;\">&nbsp;Wthatsapp 04241452314</span></p><p class=\"MsoNormal\" style=\"margin: 0cm 19.65pt 0cm -0.25pt;\"><span style=\"font-size: 1rem; font-weight: bolder;\">* Sólo&nbsp; para el Titular</span></p><p><span style=\"font-weight: bolder;\">** Para el grupo familiar, previo el pago de prima adicional</span></p>', 1, 5, '2023-03-07 21:53:05'),
(25, 5, 15000.00, '<p>Muerte Accidental USD. 15.000<b>*</b></p><p>Invalidez Total y Parcial USD. 15.000<span style=\"font-weight: bolder; font-size: 1rem;\">*</span></p><p>\nVida - Muerte Cualquier causa USD. 6.000<span style=\"font-weight: bolder; font-size: 1rem;\">*</span></p><p>Servicio Funerario USD 2.000<span style=\"font-weight: bolder; font-size: 1rem;\">*</span></p><p><span style=\"font-size: 1rem;\">Gastos médicos por accidente USD. 500*</span></p><p class=\"MsoNormal\" style=\"margin: 0cm 19.65pt 0cm -0.25pt;\"><span style=\"font-weight: bolder;\">Servicios Adicionales&nbsp;</span><span style=\"font-weight: bolder;\">incluidos</span><span style=\"font-weight: bolder;\">&nbsp;en la póliza</span><span style=\"font-weight: bolder; font-size: 1rem;\">**</span><span style=\"font-weight: bolder; font-size: 1rem;\">:</span></p><p class=\"MsoNormal\" style=\"margin: 0cm 19.65pt 0cm -0.25pt;\"><span style=\"font-size: 1rem; font-weight: bolder;\">Telemedicina :&nbsp;</span><span style=\"font-size: 1rem;\">Consulta médica telefónica 24 horas ilimitado.</span></p><p class=\"MsoNormal\" style=\"margin: 0cm 19.65pt 0cm -0.25pt;\"><span style=\"font-weight: bolder;\">Atención Médica Domiciliaria:&nbsp;</span>&nbsp;Atención médica en casa.</p><p class=\"MsoNormal\" style=\"margin: 0cm 19.65pt 0cm -0.25pt;\"><span style=\"font-weight: bolder;\">Entrega de Medicamentos:</span>&nbsp; Entrega de medicamentos de patologías agudas hasta por 7 días.</p><p class=\"MsoNormal\" style=\"margin: 0cm 19.65pt 0cm -0.25pt;\"><span style=\"font-weight: bolder;\">Atención Médica Primaria ilimitada:</span>&nbsp;Consultas generales y en 15 especialidades.</p><p class=\"MsoNormal\" style=\"margin: 0cm 19.65pt 0cm -0.25pt;\"><span style=\"font-weight: bolder;\">1 Laboratorio al año:&nbsp;</span>Según perfil requerido por la patología.</p><p class=\"MsoNormal\" style=\"margin: 0cm 19.65pt 0cm -0.25pt;\"><span style=\"font-weight: bolder;\">Ginecología:</span>&nbsp; 1 consulta al año + Eco transvaginal + citología.</p><p class=\"MsoNormal\" style=\"margin: 0cm 19.65pt 0cm -0.25pt;\"><span style=\"font-weight: bolder;\">RX:&nbsp;</span>1 estudio al año según patología.</p><p class=\"MsoNormal\" style=\"margin: 0cm 19.65pt 0cm -0.25pt;\"><span style=\"font-weight: bolder;\">Ecografía:&nbsp;</span>1 año según patología - Eco simple.</p><p class=\"MsoNormal\" style=\"margin: 0cm 19.65pt 0cm -0.25pt;\"><span style=\"font-weight: bolder;\">Estudios Cardiológicos:&nbsp;</span>&nbsp;1 al año según patología: (Holter-electrocardiograma-Mapa-Ecocardiograma).</p><p class=\"MsoNormal\" style=\"margin: 0cm 19.65pt 0cm -0.25pt;\"><span style=\"font-weight: bolder;\">Rehabilitación Física:&nbsp;</span>Según facultativo (10 sesiones al año).</p><p class=\"MsoNormal\" style=\"margin: 0cm 19.65pt 0cm -0.25pt;\"><span style=\"font-weight: bolder;\">Traslado en Ambulancia:</span>&nbsp;Traslado al centro de salud</p><p class=\"MsoNormal\" style=\"margin: 0cm 19.65pt 0cm -0.25pt;\"><span style=\"font-size: 1rem;\"><br></span></p><p class=\"MsoNormal\" style=\"margin: 0cm 19.65pt 0cm -0.25pt;\"><span style=\"font-size: 1rem;\"><br></span></p><p class=\"MsoNormal\" style=\"margin: 0cm 19.65pt 0cm -0.25pt;\"><span style=\"font-size: 1rem;\">Puede hacer uso de su póliza llamando al&nbsp;</span><span style=\"font-size: 1rem; font-weight: bolder;\">02129530522&nbsp;</span><span style=\"font-size: 1rem;\">y</span><span style=\"font-size: 1rem; font-weight: bolder;\">&nbsp;Wthatsapp 04241452314</span></p><p class=\"MsoNormal\" style=\"margin: 0cm 19.65pt 0cm -0.25pt;\"><span style=\"font-size: 1rem; font-weight: bolder;\">* Sólo&nbsp; para el Titular</span></p><p><span style=\"font-weight: bolder;\">** Para el grupo familiar, previo el pago de prima adicional</span></p>', 1, 5, '2023-03-07 21:52:19'),
(29, 7, 5000.00, '<table border=\"0\" cellpadding=\"0\" cellspacing=\"0\" width=\"1014\" style=\"width: 761pt;\"><colgroup><col width=\"682\" style=\"width: 512pt;\"><col width=\"132\" style=\"width: 99pt;\"><col width=\"108\" style=\"width: 81pt;\"><col width=\"92\" style=\"width: 69pt;\"></colgroup><tbody><tr height=\"38\" style=\"height: 28.8pt;\"><td height=\"38\" class=\"xl66\" width=\"682\" style=\"height: 28.8pt; width: 512pt;\"><span style=\"font-weight: bolder;\">Cobertura básica</span></td><td class=\"xl68\" width=\"132\" style=\"border-left: none; width: 99pt;\"><span style=\"font-weight: bolder;\">Sublimite % Suma asegurada</span></td><td colspan=\"2\" class=\"xl66\" width=\"200\" style=\"border-left: none; width: 150pt;\"><span style=\"font-weight: bolder;\">Limite territorial</span></td></tr><tr height=\"58\" style=\"height: 43.2pt;\"><td height=\"58\" class=\"xl69\" width=\"682\" style=\"height: 43.2pt; border-top: none; width: 512pt;\">Indemnizar al asegurado de las sumas por las cuales haya sido legalmente responsable y esté obligado a pagar a terceros, como consecuencia de daños a cosas y daños a personas,&nbsp; mediante sentencia definitivamente firme, por eventos amparados en el contrato.</td><td class=\"xl71\" width=\"132\" style=\"border-top: none; border-left: none; width: 99pt;\">100%</td><td colspan=\"2\" class=\"xl70\" width=\"200\" style=\"border-left: none; width: 150pt;\">MUNDIAL</td></tr><tr height=\"19\" style=\"height: 14.4pt;\"><td height=\"19\" class=\"xl72\" style=\"height: 14.4pt; border-top: none;\">Daños causados por la caída de objetos transportados por el asegurado en vehículos particulares.</td><td class=\"xl73\" style=\"border-top: none; border-left: none;\">100%</td><td colspan=\"2\" class=\"xl67\" style=\"border-left: none;\">MUNDIAL</td></tr><tr height=\"19\" style=\"height: 14.4pt;\"><td height=\"19\" class=\"xl72\" style=\"height: 14.4pt; border-top: none;\">Daños causados por el asegurado dentro y fuera de su residencia</td><td class=\"xl73\" style=\"border-top: none; border-left: none;\">100%</td><td colspan=\"2\" class=\"xl67\" style=\"border-left: none;\">PAIS RESIDENCIA</td></tr><tr height=\"19\" style=\"height: 14.4pt;\"><td height=\"19\" class=\"xl72\" style=\"height: 14.4pt; border-top: none;\">Daños causados por los familiares del asegurado en los predios de la residencia del asegurado.</td><td class=\"xl73\" style=\"border-top: none; border-left: none;\">100%</td><td colspan=\"2\" class=\"xl67\" style=\"border-left: none;\">PAIS RESIDENCIA</td></tr><tr height=\"19\" style=\"height: 14.4pt;\"><td height=\"19\" class=\"xl72\" style=\"height: 14.4pt; border-top: none;\">Daños causados por la tenencia de animales domésticos.</td><td class=\"xl73\" style=\"border-top: none; border-left: none;\">100%</td><td colspan=\"2\" class=\"xl67\" style=\"border-left: none;\">MUNDIAL</td></tr><tr height=\"19\" style=\"height: 14.4pt;\"><td height=\"19\" class=\"xl72\" style=\"height: 14.4pt; border-top: none;\">Daños causados por derrame de líquidos de forma accidental e imprevista.</td><td class=\"xl73\" style=\"border-top: none; border-left: none;\">100%</td><td colspan=\"2\" class=\"xl67\" style=\"border-left: none;\">PAIS RESIDENCIA</td></tr><tr height=\"19\" style=\"height: 14.4pt;\"><td height=\"19\" class=\"xl72\" style=\"height: 14.4pt; border-top: none;\">Daños causados por contratistas del asegurado por remodelación o mantenimiento.</td><td class=\"xl73\" style=\"border-top: none; border-left: none;\">100%</td><td colspan=\"2\" class=\"xl67\" style=\"border-left: none;\">PAIS RESIDENCIA</td></tr><tr height=\"19\" style=\"height: 14.4pt;\"><td height=\"19\" class=\"xl72\" style=\"height: 14.4pt; border-top: none;\">Daños causados a inmuebles arrendados por el asegurado para residencia u hospedaje</td><td class=\"xl73\" style=\"border-top: none; border-left: none;\">100%</td><td colspan=\"2\" class=\"xl67\" style=\"border-left: none;\">MUNDIAL</td></tr><tr height=\"19\" style=\"height: 14.4pt;\"><td height=\"19\" class=\"xl72\" style=\"height: 14.4pt; border-top: none;\">Gastos por Asistencia legal internacional&nbsp;</td><td class=\"xl73\" style=\"border-top: none; border-left: none;\">40%</td><td colspan=\"2\" class=\"xl67\" style=\"border-left: none;\">MUNDIAL</td></tr><tr height=\"19\" style=\"height: 14.4pt;\"><td height=\"19\" class=\"xl72\" style=\"height: 14.4pt; border-top: none;\">Daños causados a vecinos colindantes con el asegurado por accidentes en el inmuebles ocupados por el asegurado</td><td class=\"xl73\" style=\"border-top: none; border-left: none;\">100%</td><td colspan=\"2\" class=\"xl67\" style=\"border-left: none;\">MUNDIAL</td></tr><tr height=\"19\" style=\"height: 14.4pt;\"><td height=\"19\" class=\"xl72\" style=\"height: 14.4pt; border-top: none;\">Costos de emisión de fianzas&nbsp;</td><td class=\"xl73\" style=\"border-top: none; border-left: none;\">100%</td><td colspan=\"2\" class=\"xl67\" style=\"border-left: none;\">MUNDIAL</td></tr><tr height=\"19\" style=\"height: 14.4pt;\"><td height=\"19\" class=\"xl72\" style=\"height: 14.4pt; border-top: none;\">Multas por infracciones de tránsito</td><td class=\"xl73\" style=\"border-top: none; border-left: none;\">15%</td><td colspan=\"2\" class=\"xl67\" style=\"border-left: none;\">MUNDIAL</td></tr><tr height=\"19\" style=\"height: 14.4pt;\"><td height=\"19\" class=\"xl72\" style=\"height: 14.4pt; border-top: none;\">Muerte o lesiones corporales de terceros como consecuencia de accidente&nbsp;</td><td class=\"xl73\" style=\"border-top: none; border-left: none;\">100%</td><td colspan=\"2\" class=\"xl67\" style=\"border-left: none;\">MUNDIAL</td></tr></tbody></table>', 1, 5, '2022-07-13 13:55:44'),
(30, 7, 10000.00, '<table border=\"0\" cellpadding=\"0\" cellspacing=\"0\" width=\"1014\" style=\"width: 761pt;\"><colgroup><col width=\"682\" style=\"width: 512pt;\"><col width=\"132\" style=\"width: 99pt;\"><col width=\"108\" style=\"width: 81pt;\"><col width=\"92\" style=\"width: 69pt;\"></colgroup><tbody><tr height=\"38\" style=\"height: 28.8pt;\"><td height=\"38\" class=\"xl66\" width=\"682\" style=\"height: 28.8pt; width: 512pt;\"><span style=\"font-weight: bolder;\">Cobertura básica</span></td><td class=\"xl68\" width=\"132\" style=\"border-left: none; width: 99pt;\"><span style=\"font-weight: bolder;\">Sublimite % Suma asegurada</span></td><td colspan=\"2\" class=\"xl66\" width=\"200\" style=\"border-left: none; width: 150pt;\"><span style=\"font-weight: bolder;\">Limite territorial</span></td></tr><tr height=\"58\" style=\"height: 43.2pt;\"><td height=\"58\" class=\"xl69\" width=\"682\" style=\"height: 43.2pt; border-top: none; width: 512pt;\">Indemnizar al asegurado de las sumas por las cuales haya sido legalmente responsable y esté obligado a pagar a terceros, como consecuencia de daños a cosas y daños a personas,&nbsp; mediante sentencia definitivamente firme, por eventos amparados en el contrato.</td><td class=\"xl71\" width=\"132\" style=\"border-top: none; border-left: none; width: 99pt;\">100%</td><td colspan=\"2\" class=\"xl70\" width=\"200\" style=\"border-left: none; width: 150pt;\">MUNDIAL</td></tr><tr height=\"19\" style=\"height: 14.4pt;\"><td height=\"19\" class=\"xl72\" style=\"height: 14.4pt; border-top: none;\">Daños causados por la caída de objetos transportados por el asegurado en vehículos particulares.</td><td class=\"xl73\" style=\"border-top: none; border-left: none;\">100%</td><td colspan=\"2\" class=\"xl67\" style=\"border-left: none;\">MUNDIAL</td></tr><tr height=\"19\" style=\"height: 14.4pt;\"><td height=\"19\" class=\"xl72\" style=\"height: 14.4pt; border-top: none;\">Daños causados por el asegurado dentro y fuera de su residencia</td><td class=\"xl73\" style=\"border-top: none; border-left: none;\">100%</td><td colspan=\"2\" class=\"xl67\" style=\"border-left: none;\">PAIS RESIDENCIA</td></tr><tr height=\"19\" style=\"height: 14.4pt;\"><td height=\"19\" class=\"xl72\" style=\"height: 14.4pt; border-top: none;\">Daños causados por los familiares del asegurado en los predios de la residencia del asegurado.</td><td class=\"xl73\" style=\"border-top: none; border-left: none;\">100%</td><td colspan=\"2\" class=\"xl67\" style=\"border-left: none;\">PAIS RESIDENCIA</td></tr><tr height=\"19\" style=\"height: 14.4pt;\"><td height=\"19\" class=\"xl72\" style=\"height: 14.4pt; border-top: none;\">Daños causados por la tenencia de animales domésticos.</td><td class=\"xl73\" style=\"border-top: none; border-left: none;\">100%</td><td colspan=\"2\" class=\"xl67\" style=\"border-left: none;\">MUNDIAL</td></tr><tr height=\"19\" style=\"height: 14.4pt;\"><td height=\"19\" class=\"xl72\" style=\"height: 14.4pt; border-top: none;\">Daños causados por derrame de líquidos de forma accidental e imprevista.</td><td class=\"xl73\" style=\"border-top: none; border-left: none;\">100%</td><td colspan=\"2\" class=\"xl67\" style=\"border-left: none;\">PAIS RESIDENCIA</td></tr><tr height=\"19\" style=\"height: 14.4pt;\"><td height=\"19\" class=\"xl72\" style=\"height: 14.4pt; border-top: none;\">Daños causados por contratistas del asegurado por remodelación o mantenimiento.</td><td class=\"xl73\" style=\"border-top: none; border-left: none;\">100%</td><td colspan=\"2\" class=\"xl67\" style=\"border-left: none;\">PAIS RESIDENCIA</td></tr><tr height=\"19\" style=\"height: 14.4pt;\"><td height=\"19\" class=\"xl72\" style=\"height: 14.4pt; border-top: none;\">Daños causados a inmuebles arrendados por el asegurado para residencia u hospedaje</td><td class=\"xl73\" style=\"border-top: none; border-left: none;\">100%</td><td colspan=\"2\" class=\"xl67\" style=\"border-left: none;\">MUNDIAL</td></tr><tr height=\"19\" style=\"height: 14.4pt;\"><td height=\"19\" class=\"xl72\" style=\"height: 14.4pt; border-top: none;\">Gastos por Asistencia legal internacional&nbsp;</td><td class=\"xl73\" style=\"border-top: none; border-left: none;\">40%</td><td colspan=\"2\" class=\"xl67\" style=\"border-left: none;\">MUNDIAL</td></tr><tr height=\"19\" style=\"height: 14.4pt;\"><td height=\"19\" class=\"xl72\" style=\"height: 14.4pt; border-top: none;\">Daños causados a vecinos colindantes con el asegurado por accidentes en el inmuebles ocupados por el asegurado</td><td class=\"xl73\" style=\"border-top: none; border-left: none;\">100%</td><td colspan=\"2\" class=\"xl67\" style=\"border-left: none;\">MUNDIAL</td></tr><tr height=\"19\" style=\"height: 14.4pt;\"><td height=\"19\" class=\"xl72\" style=\"height: 14.4pt; border-top: none;\">Costos de emisión de fianzas&nbsp;</td><td class=\"xl73\" style=\"border-top: none; border-left: none;\">100%</td><td colspan=\"2\" class=\"xl67\" style=\"border-left: none;\">MUNDIAL</td></tr><tr height=\"19\" style=\"height: 14.4pt;\"><td height=\"19\" class=\"xl72\" style=\"height: 14.4pt; border-top: none;\">Multas por infracciones de tránsito</td><td class=\"xl73\" style=\"border-top: none; border-left: none;\">15%</td><td colspan=\"2\" class=\"xl67\" style=\"border-left: none;\">MUNDIAL</td></tr><tr height=\"19\" style=\"height: 14.4pt;\"><td height=\"19\" class=\"xl72\" style=\"height: 14.4pt; border-top: none;\">Muerte o lesiones corporales de terceros como consecuencia de accidente&nbsp;</td><td class=\"xl73\" style=\"border-top: none; border-left: none;\">100%</td><td colspan=\"2\" class=\"xl67\" style=\"border-left: none;\">MUNDIAL</td></tr></tbody></table>', 1, 5, '2022-07-13 13:56:36'),
(31, 7, 15000.00, '<table border=\"0\" cellpadding=\"0\" cellspacing=\"0\" width=\"1014\" style=\"width: 761pt;\"><colgroup><col width=\"682\" style=\"width: 512pt;\"><col width=\"132\" style=\"width: 99pt;\"><col width=\"108\" style=\"width: 81pt;\"><col width=\"92\" style=\"width: 69pt;\"></colgroup><tbody><tr height=\"38\" style=\"height: 28.8pt;\"><td height=\"38\" class=\"xl66\" width=\"682\" style=\"height: 28.8pt; width: 512pt;\"><span style=\"font-weight: bolder;\">Cobertura básica</span></td><td class=\"xl68\" width=\"132\" style=\"border-left: none; width: 99pt;\"><span style=\"font-weight: bolder;\">Sublimite % Suma asegurada</span></td><td colspan=\"2\" class=\"xl66\" width=\"200\" style=\"border-left: none; width: 150pt;\"><span style=\"font-weight: bolder;\">Limite territorial</span></td></tr><tr height=\"58\" style=\"height: 43.2pt;\"><td height=\"58\" class=\"xl69\" width=\"682\" style=\"height: 43.2pt; border-top: none; width: 512pt;\">Indemnizar al asegurado de las sumas por las cuales haya sido legalmente responsable y esté obligado a pagar a terceros, como consecuencia de daños a cosas y daños a personas,&nbsp; mediante sentencia definitivamente firme, por eventos amparados en el contrato.</td><td class=\"xl71\" width=\"132\" style=\"border-top: none; border-left: none; width: 99pt;\">100%</td><td colspan=\"2\" class=\"xl70\" width=\"200\" style=\"border-left: none; width: 150pt;\">MUNDIAL</td></tr><tr height=\"19\" style=\"height: 14.4pt;\"><td height=\"19\" class=\"xl72\" style=\"height: 14.4pt; border-top: none;\">Daños causados por la caída de objetos transportados por el asegurado en vehículos particulares.</td><td class=\"xl73\" style=\"border-top: none; border-left: none;\">100%</td><td colspan=\"2\" class=\"xl67\" style=\"border-left: none;\">MUNDIAL</td></tr><tr height=\"19\" style=\"height: 14.4pt;\"><td height=\"19\" class=\"xl72\" style=\"height: 14.4pt; border-top: none;\">Daños causados por el asegurado dentro y fuera de su residencia</td><td class=\"xl73\" style=\"border-top: none; border-left: none;\">100%</td><td colspan=\"2\" class=\"xl67\" style=\"border-left: none;\">PAIS RESIDENCIA</td></tr><tr height=\"19\" style=\"height: 14.4pt;\"><td height=\"19\" class=\"xl72\" style=\"height: 14.4pt; border-top: none;\">Daños causados por los familiares del asegurado en los predios de la residencia del asegurado.</td><td class=\"xl73\" style=\"border-top: none; border-left: none;\">100%</td><td colspan=\"2\" class=\"xl67\" style=\"border-left: none;\">PAIS RESIDENCIA</td></tr><tr height=\"19\" style=\"height: 14.4pt;\"><td height=\"19\" class=\"xl72\" style=\"height: 14.4pt; border-top: none;\">Daños causados por la tenencia de animales domésticos.</td><td class=\"xl73\" style=\"border-top: none; border-left: none;\">100%</td><td colspan=\"2\" class=\"xl67\" style=\"border-left: none;\">MUNDIAL</td></tr><tr height=\"19\" style=\"height: 14.4pt;\"><td height=\"19\" class=\"xl72\" style=\"height: 14.4pt; border-top: none;\">Daños causados por derrame de líquidos de forma accidental e imprevista.</td><td class=\"xl73\" style=\"border-top: none; border-left: none;\">100%</td><td colspan=\"2\" class=\"xl67\" style=\"border-left: none;\">PAIS RESIDENCIA</td></tr><tr height=\"19\" style=\"height: 14.4pt;\"><td height=\"19\" class=\"xl72\" style=\"height: 14.4pt; border-top: none;\">Daños causados por contratistas del asegurado por remodelación o mantenimiento.</td><td class=\"xl73\" style=\"border-top: none; border-left: none;\">100%</td><td colspan=\"2\" class=\"xl67\" style=\"border-left: none;\">PAIS RESIDENCIA</td></tr><tr height=\"19\" style=\"height: 14.4pt;\"><td height=\"19\" class=\"xl72\" style=\"height: 14.4pt; border-top: none;\">Daños causados a inmuebles arrendados por el asegurado para residencia u hospedaje</td><td class=\"xl73\" style=\"border-top: none; border-left: none;\">100%</td><td colspan=\"2\" class=\"xl67\" style=\"border-left: none;\">MUNDIAL</td></tr><tr height=\"19\" style=\"height: 14.4pt;\"><td height=\"19\" class=\"xl72\" style=\"height: 14.4pt; border-top: none;\">Gastos por Asistencia legal internacional&nbsp;</td><td class=\"xl73\" style=\"border-top: none; border-left: none;\">40%</td><td colspan=\"2\" class=\"xl67\" style=\"border-left: none;\">MUNDIAL</td></tr><tr height=\"19\" style=\"height: 14.4pt;\"><td height=\"19\" class=\"xl72\" style=\"height: 14.4pt; border-top: none;\">Daños causados a vecinos colindantes con el asegurado por accidentes en el inmuebles ocupados por el asegurado</td><td class=\"xl73\" style=\"border-top: none; border-left: none;\">100%</td><td colspan=\"2\" class=\"xl67\" style=\"border-left: none;\">MUNDIAL</td></tr><tr height=\"19\" style=\"height: 14.4pt;\"><td height=\"19\" class=\"xl72\" style=\"height: 14.4pt; border-top: none;\">Costos de emisión de fianzas&nbsp;</td><td class=\"xl73\" style=\"border-top: none; border-left: none;\">100%</td><td colspan=\"2\" class=\"xl67\" style=\"border-left: none;\">MUNDIAL</td></tr><tr height=\"19\" style=\"height: 14.4pt;\"><td height=\"19\" class=\"xl72\" style=\"height: 14.4pt; border-top: none;\">Multas por infracciones de tránsito</td><td class=\"xl73\" style=\"border-top: none; border-left: none;\">15%</td><td colspan=\"2\" class=\"xl67\" style=\"border-left: none;\">MUNDIAL</td></tr><tr height=\"19\" style=\"height: 14.4pt;\"><td height=\"19\" class=\"xl72\" style=\"height: 14.4pt; border-top: none;\">Muerte o lesiones corporales de terceros como consecuencia de accidente&nbsp;</td><td class=\"xl73\" style=\"border-top: none; border-left: none;\">100%</td><td colspan=\"2\" class=\"xl67\" style=\"border-left: none;\">MUNDIAL</td></tr></tbody></table>', 1, 5, '2022-07-13 13:56:49'),
(32, 7, 25000.00, '<table border=\"0\" cellpadding=\"0\" cellspacing=\"0\" width=\"1014\" style=\"width: 761pt;\"><colgroup><col width=\"682\" style=\"width: 512pt;\"><col width=\"132\" style=\"width: 99pt;\"><col width=\"108\" style=\"width: 81pt;\"><col width=\"92\" style=\"width: 69pt;\"></colgroup><tbody><tr height=\"38\" style=\"height: 28.8pt;\"><td height=\"38\" class=\"xl66\" width=\"682\" style=\"height: 28.8pt; width: 512pt;\"><span style=\"font-weight: bolder;\">Cobertura básica</span></td><td class=\"xl68\" width=\"132\" style=\"border-left: none; width: 99pt;\"><span style=\"font-weight: bolder;\">Sublimite % Suma asegurada</span></td><td colspan=\"2\" class=\"xl66\" width=\"200\" style=\"border-left: none; width: 150pt;\"><span style=\"font-weight: bolder;\">Limite territorial</span></td></tr><tr height=\"58\" style=\"height: 43.2pt;\"><td height=\"58\" class=\"xl69\" width=\"682\" style=\"height: 43.2pt; border-top: none; width: 512pt;\">Indemnizar al asegurado de las sumas por las cuales haya sido legalmente responsable y esté obligado a pagar a terceros, como consecuencia de daños a cosas y daños a personas,&nbsp; mediante sentencia definitivamente firme, por eventos amparados en el contrato.</td><td class=\"xl71\" width=\"132\" style=\"border-top: none; border-left: none; width: 99pt;\">100%</td><td colspan=\"2\" class=\"xl70\" width=\"200\" style=\"border-left: none; width: 150pt;\">MUNDIAL</td></tr><tr height=\"19\" style=\"height: 14.4pt;\"><td height=\"19\" class=\"xl72\" style=\"height: 14.4pt; border-top: none;\">Daños causados por la caída de objetos transportados por el asegurado en vehículos particulares.</td><td class=\"xl73\" style=\"border-top: none; border-left: none;\">100%</td><td colspan=\"2\" class=\"xl67\" style=\"border-left: none;\">MUNDIAL</td></tr><tr height=\"19\" style=\"height: 14.4pt;\"><td height=\"19\" class=\"xl72\" style=\"height: 14.4pt; border-top: none;\">Daños causados por el asegurado dentro y fuera de su residencia</td><td class=\"xl73\" style=\"border-top: none; border-left: none;\">100%</td><td colspan=\"2\" class=\"xl67\" style=\"border-left: none;\">PAIS RESIDENCIA</td></tr><tr height=\"19\" style=\"height: 14.4pt;\"><td height=\"19\" class=\"xl72\" style=\"height: 14.4pt; border-top: none;\">Daños causados por los familiares del asegurado en los predios de la residencia del asegurado.</td><td class=\"xl73\" style=\"border-top: none; border-left: none;\">100%</td><td colspan=\"2\" class=\"xl67\" style=\"border-left: none;\">PAIS RESIDENCIA</td></tr><tr height=\"19\" style=\"height: 14.4pt;\"><td height=\"19\" class=\"xl72\" style=\"height: 14.4pt; border-top: none;\">Daños causados por la tenencia de animales domésticos.</td><td class=\"xl73\" style=\"border-top: none; border-left: none;\">100%</td><td colspan=\"2\" class=\"xl67\" style=\"border-left: none;\">MUNDIAL</td></tr><tr height=\"19\" style=\"height: 14.4pt;\"><td height=\"19\" class=\"xl72\" style=\"height: 14.4pt; border-top: none;\">Daños causados por derrame de líquidos de forma accidental e imprevista.</td><td class=\"xl73\" style=\"border-top: none; border-left: none;\">100%</td><td colspan=\"2\" class=\"xl67\" style=\"border-left: none;\">PAIS RESIDENCIA</td></tr><tr height=\"19\" style=\"height: 14.4pt;\"><td height=\"19\" class=\"xl72\" style=\"height: 14.4pt; border-top: none;\">Daños causados por contratistas del asegurado por remodelación o mantenimiento.</td><td class=\"xl73\" style=\"border-top: none; border-left: none;\">100%</td><td colspan=\"2\" class=\"xl67\" style=\"border-left: none;\">PAIS RESIDENCIA</td></tr><tr height=\"19\" style=\"height: 14.4pt;\"><td height=\"19\" class=\"xl72\" style=\"height: 14.4pt; border-top: none;\">Daños causados a inmuebles arrendados por el asegurado para residencia u hospedaje</td><td class=\"xl73\" style=\"border-top: none; border-left: none;\">100%</td><td colspan=\"2\" class=\"xl67\" style=\"border-left: none;\">MUNDIAL</td></tr><tr height=\"19\" style=\"height: 14.4pt;\"><td height=\"19\" class=\"xl72\" style=\"height: 14.4pt; border-top: none;\">Gastos por Asistencia legal internacional&nbsp;</td><td class=\"xl73\" style=\"border-top: none; border-left: none;\">40%</td><td colspan=\"2\" class=\"xl67\" style=\"border-left: none;\">MUNDIAL</td></tr><tr height=\"19\" style=\"height: 14.4pt;\"><td height=\"19\" class=\"xl72\" style=\"height: 14.4pt; border-top: none;\">Daños causados a vecinos colindantes con el asegurado por accidentes en el inmuebles ocupados por el asegurado</td><td class=\"xl73\" style=\"border-top: none; border-left: none;\">100%</td><td colspan=\"2\" class=\"xl67\" style=\"border-left: none;\">MUNDIAL</td></tr><tr height=\"19\" style=\"height: 14.4pt;\"><td height=\"19\" class=\"xl72\" style=\"height: 14.4pt; border-top: none;\">Costos de emisión de fianzas&nbsp;</td><td class=\"xl73\" style=\"border-top: none; border-left: none;\">100%</td><td colspan=\"2\" class=\"xl67\" style=\"border-left: none;\">MUNDIAL</td></tr><tr height=\"19\" style=\"height: 14.4pt;\"><td height=\"19\" class=\"xl72\" style=\"height: 14.4pt; border-top: none;\">Multas por infracciones de tránsito</td><td class=\"xl73\" style=\"border-top: none; border-left: none;\">15%</td><td colspan=\"2\" class=\"xl67\" style=\"border-left: none;\">MUNDIAL</td></tr><tr height=\"19\" style=\"height: 14.4pt;\"><td height=\"19\" class=\"xl72\" style=\"height: 14.4pt; border-top: none;\">Muerte o lesiones corporales de terceros como consecuencia de accidente&nbsp;</td><td class=\"xl73\" style=\"border-top: none; border-left: none;\">100%</td><td colspan=\"2\" class=\"xl67\" style=\"border-left: none;\">MUNDIAL</td></tr></tbody></table>', 1, 5, '2022-07-13 13:57:01'),
(33, 8, 10000.00, '<p>Muerte por cualquier causa</p>', 1, 5, '2022-07-19 08:32:46'),
(34, 8, 20000.00, '<p>Muerte por cualquier causa</p>', 1, 5, '2022-07-19 08:33:15'),
(35, 8, 30000.00, '<p>Muerte por cualquier causa</p>', 1, 5, '2022-07-19 08:33:28'),
(36, 9, 2000.00, '<p>Servicio Funerario&nbsp; &nbsp; &nbsp; &nbsp; &nbsp; &nbsp; &nbsp; &nbsp; &nbsp;USD. 2.000</p><p>Vida&nbsp; &nbsp; &nbsp; &nbsp; &nbsp; &nbsp; &nbsp; &nbsp; &nbsp; &nbsp; &nbsp; &nbsp; &nbsp; &nbsp; &nbsp; &nbsp; &nbsp; &nbsp; &nbsp; &nbsp; &nbsp; &nbsp; &nbsp; USD. 1.000</p><p>Muerte Accidental&nbsp; &nbsp; &nbsp; &nbsp; &nbsp; &nbsp; &nbsp; &nbsp; &nbsp; USD. 1.000</p><p>Invalidéz parcial y total.&nbsp; &nbsp; &nbsp; USD. 1.000</p>', 1, 5, '2022-07-19 08:51:45'),
(37, 7, 50000.00, '<table border=\"0\" cellpadding=\"0\" cellspacing=\"0\" width=\"1014\" style=\"width: 761pt;\"><colgroup><col width=\"682\" style=\"width: 512pt;\"><col width=\"132\" style=\"width: 99pt;\"><col width=\"108\" style=\"width: 81pt;\"><col width=\"92\" style=\"width: 69pt;\"></colgroup><tbody><tr height=\"38\" style=\"height: 28.8pt;\"><td height=\"38\" class=\"xl66\" width=\"682\" style=\"height: 28.8pt; width: 512pt;\"><span style=\"font-weight: bolder;\">Cobertura básica</span></td><td class=\"xl68\" width=\"132\" style=\"border-left: none; width: 99pt;\"><span style=\"font-weight: bolder;\">Sublimite % Suma asegurada</span></td><td colspan=\"2\" class=\"xl66\" width=\"200\" style=\"border-left: none; width: 150pt;\"><span style=\"font-weight: bolder;\">Limite territorial</span></td></tr><tr height=\"58\" style=\"height: 43.2pt;\"><td height=\"58\" class=\"xl69\" width=\"682\" style=\"height: 43.2pt; border-top: none; width: 512pt;\">Indemnizar al asegurado de las sumas por las cuales haya sido legalmente responsable y esté obligado a pagar a terceros, como consecuencia de daños a cosas y daños a personas,&nbsp; mediante sentencia definitivamente firme, por eventos amparados en el contrato.</td><td class=\"xl71\" width=\"132\" style=\"border-top: none; border-left: none; width: 99pt;\">100%</td><td colspan=\"2\" class=\"xl70\" width=\"200\" style=\"border-left: none; width: 150pt;\">MUNDIAL</td></tr><tr height=\"19\" style=\"height: 14.4pt;\"><td height=\"19\" class=\"xl72\" style=\"height: 14.4pt; border-top: none;\">Daños causados por la caída de objetos transportados por el asegurado en vehículos particulares.</td><td class=\"xl73\" style=\"border-top: none; border-left: none;\">100%</td><td colspan=\"2\" class=\"xl67\" style=\"border-left: none;\">MUNDIAL</td></tr><tr height=\"19\" style=\"height: 14.4pt;\"><td height=\"19\" class=\"xl72\" style=\"height: 14.4pt; border-top: none;\">Daños causados por el asegurado dentro y fuera de su residencia</td><td class=\"xl73\" style=\"border-top: none; border-left: none;\">100%</td><td colspan=\"2\" class=\"xl67\" style=\"border-left: none;\">PAIS RESIDENCIA</td></tr><tr height=\"19\" style=\"height: 14.4pt;\"><td height=\"19\" class=\"xl72\" style=\"height: 14.4pt; border-top: none;\">Daños causados por los familiares del asegurado en los predios de la residencia del asegurado.</td><td class=\"xl73\" style=\"border-top: none; border-left: none;\">100%</td><td colspan=\"2\" class=\"xl67\" style=\"border-left: none;\">PAIS RESIDENCIA</td></tr><tr height=\"19\" style=\"height: 14.4pt;\"><td height=\"19\" class=\"xl72\" style=\"height: 14.4pt; border-top: none;\">Daños causados por la tenencia de animales domésticos.</td><td class=\"xl73\" style=\"border-top: none; border-left: none;\">100%</td><td colspan=\"2\" class=\"xl67\" style=\"border-left: none;\">MUNDIAL</td></tr><tr height=\"19\" style=\"height: 14.4pt;\"><td height=\"19\" class=\"xl72\" style=\"height: 14.4pt; border-top: none;\">Daños causados por derrame de líquidos de forma accidental e imprevista.</td><td class=\"xl73\" style=\"border-top: none; border-left: none;\">100%</td><td colspan=\"2\" class=\"xl67\" style=\"border-left: none;\">PAIS RESIDENCIA</td></tr><tr height=\"19\" style=\"height: 14.4pt;\"><td height=\"19\" class=\"xl72\" style=\"height: 14.4pt; border-top: none;\">Daños causados por contratistas del asegurado por remodelación o mantenimiento.</td><td class=\"xl73\" style=\"border-top: none; border-left: none;\">100%</td><td colspan=\"2\" class=\"xl67\" style=\"border-left: none;\">PAIS RESIDENCIA</td></tr><tr height=\"19\" style=\"height: 14.4pt;\"><td height=\"19\" class=\"xl72\" style=\"height: 14.4pt; border-top: none;\">Daños causados a inmuebles arrendados por el asegurado para residencia u hospedaje</td><td class=\"xl73\" style=\"border-top: none; border-left: none;\">100%</td><td colspan=\"2\" class=\"xl67\" style=\"border-left: none;\">MUNDIAL</td></tr><tr height=\"19\" style=\"height: 14.4pt;\"><td height=\"19\" class=\"xl72\" style=\"height: 14.4pt; border-top: none;\">Gastos por Asistencia legal internacional&nbsp;</td><td class=\"xl73\" style=\"border-top: none; border-left: none;\">40%</td><td colspan=\"2\" class=\"xl67\" style=\"border-left: none;\">MUNDIAL</td></tr><tr height=\"19\" style=\"height: 14.4pt;\"><td height=\"19\" class=\"xl72\" style=\"height: 14.4pt; border-top: none;\">Daños causados a vecinos colindantes con el asegurado por accidentes en el inmuebles ocupados por el asegurado</td><td class=\"xl73\" style=\"border-top: none; border-left: none;\">100%</td><td colspan=\"2\" class=\"xl67\" style=\"border-left: none;\">MUNDIAL</td></tr><tr height=\"19\" style=\"height: 14.4pt;\"><td height=\"19\" class=\"xl72\" style=\"height: 14.4pt; border-top: none;\">Costos de emisión de fianzas&nbsp;</td><td class=\"xl73\" style=\"border-top: none; border-left: none;\">100%</td><td colspan=\"2\" class=\"xl67\" style=\"border-left: none;\">MUNDIAL</td></tr><tr height=\"19\" style=\"height: 14.4pt;\"><td height=\"19\" class=\"xl72\" style=\"height: 14.4pt; border-top: none;\">Multas por infracciones de tránsito</td><td class=\"xl73\" style=\"border-top: none; border-left: none;\">15%</td><td colspan=\"2\" class=\"xl67\" style=\"border-left: none;\">MUNDIAL</td></tr><tr height=\"19\" style=\"height: 14.4pt;\"><td height=\"19\" class=\"xl72\" style=\"height: 14.4pt; border-top: none;\">Muerte o lesiones corporales de terceros como consecuencia de accidente&nbsp;</td><td class=\"xl73\" style=\"border-top: none; border-left: none;\">100%</td><td colspan=\"2\" class=\"xl67\" style=\"border-left: none;\">MUNDIAL</td></tr></tbody></table>', 1, 5, '2022-07-28 09:29:39'),
(38, 10, 2000.00, '<p><br></p><table class=\"table table-bordered\" style=\"text-align: center;\"><tbody><tr><td><b>Coberturas</b></td><td><b>Sumas Aseguradas USD.</b></td></tr><tr><td><b>Básica</b></td><td><br></td></tr><tr><td style=\"text-align: left;\">Daños a Cosas</td><td>0,4</td></tr><tr><td style=\"text-align: left;\">Daños a Personas</td><td>0,5</td></tr><tr><td style=\"text-align: left;\">Exceso de Límite</td><td>2.000</td></tr><tr><td style=\"text-align: left;\">Defensa Penal</td><td>600</td></tr><tr><td><b>APOV (por persona)</b></td><td><br></td></tr><tr><td style=\"text-align: left;\">Muerte accidental</td><td>400</td></tr><tr><td style=\"text-align: left;\">Invalidez Total</td><td>400</td></tr><tr><td style=\"text-align: left;\">Gastos Médicos</td><td>120</td></tr><tr><td style=\"text-align: left;\">Gastos Funerarios</td><td>400</td></tr><tr><td style=\"text-align: center;\"><b>Club Arys</b></td><td>Servicios</td></tr></tbody></table><p><br></p>', 1, 5, '2022-12-20 10:15:47'),
(39, 11, 1500.00, '<p><span style=\"font-size: 1rem;\">A los efectos de esta Póliza, se consideran servicios\nfunerarios los gastos referentes a:</span></p><p class=\"MsoNormal\"><o:p></o:p></p><p class=\"MsoNormal\"><o:p>&nbsp;</o:p><span style=\"font-size: 1rem;\">Traslado del difunto a nivel nacional o local (del lugar del\nfallecimiento a la funeraria-cementerio).</span></p><p class=\"MsoNormal\"><o:p></o:p></p><p class=\"MsoNormal\">Preparación normal de los fallecidos.<o:p></o:p></p><p class=\"MsoNormal\">Ataúd adecuado para exequias.<o:p></o:p></p><p class=\"MsoNormal\">Servicio de sala velatoria (24 horas) en capilla o a\ndomicilio.<o:p></o:p></p><p class=\"MsoNormal\">Una (1) Carroza y dos (2) vehículos de acompañamiento.<o:p></o:p></p><p class=\"MsoNormal\">Servicio de cafetería.<o:p></o:p></p><p class=\"MsoNormal\">Arreglo floral.<o:p></o:p></p><p class=\"MsoNormal\">Oficios religiosos (si son solicitados).<o:p></o:p></p><p class=\"MsoNormal\">Asesoría de diligencias de ley (registros civiles,\nprefectura, hospitales, clínicas, medicatura forense).<o:p></o:p></p><p class=\"MsoNormal\">Servicio crematorio, en aquellos casos que así lo soliciten.<o:p></o:p></p><p><span style=\"font-size: 11pt; line-height: 107%; font-family: &quot;Times New Roman&quot;, serif;\">\n\n\n\n\n\n\n\n\n\n\n\n\n\n\n\n\n\n\n\n\n\n\n\n</span></p><p class=\"MsoNormal\">Una parcela de un puesto en un cementerio municipal o\nprivado.<o:p></o:p></p><p><span style=\"font-size: 11pt; line-height: 107%; font-family: &quot;Times New Roman&quot;, serif;\"><br></span></p>', 1, 5, '2022-12-20 10:35:08'),
(40, 12, 6000.00, '<p><b>Contrariamente a lo indicado en el cuadro recibo - póliza; la vigencia es por un lapso de quince (15) días continuos, contados a partir de la fecha de emisión del ticket de lotería.</b></p><p><b style=\"font-size: 1rem;\">Suma Asegurada Vida 2.000</b></p><p>Cobertura: Muerte</p><p><b>Suma Asegurada Servicios Funerarios 4.000</b></p><p><span style=\"font-size: 1rem;\">A los efectos de esta Póliza, se consideran servicios funerarios los gastos referentes a:</span></p><p class=\"MsoNormal\"><o:p></o:p></p><p class=\"MsoNormal\"><o:p>&nbsp;</o:p><span style=\"font-size: 1rem;\">Traslado del difunto a nivel nacional o local (del lugar del fallecimiento a la funeraria-cementerio).</span></p><p class=\"MsoNormal\"><o:p></o:p></p><p class=\"MsoNormal\">Preparación normal de los fallecidos.<o:p></o:p></p><p class=\"MsoNormal\">Ataúd adecuado para exequias.<o:p></o:p></p><p class=\"MsoNormal\">Servicio de sala velatoria (24 horas) en capilla o a domicilio.<o:p></o:p></p><p class=\"MsoNormal\">Una (1) Carroza y dos (2) vehículos de acompañamiento.<o:p></o:p></p><p class=\"MsoNormal\">Servicio de cafetería.<o:p></o:p></p><p class=\"MsoNormal\">Arreglo floral.<o:p></o:p></p><p class=\"MsoNormal\">Oficios religiosos (si son solicitados).<o:p></o:p></p><p class=\"MsoNormal\">Asesoría de diligencias de ley (registros civiles, prefectura, hospitales, clínicas, medicatura forense).<o:p></o:p></p><p class=\"MsoNormal\">Servicio crematorio, en aquellos casos que así lo soliciten.<o:p></o:p></p><p><span style=\"font-size: 11pt; line-height: 15.6933px; font-family: &quot;Times New Roman&quot;, serif;\"></span></p><p class=\"MsoNormal\">Una parcela de un puesto en un cementerio municipal o privado.</p><p class=\"MsoNormal\"><br></p><p class=\"MsoNormal\"><b>Para hacer&nbsp; efectiva la cobertura, El Asegurado deberá registrarse en la web indicada por la Lotería.</b></p><p class=\"MsoNormal\"><br></p>', 1, 5, '2022-12-20 11:48:24'),
(41, 13, 3000.00, '<p>Cobertura de Muerte por cualquier causa</p>', 1, 5, '2022-12-21 08:52:27'),
(42, 13, 3000.00, '<p>Cobertura de Muerte por cualquier causa</p>', 1, 5, '2022-12-21 09:00:46');
INSERT INTO `insurance_prices` (`id_price`, `id_insurance`, `price_insurance`, `descripcion_price`, `id_status`, `id_user`, `create_date`) VALUES
(43, 14, 10000.00, '<p class=\"MsoNormal\" style=\"text-align: justify; margin: 0cm 19.65pt 0cm -0.25pt;\">La Mundial de Seguros indemnizará los Costos Razonables\ncubiertos en que incurra el Asegurado por atenciones médicas, hospitalizaciones\no intervenciones quirúrgicas, como consecuencia de enfermedad,\naccidente o patología ocurrida durante la vigencia de la Póliza que constituya\nuna emergencia médica y que sean ocasionados por las patologías descritas y Amparadas en las Condiciones Particulares de la póliza. <b>La cantidad\npor indemnizar será como máximo la suma asegurada indicada en el Cuadro Póliza\nRecibo por asegurado y año póliza.</b></p><p class=\"MsoNormal\" style=\"margin-top:0cm;margin-right:19.65pt;margin-bottom:\n0cm;margin-left:-.25pt\"><br></p><p class=\"MsoNormal\" style=\"margin-top:0cm;margin-right:19.65pt;margin-bottom:\n0cm;margin-left:-.25pt\"><b>Servicios Adicionales incluidos&nbsp;en la póliza:</b></p><p class=\"MsoNormal\" style=\"margin: 0cm 19.65pt 0cm -0.25pt;\"><span style=\"font-weight: bolder;\">Telemedicina :&nbsp;</span>Consulta médica telefónica 24 horas ilimitado.</p><p class=\"MsoNormal\" style=\"margin: 0cm 19.65pt 0cm -0.25pt;\"><span style=\"font-weight: bolder;\">Atención Médica Domiciliaria:&nbsp;</span>&nbsp;Atención médica en casa.</p><p class=\"MsoNormal\" style=\"margin: 0cm 19.65pt 0cm -0.25pt;\"><span style=\"font-weight: bolder;\">Entrega de Medicamentos:</span>&nbsp; Entrega de medicamentos de patologías agudas hasta por 7 días.</p><p class=\"MsoNormal\" style=\"margin: 0cm 19.65pt 0cm -0.25pt;\"><span style=\"font-weight: bolder;\">Atención Médica Primaria ilimitada:</span>&nbsp;Consultas generales y en 15 especialidades.</p><p class=\"MsoNormal\" style=\"margin: 0cm 19.65pt 0cm -0.25pt;\"><span style=\"font-weight: bolder;\">1 Laboratorio al año:&nbsp;</span>Según perfil requerido por la patología.</p><p class=\"MsoNormal\" style=\"margin: 0cm 19.65pt 0cm -0.25pt;\"><span style=\"font-weight: bolder;\">Ginecología:</span>&nbsp; 1 consulta al año + Eco transvaginal + citología.</p><p class=\"MsoNormal\" style=\"margin: 0cm 19.65pt 0cm -0.25pt;\"><span style=\"font-weight: bolder;\">RX:&nbsp;</span>1 estudio al año según patología.</p><p class=\"MsoNormal\" style=\"margin: 0cm 19.65pt 0cm -0.25pt;\"><span style=\"font-weight: bolder;\">Ecografía:&nbsp;</span>1 año según patología - Eco simple.</p><p class=\"MsoNormal\" style=\"margin: 0cm 19.65pt 0cm -0.25pt;\"><span style=\"font-weight: bolder;\">Estudios Cardiológicos:&nbsp;</span>&nbsp;1 al año según patología: (Holter-electrocardiograma-Mapa-Ecocardiograma).</p><p class=\"MsoNormal\" style=\"margin: 0cm 19.65pt 0cm -0.25pt;\"><span style=\"font-weight: bolder;\">Rehabilitación Física:&nbsp;</span>Según facultativo (10 sesiones al año).</p><p class=\"MsoNormal\" style=\"margin: 0cm 19.65pt 0cm -0.25pt;\"><span style=\"font-weight: bolder;\">Traslado en Ambulancia:</span>&nbsp;Traslado al centro de salud</p><p class=\"MsoNormal\" style=\"margin: 0cm 19.65pt 0cm -0.25pt;\"><br></p><p class=\"MsoNormal\" style=\"margin: 0cm 19.65pt 0cm -0.25pt;\"><br></p><p class=\"MsoNormal\" style=\"margin: 0cm 19.65pt 0cm -0.25pt; text-align: center;\"><span style=\"font-weight: bolder;\">Póliza de Seguro de Vida Temporal 1 año para el titular:&nbsp; Suma asegurada USD. 5.000</span></p><p class=\"MsoNormal\" style=\"margin: 0cm 19.65pt 0cm -0.25pt;\"><br></p><p class=\"MsoNormal\" style=\"margin: 0cm 19.65pt 0cm -0.25pt;\"><br></p><p class=\"MsoNormal\" style=\"margin: 0cm 19.65pt 0cm -0.25pt;\">Puede hacer uso de su póliza llamando al&nbsp;<span style=\"font-weight: bolder;\">02129530522&nbsp;</span>y<span style=\"font-weight: bolder;\">&nbsp;Wthatsapp 04241452314</span></p><p class=\"MsoNormal\" style=\"margin-top:0cm;margin-right:19.65pt;margin-bottom:\n0cm;margin-left:-.25pt\"><br></p><p class=\"MsoNormal\" style=\"margin-top:0cm;margin-right:19.65pt;margin-bottom:\n0cm;margin-left:-.25pt\"><br></p><p class=\"MsoNormal\" style=\"margin-top:0cm;margin-right:19.65pt;margin-bottom:\n0cm;margin-left:-.25pt\"><br></p><p class=\"MsoNormal\" style=\"margin-top:0cm;margin-right:19.65pt;margin-bottom:\n0cm;margin-left:-.25pt\"><br></p><p class=\"MsoNormal\" style=\"margin-top:0cm;margin-right:19.65pt;margin-bottom:\n0cm;margin-left:-.25pt\"><o:p></o:p></p>', 1, 5, '2023-02-15 12:00:04'),
(44, 14, 20000.00, '<p class=\"MsoNormal\" style=\"margin: 0cm 19.65pt 0cm -0.25pt; text-align: justify;\">La Mundial de Seguros indemnizará los Costos Razonables cubiertos en que incurra el Asegurado por atenciones médicas, hospitalizaciones o intervenciones quirúrgicas, como consecuencia de enfermedad, accidente o patología ocurrida durante la vigencia de la Póliza que constituya una emergencia médica y que sean ocasionados por las patologías descritas y Amparadas en las Condiciones Particulares de la póliza.&nbsp;<span style=\"font-weight: bolder;\">La cantidad por indemnizar será como máximo la suma asegurada indicada en el Cuadro Póliza Recibo por asegurado y año póliza.</span></p><p class=\"MsoNormal\" style=\"margin: 0cm 19.65pt 0cm -0.25pt;\"><br></p><p class=\"MsoNormal\" style=\"margin: 0cm 19.65pt 0cm -0.25pt;\"><span style=\"font-weight: bolder;\">Servicios Adicionales incluidos&nbsp;en la póliza:</span></p><p class=\"MsoNormal\" style=\"margin: 0cm 19.65pt 0cm -0.25pt;\"><span style=\"font-weight: bolder;\">Telemedicina :&nbsp;</span>Consulta médica telefónica 24 horas ilimitado.</p><p class=\"MsoNormal\" style=\"margin: 0cm 19.65pt 0cm -0.25pt;\"><span style=\"font-weight: bolder;\">Atención Médica Domiciliaria:&nbsp;</span>&nbsp;Atención médica en casa.</p><p class=\"MsoNormal\" style=\"margin: 0cm 19.65pt 0cm -0.25pt;\"><span style=\"font-weight: bolder;\">Entrega de Medicamentos:</span>&nbsp; Entrega de medicamentos de patologías agudas hasta por 7 días.</p><p class=\"MsoNormal\" style=\"margin: 0cm 19.65pt 0cm -0.25pt;\"><span style=\"font-weight: bolder;\">Atención Médica Primaria ilimitada:</span>&nbsp;Consultas generales y en 15 especialidades.</p><p class=\"MsoNormal\" style=\"margin: 0cm 19.65pt 0cm -0.25pt;\"><span style=\"font-weight: bolder;\">1 Laboratorio al año:&nbsp;</span>Según perfil requerido por la patología.</p><p class=\"MsoNormal\" style=\"margin: 0cm 19.65pt 0cm -0.25pt;\"><span style=\"font-weight: bolder;\">Ginecología:</span>&nbsp; 1 consulta al año + Eco transvaginal + citología.</p><p class=\"MsoNormal\" style=\"margin: 0cm 19.65pt 0cm -0.25pt;\"><span style=\"font-weight: bolder;\">RX:&nbsp;</span>1 estudio al año según patología.</p><p class=\"MsoNormal\" style=\"margin: 0cm 19.65pt 0cm -0.25pt;\"><span style=\"font-weight: bolder;\">Ecografía:&nbsp;</span>1 año según patología - Eco simple.</p><p class=\"MsoNormal\" style=\"margin: 0cm 19.65pt 0cm -0.25pt;\"><span style=\"font-weight: bolder;\">Estudios Cardiológicos:&nbsp;</span>&nbsp;1 al año según patología: (Holter-electrocardiograma-Mapa-Ecocardiograma).</p><p class=\"MsoNormal\" style=\"margin: 0cm 19.65pt 0cm -0.25pt;\"><span style=\"font-weight: bolder;\">Rehabilitación Física:&nbsp;</span>Según facultativo (10 sesiones al año).</p><p class=\"MsoNormal\" style=\"margin: 0cm 19.65pt 0cm -0.25pt;\"><span style=\"font-weight: bolder;\">Traslado en Ambulancia:</span>&nbsp;Traslado al centro de salud</p><p class=\"MsoNormal\" style=\"margin: 0cm 19.65pt 0cm -0.25pt;\"><br></p><p class=\"MsoNormal\" style=\"margin: 0cm 19.65pt 0cm -0.25pt;\"><br></p><p class=\"MsoNormal\" style=\"margin: 0cm 19.65pt 0cm -0.25pt; text-align: center;\"><span style=\"font-weight: bolder;\">Póliza de Seguro de Vida Temporal 1 año para el titular:&nbsp; Suma asegurada USD. 5.000</span></p><p class=\"MsoNormal\" style=\"margin: 0cm 19.65pt 0cm -0.25pt;\"><br></p><p class=\"MsoNormal\" style=\"margin: 0cm 19.65pt 0cm -0.25pt;\"><br></p><p class=\"MsoNormal\" style=\"margin: 0cm 19.65pt 0cm -0.25pt;\">Puede hacer uso de su póliza llamando al&nbsp;<span style=\"font-weight: bolder;\">02129530522&nbsp;</span>y<span style=\"font-weight: bolder;\">&nbsp;Wthatsapp 04241452314</span></p>', 1, 5, '2023-02-15 12:00:33'),
(45, 14, 50000.00, '<p class=\"MsoNormal\" style=\"margin: 0cm 19.65pt 0cm -0.25pt; text-align: justify;\">La Mundial de Seguros indemnizará los Costos Razonables cubiertos en que incurra el Asegurado por atenciones médicas, hospitalizaciones o intervenciones quirúrgicas, como consecuencia de enfermedad, accidente o patología ocurrida durante la vigencia de la Póliza que constituya una emergencia médica y que sean ocasionados por las patologías descritas y Amparadas en las Condiciones Particulares de la póliza.&nbsp;<span style=\"font-weight: bolder;\">La cantidad por indemnizar será como máximo la suma asegurada indicada en el Cuadro Póliza Recibo por asegurado y año póliza.</span></p><p class=\"MsoNormal\" style=\"margin: 0cm 19.65pt 0cm -0.25pt;\"><br></p><p class=\"MsoNormal\" style=\"margin: 0cm 19.65pt 0cm -0.25pt;\"><span style=\"font-weight: bolder;\">Servicios Adicionales incluidos&nbsp;en la póliza:</span></p><p class=\"MsoNormal\" style=\"margin: 0cm 19.65pt 0cm -0.25pt;\"><span style=\"font-weight: bolder;\">Telemedicina :&nbsp;</span>Consulta médica telefónica 24 horas ilimitado.</p><p class=\"MsoNormal\" style=\"margin: 0cm 19.65pt 0cm -0.25pt;\"><span style=\"font-weight: bolder;\">Atención Médica Domiciliaria:&nbsp;</span>&nbsp;Atención médica en casa.</p><p class=\"MsoNormal\" style=\"margin: 0cm 19.65pt 0cm -0.25pt;\"><span style=\"font-weight: bolder;\">Entrega de Medicamentos:</span>&nbsp; Entrega de medicamentos de patologías agudas hasta por 7 días.</p><p class=\"MsoNormal\" style=\"margin: 0cm 19.65pt 0cm -0.25pt;\"><span style=\"font-weight: bolder;\">Atención Médica Primaria ilimitada:</span>&nbsp;Consultas generales y en 15 especialidades.</p><p class=\"MsoNormal\" style=\"margin: 0cm 19.65pt 0cm -0.25pt;\"><span style=\"font-weight: bolder;\">1 Laboratorio al año:&nbsp;</span>Según perfil requerido por la patología.</p><p class=\"MsoNormal\" style=\"margin: 0cm 19.65pt 0cm -0.25pt;\"><span style=\"font-weight: bolder;\">Ginecología:</span>&nbsp; 1 consulta al año + Eco transvaginal + citología.</p><p class=\"MsoNormal\" style=\"margin: 0cm 19.65pt 0cm -0.25pt;\"><span style=\"font-weight: bolder;\">RX:&nbsp;</span>1 estudio al año según patología.</p><p class=\"MsoNormal\" style=\"margin: 0cm 19.65pt 0cm -0.25pt;\"><span style=\"font-weight: bolder;\">Ecografía:&nbsp;</span>1 año según patología - Eco simple.</p><p class=\"MsoNormal\" style=\"margin: 0cm 19.65pt 0cm -0.25pt;\"><span style=\"font-weight: bolder;\">Estudios Cardiológicos:&nbsp;</span>&nbsp;1 al año según patología: (Holter-electrocardiograma-Mapa-Ecocardiograma).</p><p class=\"MsoNormal\" style=\"margin: 0cm 19.65pt 0cm -0.25pt;\"><span style=\"font-weight: bolder;\">Rehabilitación Física:&nbsp;</span>Según facultativo (10 sesiones al año).</p><p class=\"MsoNormal\" style=\"margin: 0cm 19.65pt 0cm -0.25pt;\"><span style=\"font-weight: bolder;\">Traslado en Ambulancia:</span>&nbsp;Traslado al centro de salud</p><p class=\"MsoNormal\" style=\"margin: 0cm 19.65pt 0cm -0.25pt;\"><br></p><p class=\"MsoNormal\" style=\"margin: 0cm 19.65pt 0cm -0.25pt;\"><br></p><p class=\"MsoNormal\" style=\"margin: 0cm 19.65pt 0cm -0.25pt; text-align: center;\"><span style=\"font-weight: bolder;\">Póliza de Seguro de Vida Temporal 1 año para el titular:&nbsp; Suma asegurada USD. 5.000</span></p><p class=\"MsoNormal\" style=\"margin: 0cm 19.65pt 0cm -0.25pt;\"><br></p><p class=\"MsoNormal\" style=\"margin: 0cm 19.65pt 0cm -0.25pt;\"><br></p><p class=\"MsoNormal\" style=\"margin: 0cm 19.65pt 0cm -0.25pt;\">Puede hacer uso de su póliza llamando al&nbsp;<span style=\"font-weight: bolder;\">02129530522&nbsp;</span>y<span style=\"font-weight: bolder;\">&nbsp;Wthatsapp 04241452314</span></p><p class=\"MsoNormal\" style=\"margin: 0cm 19.65pt 0cm -0.25pt;\"><br></p><p class=\"MsoNormal\" style=\"margin: 0cm 19.65pt 0cm -0.25pt;\"><br></p><p class=\"MsoNormal\" style=\"margin: 0cm 19.65pt 0cm -0.25pt;\"><br></p>', 1, 5, '2023-02-15 12:00:45'),
(46, 14, 100000.00, '<p class=\"MsoNormal\" style=\"margin: 0cm 19.65pt 0cm -0.25pt; text-align: justify;\">La Mundial de Seguros indemnizará los Costos Razonables cubiertos en que incurra el Asegurado por atenciones médicas, hospitalizaciones o intervenciones quirúrgicas, como consecuencia de enfermedad, accidente o patología ocurrida durante la vigencia de la Póliza que constituya una emergencia médica y que sean ocasionados por las patologías descritas y Amparadas en las Condiciones Particulares de la póliza.&nbsp;<span style=\"font-weight: bolder;\">La cantidad por indemnizar será como máximo la suma asegurada indicada en el Cuadro Póliza Recibo por asegurado y año póliza.</span></p><p class=\"MsoNormal\" style=\"margin: 0cm 19.65pt 0cm -0.25pt;\"><br></p><p class=\"MsoNormal\" style=\"margin: 0cm 19.65pt 0cm -0.25pt;\"><span style=\"font-weight: bolder;\">Servicios Adicionales incluidos&nbsp;en la póliza:</span></p><p class=\"MsoNormal\" style=\"margin: 0cm 19.65pt 0cm -0.25pt;\"><span style=\"font-weight: bolder;\">Telemedicina :&nbsp;</span>Consulta médica telefónica 24 horas ilimitado.</p><p class=\"MsoNormal\" style=\"margin: 0cm 19.65pt 0cm -0.25pt;\"><span style=\"font-weight: bolder;\">Atención Médica Domiciliaria:&nbsp;</span>&nbsp;Atención médica en casa.</p><p class=\"MsoNormal\" style=\"margin: 0cm 19.65pt 0cm -0.25pt;\"><span style=\"font-weight: bolder;\">Entrega de Medicamentos:</span>&nbsp; Entrega de medicamentos de patologías agudas hasta por 7 días.</p><p class=\"MsoNormal\" style=\"margin: 0cm 19.65pt 0cm -0.25pt;\"><span style=\"font-weight: bolder;\">Atención Médica Primaria ilimitada:</span>&nbsp;Consultas generales y en 15 especialidades.</p><p class=\"MsoNormal\" style=\"margin: 0cm 19.65pt 0cm -0.25pt;\"><span style=\"font-weight: bolder;\">1 Laboratorio al año:&nbsp;</span>Según perfil requerido por la patología.</p><p class=\"MsoNormal\" style=\"margin: 0cm 19.65pt 0cm -0.25pt;\"><span style=\"font-weight: bolder;\">Ginecología:</span>&nbsp; 1 consulta al año + Eco transvaginal + citología.</p><p class=\"MsoNormal\" style=\"margin: 0cm 19.65pt 0cm -0.25pt;\"><span style=\"font-weight: bolder;\">RX:&nbsp;</span>1 estudio al año según patología.</p><p class=\"MsoNormal\" style=\"margin: 0cm 19.65pt 0cm -0.25pt;\"><span style=\"font-weight: bolder;\">Ecografía:&nbsp;</span>1 año según patología - Eco simple.</p><p class=\"MsoNormal\" style=\"margin: 0cm 19.65pt 0cm -0.25pt;\"><span style=\"font-weight: bolder;\">Estudios Cardiológicos:&nbsp;</span>&nbsp;1 al año según patología: (Holter-electrocardiograma-Mapa-Ecocardiograma).</p><p class=\"MsoNormal\" style=\"margin: 0cm 19.65pt 0cm -0.25pt;\"><span style=\"font-weight: bolder;\">Rehabilitación Física:&nbsp;</span>Según facultativo (10 sesiones al año).</p><p class=\"MsoNormal\" style=\"margin: 0cm 19.65pt 0cm -0.25pt;\"><span style=\"font-weight: bolder;\">Traslado en Ambulancia:</span>&nbsp;Traslado al centro de salud</p><p class=\"MsoNormal\" style=\"margin: 0cm 19.65pt 0cm -0.25pt;\"><br></p><p class=\"MsoNormal\" style=\"margin: 0cm 19.65pt 0cm -0.25pt;\"><br></p><p class=\"MsoNormal\" style=\"margin: 0cm 19.65pt 0cm -0.25pt; text-align: center;\"><span style=\"font-weight: bolder;\">Póliza de Seguro de Vida Temporal 1 año para el titular:&nbsp; Suma asegurada USD. 5.000</span></p><p class=\"MsoNormal\" style=\"margin: 0cm 19.65pt 0cm -0.25pt;\"><br></p><p class=\"MsoNormal\" style=\"margin: 0cm 19.65pt 0cm -0.25pt;\"><br></p><p class=\"MsoNormal\" style=\"margin: 0cm 19.65pt 0cm -0.25pt;\">Puede hacer uso de su póliza llamando al&nbsp;<span style=\"font-weight: bolder;\">02129530522&nbsp;</span>y<span style=\"font-weight: bolder;\">&nbsp;Wthatsapp 04241452314</span></p><p class=\"MsoNormal\" style=\"margin: 0cm 19.65pt 0cm -0.25pt;\"><br></p><p class=\"MsoNormal\" style=\"margin: 0cm 19.65pt 0cm -0.25pt;\"><br></p><p class=\"MsoNormal\" style=\"margin: 0cm 19.65pt 0cm -0.25pt;\"><br></p>', 1, 5, '2023-02-15 12:00:58'),
(47, 15, 10000.00, '<p class=\"MsoNormal\" style=\"margin: 0cm 19.65pt 0cm -0.25pt; text-align: justify;\"><b>Grupo Familiar:</b> <b>Hasta 5 personas (Titular + Carga familiar, sólo cónyuge e hijos hasta 25 años)</b></p><p class=\"MsoNormal\" style=\"margin: 0cm 19.65pt 0cm -0.25pt; text-align: justify;\"><span style=\"font-size: 1rem;\"><br></span></p><p class=\"MsoNormal\" style=\"margin: 0cm 19.65pt 0cm -0.25pt; text-align: justify;\"><span style=\"font-size: 1rem;\">La Mundial de Seguros indemnizará los Costos Razonables cubiertos en que incurra el Asegurado por atenciones médicas, hospitalizaciones o intervenciones quirúrgicas, como consecuencia de enfermedad, accidente o patología ocurrida durante la vigencia de la Póliza que constituya una emergencia médica y que sean ocasionados por las patologías descritas y Amparadas en las Condiciones Particulares de la póliza.&nbsp;</span><span style=\"font-size: 1rem; font-weight: bolder;\">La cantidad por indemnizar será como máximo la suma asegurada indicada en el Cuadro Póliza Recibo por asegurado y año póliza.</span></p><p class=\"MsoNormal\" style=\"margin: 0cm 19.65pt 0cm -0.25pt;\"><br></p><p class=\"MsoNormal\" style=\"margin: 0cm 19.65pt 0cm -0.25pt;\"><span style=\"font-weight: bolder;\">Servicios Adicionales </span><b>incluidos</b><span style=\"font-weight: bolder;\">&nbsp;en la póliza por persona:</span></p><p class=\"MsoNormal\" style=\"margin: 0cm 19.65pt 0cm -0.25pt;\"><span style=\"font-weight: bolder;\">Telemedicina :&nbsp;</span>Consulta médica telefónica 24 horas ilimitado.</p><p class=\"MsoNormal\" style=\"margin: 0cm 19.65pt 0cm -0.25pt;\"><span style=\"font-weight: bolder;\">Atención Médica Domiciliaria:&nbsp;</span>&nbsp;Atención médica en casa.</p><p class=\"MsoNormal\" style=\"margin: 0cm 19.65pt 0cm -0.25pt;\"><span style=\"font-weight: bolder;\">Entrega de Medicamentos:</span>&nbsp; Entrega de medicamentos de patologías agudas hasta por 7 días.</p><p class=\"MsoNormal\" style=\"margin: 0cm 19.65pt 0cm -0.25pt;\"><span style=\"font-weight: bolder;\">Atención Médica Primaria ilimitada:</span>&nbsp;Consultas generales y en 15 especialidades.</p><p class=\"MsoNormal\" style=\"margin: 0cm 19.65pt 0cm -0.25pt;\"><span style=\"font-weight: bolder;\">1 Laboratorio al año:&nbsp;</span>Según perfil requerido por la patología.</p><p class=\"MsoNormal\" style=\"margin: 0cm 19.65pt 0cm -0.25pt;\"><span style=\"font-weight: bolder;\">Ginecología:</span>&nbsp; 1 consulta al año + Eco transvaginal + citología.</p><p class=\"MsoNormal\" style=\"margin: 0cm 19.65pt 0cm -0.25pt;\"><span style=\"font-weight: bolder;\">RX:&nbsp;</span>1 estudio al año según patología.</p><p class=\"MsoNormal\" style=\"margin: 0cm 19.65pt 0cm -0.25pt;\"><span style=\"font-weight: bolder;\">Ecografía:&nbsp;</span>1 año según patología - Eco simple.</p><p class=\"MsoNormal\" style=\"margin: 0cm 19.65pt 0cm -0.25pt;\"><span style=\"font-weight: bolder;\">Estudios Cardiológicos:&nbsp;</span>&nbsp;1 al año según patología: (Holter-electrocardiograma-Mapa-Ecocardiograma).</p><p class=\"MsoNormal\" style=\"margin: 0cm 19.65pt 0cm -0.25pt;\"><span style=\"font-weight: bolder;\">Rehabilitación Física:&nbsp;</span>Según facultativo (10 sesiones al año).</p><p class=\"MsoNormal\" style=\"margin: 0cm 19.65pt 0cm -0.25pt;\"><b>Traslado en Ambulancia:</b> Traslado al centro de salud</p><p class=\"MsoNormal\" style=\"margin: 0cm 19.65pt 0cm -0.25pt;\"><br></p><p class=\"MsoNormal\" style=\"margin: 0cm 19.65pt 0cm -0.25pt;\"><br></p><p class=\"MsoNormal\" style=\"margin: 0cm 19.65pt 0cm -0.25pt; text-align: center;\"><span style=\"font-weight: bolder;\">Póliza de Seguro de Vida Temporal 1 año para el titular:&nbsp; Suma asegurada USD. 5.000</span></p><p class=\"MsoNormal\" style=\"margin: 0cm 19.65pt 0cm -0.25pt;\"><br></p><p class=\"MsoNormal\" style=\"margin: 0cm 19.65pt 0cm -0.25pt;\"><br></p><p class=\"MsoNormal\" style=\"margin: 0cm 19.65pt 0cm -0.25pt;\">Puede hacer uso de su póliza llamando al&nbsp;<span style=\"font-weight: bolder;\">02129530522 </span>y<span style=\"font-weight: bolder;\"> Wthatsapp 04241452314</span></p>', 1, 5, '2023-03-17 14:49:10'),
(48, 15, 20000.00, '<p class=\"MsoNormal\" style=\"margin: 0cm 19.65pt 0cm -0.25pt; text-align: justify;\"><span style=\"font-weight: bolder;\">Grupo Familiar:</span>&nbsp;<b>Hasta 5 personas (Titular + Carga familiar, sólo cónyuge e hijos hasta 25 años)</b></p><p class=\"MsoNormal\" style=\"margin: 0cm 19.65pt 0cm -0.25pt; text-align: justify;\"><span style=\"font-size: 1rem;\"><br></span></p><p class=\"MsoNormal\" style=\"margin: 0cm 19.65pt 0cm -0.25pt; text-align: justify;\"><span style=\"font-size: 1rem;\">La Mundial de Seguros indemnizará los Costos Razonables cubiertos en que incurra el Asegurado por atenciones médicas, hospitalizaciones o intervenciones quirúrgicas, como consecuencia de enfermedad, accidente o patología ocurrida durante la vigencia de la Póliza que constituya una emergencia médica y que sean ocasionados por las patologías descritas y Amparadas en las Condiciones Particulares de la póliza.&nbsp;</span><span style=\"font-size: 1rem; font-weight: bolder;\">La cantidad por indemnizar será como máximo la suma asegurada indicada en el Cuadro Póliza Recibo por asegurado y año póliza.</span></p><p class=\"MsoNormal\" style=\"margin: 0cm 19.65pt 0cm -0.25pt;\"><br></p><p class=\"MsoNormal\" style=\"margin: 0cm 19.65pt 0cm -0.25pt;\"><span style=\"font-weight: bolder;\">Servicios Adicionales&nbsp;</span><span style=\"font-weight: bolder;\">incluidos</span><span style=\"font-weight: bolder;\">&nbsp;en la póliza por persona:</span></p><p class=\"MsoNormal\" style=\"margin: 0cm 19.65pt 0cm -0.25pt;\"><span style=\"font-weight: bolder;\">Telemedicina :&nbsp;</span>Consulta médica telefónica 24 horas ilimitado.</p><p class=\"MsoNormal\" style=\"margin: 0cm 19.65pt 0cm -0.25pt;\"><span style=\"font-weight: bolder;\">Atención Médica Domiciliaria:&nbsp;</span>&nbsp;Atención médica en casa.</p><p class=\"MsoNormal\" style=\"margin: 0cm 19.65pt 0cm -0.25pt;\"><span style=\"font-weight: bolder;\">Entrega de Medicamentos:</span>&nbsp; Entrega de medicamentos de patologías agudas hasta por 7 días.</p><p class=\"MsoNormal\" style=\"margin: 0cm 19.65pt 0cm -0.25pt;\"><span style=\"font-weight: bolder;\">Atención Médica Primaria ilimitada:</span>&nbsp;Consultas generales y en 15 especialidades.</p><p class=\"MsoNormal\" style=\"margin: 0cm 19.65pt 0cm -0.25pt;\"><span style=\"font-weight: bolder;\">1 Laboratorio al año:&nbsp;</span>Según perfil requerido por la patología.</p><p class=\"MsoNormal\" style=\"margin: 0cm 19.65pt 0cm -0.25pt;\"><span style=\"font-weight: bolder;\">Ginecología:</span>&nbsp; 1 consulta al año + Eco transvaginal + citología.</p><p class=\"MsoNormal\" style=\"margin: 0cm 19.65pt 0cm -0.25pt;\"><span style=\"font-weight: bolder;\">RX:&nbsp;</span>1 estudio al año según patología.</p><p class=\"MsoNormal\" style=\"margin: 0cm 19.65pt 0cm -0.25pt;\"><span style=\"font-weight: bolder;\">Ecografía:&nbsp;</span>1 año según patología - Eco simple.</p><p class=\"MsoNormal\" style=\"margin: 0cm 19.65pt 0cm -0.25pt;\"><span style=\"font-weight: bolder;\">Estudios Cardiológicos:&nbsp;</span>&nbsp;1 al año según patología: (Holter-electrocardiograma-Mapa-Ecocardiograma).</p><p class=\"MsoNormal\" style=\"margin: 0cm 19.65pt 0cm -0.25pt;\"><span style=\"font-weight: bolder;\">Rehabilitación Física:&nbsp;</span>Según facultativo (10 sesiones al año).</p><p class=\"MsoNormal\" style=\"margin: 0cm 19.65pt 0cm -0.25pt;\"><span style=\"font-weight: bolder;\">Traslado en Ambulancia:</span>&nbsp;Traslado al centro de salud</p><p class=\"MsoNormal\" style=\"margin: 0cm 19.65pt 0cm -0.25pt;\"><br></p><p class=\"MsoNormal\" style=\"margin: 0cm 19.65pt 0cm -0.25pt;\"><br></p><p class=\"MsoNormal\" style=\"margin: 0cm 19.65pt 0cm -0.25pt; text-align: center;\"><span style=\"font-weight: bolder;\">Póliza de Seguro de Vida Temporal 1 año para el titular:&nbsp; Suma asegurada USD. 5.000</span></p><p class=\"MsoNormal\" style=\"margin: 0cm 19.65pt 0cm -0.25pt;\"><br></p><p class=\"MsoNormal\" style=\"margin: 0cm 19.65pt 0cm -0.25pt;\"><br></p><p class=\"MsoNormal\" style=\"margin: 0cm 19.65pt 0cm -0.25pt;\">Puede hacer uso de su póliza llamando al&nbsp;<span style=\"font-weight: bolder;\">02129530522&nbsp;</span>y<span style=\"font-weight: bolder;\">&nbsp;Wthatsapp 04241452314</span></p>', 1, 5, '2023-03-17 14:49:21'),
(49, 15, 50000.00, '<p class=\"MsoNormal\" style=\"margin: 0cm 19.65pt 0cm -0.25pt; text-align: justify;\"><span style=\"font-weight: bolder;\">Grupo Familiar:</span>&nbsp;<b>Hasta 5 personas (Titular + Carga familiar, sólo cónyuge e hijos hasta 25 años)</b></p><p class=\"MsoNormal\" style=\"margin: 0cm 19.65pt 0cm -0.25pt; text-align: justify;\"><span style=\"font-size: 1rem;\"><br></span></p><p class=\"MsoNormal\" style=\"margin: 0cm 19.65pt 0cm -0.25pt; text-align: justify;\"><span style=\"font-size: 1rem;\">La Mundial de Seguros indemnizará los Costos Razonables cubiertos en que incurra el Asegurado por atenciones médicas, hospitalizaciones o intervenciones quirúrgicas, como consecuencia de enfermedad, accidente o patología ocurrida durante la vigencia de la Póliza que constituya una emergencia médica y que sean ocasionados por las patologías descritas y Amparadas en las Condiciones Particulares de la póliza.&nbsp;</span><span style=\"font-size: 1rem; font-weight: bolder;\">La cantidad por indemnizar será como máximo la suma asegurada indicada en el Cuadro Póliza Recibo por asegurado y año póliza.</span></p><p class=\"MsoNormal\" style=\"margin: 0cm 19.65pt 0cm -0.25pt;\"><br></p><p class=\"MsoNormal\" style=\"margin: 0cm 19.65pt 0cm -0.25pt;\"><span style=\"font-weight: bolder;\">Servicios Adicionales&nbsp;</span><span style=\"font-weight: bolder;\">incluidos</span><span style=\"font-weight: bolder;\">&nbsp;en la póliza por persona:</span></p><p class=\"MsoNormal\" style=\"margin: 0cm 19.65pt 0cm -0.25pt;\"><span style=\"font-weight: bolder;\">Telemedicina :&nbsp;</span>Consulta médica telefónica 24 horas ilimitado.</p><p class=\"MsoNormal\" style=\"margin: 0cm 19.65pt 0cm -0.25pt;\"><span style=\"font-weight: bolder;\">Atención Médica Domiciliaria:&nbsp;</span>&nbsp;Atención médica en casa.</p><p class=\"MsoNormal\" style=\"margin: 0cm 19.65pt 0cm -0.25pt;\"><span style=\"font-weight: bolder;\">Entrega de Medicamentos:</span>&nbsp; Entrega de medicamentos de patologías agudas hasta por 7 días.</p><p class=\"MsoNormal\" style=\"margin: 0cm 19.65pt 0cm -0.25pt;\"><span style=\"font-weight: bolder;\">Atención Médica Primaria ilimitada:</span>&nbsp;Consultas generales y en 15 especialidades.</p><p class=\"MsoNormal\" style=\"margin: 0cm 19.65pt 0cm -0.25pt;\"><span style=\"font-weight: bolder;\">1 Laboratorio al año:&nbsp;</span>Según perfil requerido por la patología.</p><p class=\"MsoNormal\" style=\"margin: 0cm 19.65pt 0cm -0.25pt;\"><span style=\"font-weight: bolder;\">Ginecología:</span>&nbsp; 1 consulta al año + Eco transvaginal + citología.</p><p class=\"MsoNormal\" style=\"margin: 0cm 19.65pt 0cm -0.25pt;\"><span style=\"font-weight: bolder;\">RX:&nbsp;</span>1 estudio al año según patología.</p><p class=\"MsoNormal\" style=\"margin: 0cm 19.65pt 0cm -0.25pt;\"><span style=\"font-weight: bolder;\">Ecografía:&nbsp;</span>1 año según patología - Eco simple.</p><p class=\"MsoNormal\" style=\"margin: 0cm 19.65pt 0cm -0.25pt;\"><span style=\"font-weight: bolder;\">Estudios Cardiológicos:&nbsp;</span>&nbsp;1 al año según patología: (Holter-electrocardiograma-Mapa-Ecocardiograma).</p><p class=\"MsoNormal\" style=\"margin: 0cm 19.65pt 0cm -0.25pt;\"><span style=\"font-weight: bolder;\">Rehabilitación Física:&nbsp;</span>Según facultativo (10 sesiones al año).</p><p class=\"MsoNormal\" style=\"margin: 0cm 19.65pt 0cm -0.25pt;\"><span style=\"font-weight: bolder;\">Traslado en Ambulancia:</span>&nbsp;Traslado al centro de salud</p><p class=\"MsoNormal\" style=\"margin: 0cm 19.65pt 0cm -0.25pt;\"><br></p><p class=\"MsoNormal\" style=\"margin: 0cm 19.65pt 0cm -0.25pt;\"><br></p><p class=\"MsoNormal\" style=\"margin: 0cm 19.65pt 0cm -0.25pt; text-align: center;\"><span style=\"font-weight: bolder;\">Póliza de Seguro de Vida Temporal 1 año para el titular:&nbsp; Suma asegurada USD. 5.000</span></p><p class=\"MsoNormal\" style=\"margin: 0cm 19.65pt 0cm -0.25pt;\"><br></p><p class=\"MsoNormal\" style=\"margin: 0cm 19.65pt 0cm -0.25pt;\"><br></p><p class=\"MsoNormal\" style=\"margin: 0cm 19.65pt 0cm -0.25pt;\">Puede hacer uso de su póliza llamando al&nbsp;<span style=\"font-weight: bolder;\">02129530522&nbsp;</span>y<span style=\"font-weight: bolder;\">&nbsp;Wthatsapp 04241452314</span></p>', 1, 5, '2023-03-17 14:49:32'),
(50, 15, 100000.00, '<p class=\"MsoNormal\" style=\"margin: 0cm 19.65pt 0cm -0.25pt; text-align: justify;\"><span style=\"font-weight: bolder;\">Grupo Familiar:</span>&nbsp;<b>Hasta 5 personas (Titular + Carga familiar, sólo cónyuge e hijos hasta 25 años)</b></p><p class=\"MsoNormal\" style=\"margin: 0cm 19.65pt 0cm -0.25pt; text-align: justify;\"><span style=\"font-size: 1rem;\"><br></span></p><p class=\"MsoNormal\" style=\"margin: 0cm 19.65pt 0cm -0.25pt; text-align: justify;\"><span style=\"font-size: 1rem;\">La Mundial de Seguros indemnizará los Costos Razonables cubiertos en que incurra el Asegurado por atenciones médicas, hospitalizaciones o intervenciones quirúrgicas, como consecuencia de enfermedad, accidente o patología ocurrida durante la vigencia de la Póliza que constituya una emergencia médica y que sean ocasionados por las patologías descritas y Amparadas en las Condiciones Particulares de la póliza.&nbsp;</span><span style=\"font-size: 1rem; font-weight: bolder;\">La cantidad por indemnizar será como máximo la suma asegurada indicada en el Cuadro Póliza Recibo por asegurado y año póliza.</span></p><p class=\"MsoNormal\" style=\"margin: 0cm 19.65pt 0cm -0.25pt;\"><br></p><p class=\"MsoNormal\" style=\"margin: 0cm 19.65pt 0cm -0.25pt;\"><span style=\"font-weight: bolder;\">Servicios Adicionales&nbsp;</span><span style=\"font-weight: bolder;\">incluidos</span><span style=\"font-weight: bolder;\">&nbsp;en la póliza por persona:</span></p><p class=\"MsoNormal\" style=\"margin: 0cm 19.65pt 0cm -0.25pt;\"><span style=\"font-weight: bolder;\">Telemedicina :&nbsp;</span>Consulta médica telefónica 24 horas ilimitado.</p><p class=\"MsoNormal\" style=\"margin: 0cm 19.65pt 0cm -0.25pt;\"><span style=\"font-weight: bolder;\">Atención Médica Domiciliaria:&nbsp;</span>&nbsp;Atención médica en casa.</p><p class=\"MsoNormal\" style=\"margin: 0cm 19.65pt 0cm -0.25pt;\"><span style=\"font-weight: bolder;\">Entrega de Medicamentos:</span>&nbsp; Entrega de medicamentos de patologías agudas hasta por 7 días.</p><p class=\"MsoNormal\" style=\"margin: 0cm 19.65pt 0cm -0.25pt;\"><span style=\"font-weight: bolder;\">Atención Médica Primaria ilimitada:</span>&nbsp;Consultas generales y en 15 especialidades.</p><p class=\"MsoNormal\" style=\"margin: 0cm 19.65pt 0cm -0.25pt;\"><span style=\"font-weight: bolder;\">1 Laboratorio al año:&nbsp;</span>Según perfil requerido por la patología.</p><p class=\"MsoNormal\" style=\"margin: 0cm 19.65pt 0cm -0.25pt;\"><span style=\"font-weight: bolder;\">Ginecología:</span>&nbsp; 1 consulta al año + Eco transvaginal + citología.</p><p class=\"MsoNormal\" style=\"margin: 0cm 19.65pt 0cm -0.25pt;\"><span style=\"font-weight: bolder;\">RX:&nbsp;</span>1 estudio al año según patología.</p><p class=\"MsoNormal\" style=\"margin: 0cm 19.65pt 0cm -0.25pt;\"><span style=\"font-weight: bolder;\">Ecografía:&nbsp;</span>1 año según patología - Eco simple.</p><p class=\"MsoNormal\" style=\"margin: 0cm 19.65pt 0cm -0.25pt;\"><span style=\"font-weight: bolder;\">Estudios Cardiológicos:&nbsp;</span>&nbsp;1 al año según patología: (Holter-electrocardiograma-Mapa-Ecocardiograma).</p><p class=\"MsoNormal\" style=\"margin: 0cm 19.65pt 0cm -0.25pt;\"><span style=\"font-weight: bolder;\">Rehabilitación Física:&nbsp;</span>Según facultativo (10 sesiones al año).</p><p class=\"MsoNormal\" style=\"margin: 0cm 19.65pt 0cm -0.25pt;\"><span style=\"font-weight: bolder;\">Traslado en Ambulancia:</span>&nbsp;Traslado al centro de salud</p><p class=\"MsoNormal\" style=\"margin: 0cm 19.65pt 0cm -0.25pt;\"><br></p><p class=\"MsoNormal\" style=\"margin: 0cm 19.65pt 0cm -0.25pt;\"><br></p><p class=\"MsoNormal\" style=\"margin: 0cm 19.65pt 0cm -0.25pt; text-align: center;\"><span style=\"font-weight: bolder;\">Póliza de Seguro de Vida Temporal 1 año para el titular:&nbsp; Suma asegurada USD. 5.000</span></p><p class=\"MsoNormal\" style=\"margin: 0cm 19.65pt 0cm -0.25pt;\"><br></p><p class=\"MsoNormal\" style=\"margin: 0cm 19.65pt 0cm -0.25pt;\"><br></p><p class=\"MsoNormal\" style=\"margin: 0cm 19.65pt 0cm -0.25pt;\">Puede hacer uso de su póliza llamando al&nbsp;<span style=\"font-weight: bolder;\">02129530522&nbsp;</span>y<span style=\"font-weight: bolder;\">&nbsp;Wthatsapp 04241452314</span></p>', 1, 5, '2023-03-17 14:49:52'),
(51, 5, 100000.00, '<p>Muerte Accidental USD. 100.000<span style=\"font-weight: bolder;\">*</span></p><p>Invalidez Total y Parcial USD. 100.000<span style=\"font-weight: bolder;\">*</span></p><p>Vida - Muerte Cualquier causa USD. 40.000<span style=\"font-weight: bolder;\">*</span></p><p>Servicio Funerario USD 5.000<span style=\"font-weight: bolder;\">*</span></p><p class=\"MsoNormal\" style=\"margin: 0cm 19.65pt 0cm -0.25pt;\"><span style=\"font-size: 1rem; font-weight: bolder;\"><br></span></p><p class=\"MsoNormal\" style=\"margin: 0cm 19.65pt 0cm -0.25pt;\"><span style=\"font-size: 1rem; font-weight: bolder;\"><br></span></p><p class=\"MsoNormal\" style=\"margin: 0cm 19.65pt 0cm -0.25pt;\"><span style=\"font-weight: bolder;\">Servicios Adicionales&nbsp;</span><span style=\"font-weight: bolder;\">incluidos</span><span style=\"font-weight: bolder;\">&nbsp;en la póliza</span><span style=\"font-weight: bolder; font-size: 1rem;\">**</span><span style=\"font-weight: bolder; font-size: 1rem;\">:</span></p><p class=\"MsoNormal\" style=\"margin: 0cm 19.65pt 0cm -0.25pt;\"><span style=\"font-size: 1rem; font-weight: bolder;\">Telemedicina :&nbsp;</span><span style=\"font-size: 1rem;\">Consulta médica telefónica 24 horas ilimitado.</span></p><p class=\"MsoNormal\" style=\"margin: 0cm 19.65pt 0cm -0.25pt;\"><span style=\"font-weight: bolder;\">Atención Médica Domiciliaria:&nbsp;</span>&nbsp;Atención médica en casa.</p><p class=\"MsoNormal\" style=\"margin: 0cm 19.65pt 0cm -0.25pt;\"><span style=\"font-weight: bolder;\">Entrega de Medicamentos:</span>&nbsp; Entrega de medicamentos de patologías agudas hasta por 7 días.</p><p class=\"MsoNormal\" style=\"margin: 0cm 19.65pt 0cm -0.25pt;\"><span style=\"font-weight: bolder;\">Atención Médica Primaria ilimitada:</span>&nbsp;Consultas generales y en 15 especialidades.</p><p class=\"MsoNormal\" style=\"margin: 0cm 19.65pt 0cm -0.25pt;\"><span style=\"font-weight: bolder;\">1 Laboratorio al año:&nbsp;</span>Según perfil requerido por la patología.</p><p class=\"MsoNormal\" style=\"margin: 0cm 19.65pt 0cm -0.25pt;\"><span style=\"font-weight: bolder;\">Ginecología:</span>&nbsp; 1 consulta al año + Eco transvaginal + citología.</p><p class=\"MsoNormal\" style=\"margin: 0cm 19.65pt 0cm -0.25pt;\"><span style=\"font-weight: bolder;\">RX:&nbsp;</span>1 estudio al año según patología.</p><p class=\"MsoNormal\" style=\"margin: 0cm 19.65pt 0cm -0.25pt;\"><span style=\"font-weight: bolder;\">Ecografía:&nbsp;</span>1 año según patología - Eco simple.</p><p class=\"MsoNormal\" style=\"margin: 0cm 19.65pt 0cm -0.25pt;\"><span style=\"font-weight: bolder;\">Estudios Cardiológicos:&nbsp;</span>&nbsp;1 al año según patología: (Holter-electrocardiograma-Mapa-Ecocardiograma).</p><p class=\"MsoNormal\" style=\"margin: 0cm 19.65pt 0cm -0.25pt;\"><span style=\"font-weight: bolder;\">Rehabilitación Física:&nbsp;</span>Según facultativo (10 sesiones al año).</p><p class=\"MsoNormal\" style=\"margin: 0cm 19.65pt 0cm -0.25pt;\"><span style=\"font-weight: bolder;\">Traslado en Ambulancia:</span>&nbsp;Traslado al centro de salu</p><p class=\"MsoNormal\" style=\"margin: 0cm 19.65pt 0cm -0.25pt;\"><br></p><p class=\"MsoNormal\" style=\"margin: 0cm 19.65pt 0cm -0.25pt;\"><span style=\"font-size: 1rem;\">Puede hacer uso de su póliza llamando al&nbsp;</span><span style=\"font-size: 1rem; font-weight: bolder;\">02129530522&nbsp;</span><span style=\"font-size: 1rem;\">y</span><span style=\"font-size: 1rem; font-weight: bolder;\">&nbsp;Wthatsapp 04241452314</span></p><p class=\"MsoNormal\" style=\"margin: 0cm 19.65pt 0cm -0.25pt;\"><span style=\"font-size: 1rem; font-weight: bolder;\"><br></span></p><p class=\"MsoNormal\" style=\"margin: 0cm 19.65pt 0cm -0.25pt;\"><span style=\"font-size: 1rem; font-weight: bolder;\">* Sólo&nbsp; para el Titular</span></p><p><span style=\"font-weight: bolder;\">** Para el grupo familiar, previo el pago de prima adicional</span></p>', 1, 5, '2023-02-15 12:06:15'),
(52, 3, 100000.00, '<p><br></p>', 1, 5, '2023-02-01 16:56:47'),
(53, 16, 1000.00, '<table style=\"width: 160pt;\" width=\"213\" cellspacing=\"0\" cellpadding=\"0\" border=\"0\">\n <colgroup><col style=\"mso-width-source:userset;mso-width-alt:4681;width:96pt\" width=\"128\">\n <col style=\"mso-width-source:userset;mso-width-alt:3108;width:64pt\" width=\"85\">\n </colgroup><tbody><tr style=\"mso-height-source:userset;height:25.5pt\" height=\"34\">\n  <td class=\"xl65\" style=\"height:25.5pt;width:96pt\" width=\"128\" height=\"34\"><b>Coberturas</b></td>\n  <td class=\"xl66\" style=\"text-align: center; border-left: none; width: 64pt;\" width=\"85\"><b>Sumas Aseguradas USD.</b></td>\n </tr>\n <tr style=\"height:15.75pt\" height=\"21\">\n  <td class=\"xl64\" style=\"height:15.75pt;border-top:none\" height=\"21\"><b>RCV Básica</b>\n  Personas</td>\n  <td class=\"xl63\" style=\"border-top:none;border-left:none\">&nbsp;&nbsp;&nbsp;&nbsp;&nbsp;&nbsp;&nbsp;&nbsp;&nbsp;&nbsp;&nbsp; 0,40 </td>\n </tr>\n <tr style=\"height:15.0pt\" height=\"20\">\n  <td class=\"xl64\" style=\"height:15.0pt;border-top:none\" height=\"20\">RCV Básica\n  Cosas</td>\n  <td class=\"xl63\" style=\"border-top:none;border-left:none\">&nbsp;&nbsp;&nbsp;&nbsp;&nbsp;&nbsp;&nbsp;&nbsp;&nbsp;&nbsp;&nbsp; 0,50 </td>\n </tr>\n <tr style=\"height:15.0pt\" height=\"20\">\n  <td class=\"xl64\" style=\"height:15.0pt;border-top:none\" height=\"20\">Exceso de\n  Limite</td>\n  <td class=\"xl63\" style=\"border-top:none;border-left:none\">&nbsp;&nbsp;&nbsp;&nbsp;&nbsp; 1.000,00 </td>\n </tr>\n <tr style=\"height:15.0pt\" height=\"20\">\n  <td class=\"xl64\" style=\"height:15.0pt;border-top:none\" height=\"20\">Defensa Penal</td>\n  <td class=\"xl63\" style=\"border-top:none;border-left:none\">&nbsp;&nbsp;&nbsp;&nbsp;&nbsp;&nbsp;&nbsp;&nbsp; 500,00 </td>\n </tr>\n <tr style=\"height:15.0pt\" height=\"20\">\n  <td class=\"xl67\" style=\"height:15.0pt;border-top:none\" height=\"20\"><b>APOV</b></td>\n  <td class=\"xl68\" style=\"border-top:none\">&nbsp;</td>\n </tr>\n <tr style=\"height:15.0pt\" height=\"20\">\n  <td class=\"xl64\" style=\"height:15.0pt;border-top:none\" height=\"20\">Muerte</td>\n  <td class=\"xl63\" style=\"border-top:none;border-left:none\">&nbsp;&nbsp;&nbsp;&nbsp;&nbsp;&nbsp;&nbsp;&nbsp; 350,00 </td>\n </tr>\n <tr style=\"height:15.0pt\" height=\"20\">\n  <td class=\"xl64\" style=\"height:15.0pt;border-top:none\" height=\"20\">Invalidez</td>\n  <td class=\"xl63\" style=\"border-top:none;border-left:none\">&nbsp;&nbsp;&nbsp;&nbsp;&nbsp;&nbsp;&nbsp;&nbsp; 350,00 </td>\n </tr>\n <tr style=\"height:15.0pt\" height=\"20\">\n  <td class=\"xl64\" style=\"height:15.0pt;border-top:none\" height=\"20\">Gastos Médicos</td>\n  <td class=\"xl63\" style=\"border-top:none;border-left:none\">&nbsp;&nbsp;&nbsp;&nbsp;&nbsp;&nbsp;&nbsp;&nbsp; 105,00 </td>\n </tr>\n <tr style=\"height:15.0pt\" height=\"20\">\n  <td class=\"xl64\" style=\"height:15.0pt;border-top:none\" height=\"20\">Gastos de\n  Entierro</td>\n  <td class=\"xl63\" style=\"border-top:none;border-left:none\">&nbsp;&nbsp;&nbsp;&nbsp;&nbsp;&nbsp;&nbsp;&nbsp; 350,00 </td>\n </tr>\n <tr style=\"height:15.0pt\" height=\"20\">\n  <td class=\"xl64\" style=\"height:15.0pt;border-top:none\" height=\"20\"><b>Club Arys Básico</b></td>\n  <td class=\"xl63\" style=\"border-top:none;border-left:none\">&nbsp;</td>\n </tr></tbody></table>', 1, 3, '2023-07-26 23:14:13'),
(54, 16, 2000.00, '<p></p><p></p><table border=\"0\" cellpadding=\"0\" cellspacing=\"0\" width=\"213\" style=\"width: 160pt;\"><tbody><tr height=\"34\" style=\"mso-height-source:userset;height:25.5pt\"><td height=\"34\" class=\"xl67\" width=\"128\" style=\"height:25.5pt;width:96pt\"><p><b>Coberturas<br></b></p></td>\n  <td class=\"xl68\" width=\"85\" style=\"text-align: center; border-left: none; width: 64pt;\"><b>Sumas Aseguradas USD.</b></td>\n </tr>\n <tr height=\"21\" style=\"height:15.75pt\">\n  <td height=\"21\" class=\"xl66\" style=\"height:15.75pt;border-top:none\"><b>RCV Básica</b>\n  Personas</td>\n  <td class=\"xl65\" style=\"border-top:none;border-left:none\">&nbsp;&nbsp;&nbsp;&nbsp;&nbsp;&nbsp;&nbsp;&nbsp;&nbsp;&nbsp;&nbsp; 0,40 </td>\n </tr>\n <tr height=\"20\" style=\"height:15.0pt\">\n  <td height=\"20\" class=\"xl66\" style=\"height:15.0pt;border-top:none\">RCV Básica\n  Cosas</td>\n  <td class=\"xl65\" style=\"border-top:none;border-left:none\">&nbsp;&nbsp;&nbsp;&nbsp;&nbsp;&nbsp;&nbsp;&nbsp;&nbsp;&nbsp;&nbsp; 0,50 </td>\n </tr>\n <tr height=\"20\" style=\"height:15.0pt\">\n  <td height=\"20\" class=\"xl66\" style=\"height:15.0pt;border-top:none\">Exceso de\n  Limite</td>\n  <td class=\"xl65\" style=\"border-top:none;border-left:none\">&nbsp;&nbsp;&nbsp;&nbsp;&nbsp; 2.000,00 </td>\n </tr>\n <tr height=\"20\" style=\"height:15.0pt\">\n  <td height=\"20\" class=\"xl66\" style=\"height:15.0pt;border-top:none\">Defensa Penal</td>\n  <td class=\"xl65\" style=\"border-top:none;border-left:none\">&nbsp;&nbsp;&nbsp;&nbsp;&nbsp;&nbsp;&nbsp;&nbsp; 600,00 </td>\n </tr>\n <tr height=\"20\" style=\"height:15.0pt\">\n  <td height=\"20\" class=\"xl69\" style=\"height:15.0pt;border-top:none\"><b>APOV</b></td>\n  <td class=\"xl70\" style=\"border-top:none\">&nbsp;</td>\n </tr>\n <tr height=\"20\" style=\"height:15.0pt\">\n  <td height=\"20\" class=\"xl66\" style=\"height:15.0pt;border-top:none\">Muerte</td>\n  <td class=\"xl65\" style=\"border-top:none;border-left:none\">&nbsp;&nbsp;&nbsp;&nbsp;&nbsp;&nbsp;&nbsp;&nbsp; 400,00 </td>\n </tr>\n <tr height=\"20\" style=\"height:15.0pt\">\n  <td height=\"20\" class=\"xl66\" style=\"height:15.0pt;border-top:none\">Invalidez</td>\n  <td class=\"xl65\" style=\"border-top:none;border-left:none\">&nbsp;&nbsp;&nbsp;&nbsp;&nbsp;&nbsp;&nbsp;&nbsp; 400,00 </td>\n </tr>\n <tr height=\"20\" style=\"height:15.0pt\">\n  <td height=\"20\" class=\"xl66\" style=\"height:15.0pt;border-top:none\">Gastos Médicos</td>\n  <td class=\"xl65\" style=\"border-top:none;border-left:none\">&nbsp;&nbsp;&nbsp;&nbsp;&nbsp;&nbsp;&nbsp;&nbsp; 120,00 </td>\n </tr>\n <tr height=\"20\" style=\"height:15.0pt\">\n  <td height=\"20\" class=\"xl66\" style=\"height:15.0pt;border-top:none\">Gastos de\n  Entierro</td>\n  <td class=\"xl65\" style=\"border-top:none;border-left:none\">&nbsp;&nbsp;&nbsp;&nbsp;&nbsp;&nbsp;&nbsp;&nbsp; 400,00 </td>\n </tr>\n <tr height=\"20\" style=\"height:15.0pt\">\n  <td height=\"20\" class=\"xl66\" style=\"height:15.0pt;border-top:none\"><b>Club Arys Básico</b></td>\n  <td class=\"xl65\" style=\"border-top:none;border-left:none\">&nbsp;</td>\n </tr></tbody></table>', 1, 5, '2023-03-21 12:08:18'),
(55, 16, 5000.00, '<table border=\"0\" cellpadding=\"0\" cellspacing=\"0\" width=\"213\" style=\"width: 160pt;\">\n <colgroup><col width=\"128\" style=\"mso-width-source:userset;mso-width-alt:4681;width:96pt\">\n <col width=\"85\" style=\"mso-width-source:userset;mso-width-alt:3108;width:64pt\">\n </colgroup><tbody><tr height=\"34\" style=\"mso-height-source:userset;height:25.5pt\">\n  <td height=\"34\" class=\"xl67\" width=\"128\" style=\"text-align: center; height: 25.5pt; width: 96pt;\"><b>Coberturas</b></td>\n  <td class=\"xl68\" width=\"85\" style=\"text-align: center; border-left: none; width: 64pt;\"><b>Sumas Aseguradas USD.</b></td>\n </tr>\n <tr height=\"21\" style=\"height:15.75pt\">\n  <td height=\"21\" class=\"xl66\" style=\"height:15.75pt;border-top:none\"><b>RCV Básica</b>\n  Personas</td>\n  <td class=\"xl65\" style=\"border-top:none;border-left:none\">&nbsp;&nbsp;&nbsp;&nbsp;&nbsp;&nbsp;&nbsp;&nbsp;&nbsp;&nbsp;&nbsp; 0,40 </td>\n </tr>\n <tr height=\"20\" style=\"height:15.0pt\">\n  <td height=\"20\" class=\"xl66\" style=\"height:15.0pt;border-top:none\">RCV Básica\n  Cosas</td>\n  <td class=\"xl65\" style=\"border-top:none;border-left:none\">&nbsp;&nbsp;&nbsp;&nbsp;&nbsp;&nbsp;&nbsp;&nbsp;&nbsp;&nbsp;&nbsp; 0,50 </td>\n </tr>\n <tr height=\"20\" style=\"height:15.0pt\">\n  <td height=\"20\" class=\"xl66\" style=\"height:15.0pt;border-top:none\">Exceso de\n  Limite</td>\n  <td class=\"xl65\" style=\"border-top:none;border-left:none\">&nbsp;&nbsp;&nbsp;&nbsp;&nbsp; 5.000,00 </td>\n </tr>\n <tr height=\"20\" style=\"height:15.0pt\">\n  <td height=\"20\" class=\"xl66\" style=\"height:15.0pt;border-top:none\">Defensa Penal</td>\n  <td class=\"xl65\" style=\"border-top:none;border-left:none\">&nbsp;&nbsp;&nbsp;&nbsp;&nbsp;&nbsp;&nbsp;&nbsp; 800,00 </td>\n </tr>\n <tr height=\"20\" style=\"height:15.0pt\">\n  <td height=\"20\" class=\"xl69\" style=\"height:15.0pt;border-top:none\"><b>APOV</b></td>\n  <td class=\"xl70\" style=\"border-top:none\">&nbsp;</td>\n </tr>\n <tr height=\"20\" style=\"height:15.0pt\">\n  <td height=\"20\" class=\"xl66\" style=\"height:15.0pt;border-top:none\">Muerte</td>\n  <td class=\"xl65\" style=\"border-top:none;border-left:none\">&nbsp;&nbsp;&nbsp;&nbsp;&nbsp;&nbsp;&nbsp;&nbsp; 550,00 </td>\n </tr>\n <tr height=\"20\" style=\"height:15.0pt\">\n  <td height=\"20\" class=\"xl66\" style=\"height:15.0pt;border-top:none\">Invalidez</td>\n  <td class=\"xl65\" style=\"border-top:none;border-left:none\">&nbsp;&nbsp;&nbsp;&nbsp;&nbsp;&nbsp;&nbsp;&nbsp; 550,00 </td>\n </tr>\n <tr height=\"20\" style=\"height:15.0pt\">\n  <td height=\"20\" class=\"xl66\" style=\"height:15.0pt;border-top:none\">Gastos Médicos</td>\n  <td class=\"xl65\" style=\"border-top:none;border-left:none\">&nbsp;&nbsp;&nbsp;&nbsp;&nbsp;&nbsp;&nbsp;&nbsp; 165,00 </td>\n </tr>\n <tr height=\"20\" style=\"height:15.0pt\">\n  <td height=\"20\" class=\"xl66\" style=\"height:15.0pt;border-top:none\">Gastos de\n  Entierro</td>\n  <td class=\"xl65\" style=\"border-top:none;border-left:none\">&nbsp;&nbsp;&nbsp;&nbsp;&nbsp;&nbsp;&nbsp;&nbsp; 550,00 </td>\n </tr>\n <tr height=\"20\" style=\"height:15.0pt\">\n  <td height=\"20\" class=\"xl66\" style=\"height:15.0pt;border-top:none\"><b>Club Arys Plus</b></td>\n  <td class=\"xl65\" style=\"border-top:none;border-left:none\">&nbsp;</td>\n </tr></tbody></table>', 1, 5, '2023-02-15 15:41:13');
INSERT INTO `insurance_prices` (`id_price`, `id_insurance`, `price_insurance`, `descripcion_price`, `id_status`, `id_user`, `create_date`) VALUES
(56, 16, 7000.00, '<p>\n </p><p></p><table border=\"0\" cellpadding=\"0\" cellspacing=\"0\" width=\"213\" style=\"width: 160pt;\"><colgroup><col width=\"128\" style=\"mso-width-source:userset;mso-width-alt:4681;width:96pt\">\n <col width=\"85\" style=\"mso-width-source:userset;mso-width-alt:3108;width:64pt\">\n </colgroup><tbody><tr height=\"34\" style=\"mso-height-source:userset;height:25.5pt\">\n  <td height=\"34\" class=\"xl67\" width=\"128\" style=\"text-align: center; height: 25.5pt; width: 96pt;\"><b>Coberturas</b></td>\n  <td class=\"xl68\" width=\"85\" style=\"text-align: center; border-left: none; width: 64pt;\"><b>Sumas Aseguradas USD.</b></td>\n </tr>\n <tr height=\"21\" style=\"height:15.75pt\">\n  <td height=\"21\" class=\"xl66\" style=\"height:15.75pt;border-top:none\"><b>RCV Básica</b>\n  Personas</td>\n  <td class=\"xl65\" style=\"border-top:none;border-left:none\">&nbsp;&nbsp;&nbsp;&nbsp;&nbsp;&nbsp;&nbsp;&nbsp;&nbsp;&nbsp;&nbsp; 0,40 </td>\n </tr>\n <tr height=\"20\" style=\"height:15.0pt\">\n  <td height=\"20\" class=\"xl66\" style=\"height:15.0pt;border-top:none\">RCV Básica\n  Cosas</td>\n  <td class=\"xl65\" style=\"border-top:none;border-left:none\">&nbsp;&nbsp;&nbsp;&nbsp;&nbsp;&nbsp;&nbsp;&nbsp;&nbsp;&nbsp;&nbsp; 0,50 </td>\n </tr>\n <tr height=\"20\" style=\"height:15.0pt\">\n  <td height=\"20\" class=\"xl66\" style=\"height:15.0pt;border-top:none\">Exceso de\n  Limite</td>\n  <td class=\"xl65\" style=\"border-top:none;border-left:none\">&nbsp;&nbsp;&nbsp;&nbsp;&nbsp; 7.000,00 </td>\n </tr>\n <tr height=\"20\" style=\"height:15.0pt\">\n  <td height=\"20\" class=\"xl66\" style=\"height:15.0pt;border-top:none\">Defensa Penal</td>\n  <td class=\"xl65\" style=\"border-top:none;border-left:none\">&nbsp;&nbsp;&nbsp;&nbsp;&nbsp; 1.000,00 </td>\n </tr>\n <tr height=\"20\" style=\"height:15.0pt\">\n  <td height=\"20\" class=\"xl69\" style=\"height:15.0pt;border-top:none\"><b>APOV</b></td>\n  <td class=\"xl70\" style=\"border-top:none\">&nbsp;</td>\n </tr>\n <tr height=\"20\" style=\"height:15.0pt\">\n  <td height=\"20\" class=\"xl66\" style=\"height:15.0pt;border-top:none\">Muerte</td>\n  <td class=\"xl65\" style=\"border-top:none;border-left:none\">&nbsp;&nbsp;&nbsp;&nbsp;&nbsp;&nbsp;&nbsp;&nbsp; 600,00 </td>\n </tr>\n <tr height=\"20\" style=\"height:15.0pt\">\n  <td height=\"20\" class=\"xl66\" style=\"height:15.0pt;border-top:none\">Invalidez</td>\n  <td class=\"xl65\" style=\"border-top:none;border-left:none\">&nbsp;&nbsp;&nbsp;&nbsp;&nbsp;&nbsp;&nbsp;&nbsp; 600,00 </td>\n </tr>\n <tr height=\"20\" style=\"height:15.0pt\">\n  <td height=\"20\" class=\"xl66\" style=\"height:15.0pt;border-top:none\">Gastos Médicos</td>\n  <td class=\"xl65\" style=\"border-top:none;border-left:none\">&nbsp;&nbsp;&nbsp;&nbsp;&nbsp;&nbsp;&nbsp;&nbsp; 180,00 </td>\n </tr>\n <tr height=\"20\" style=\"height:15.0pt\">\n  <td height=\"20\" class=\"xl66\" style=\"height:15.0pt;border-top:none\">Gastos de\n  Entierro</td>\n  <td class=\"xl65\" style=\"border-top:none;border-left:none\">&nbsp;&nbsp;&nbsp;&nbsp;&nbsp;&nbsp;&nbsp;&nbsp; 600,00 </td>\n </tr>\n <tr height=\"20\" style=\"height:15.0pt\">\n  <td height=\"20\" class=\"xl66\" style=\"height:15.0pt;border-top:none\"><b>Club Arys Gold</b></td>\n  <td class=\"xl65\" style=\"border-top:none;border-left:none\">&nbsp;</td>\n </tr></tbody></table><b>2 Grúas por Año hasta 150KM</b>', 1, 5, '2023-03-30 14:22:03'),
(57, 16, 10000.00, '<p>\n </p><p></p><p></p><table style=\"width: 160pt;\" width=\"213\" cellspacing=\"0\" cellpadding=\"0\" border=\"0\"><tbody><tr style=\"height: 25.5pt;\" height=\"34\"><td class=\"xl67\" style=\"text-align: center; height: 25.5pt; width: 96pt;\" width=\"128\" height=\"34\"><span style=\"font-weight: bolder;\">Coberturas</span></td><td class=\"xl68\" style=\"text-align: center; border-left: none; width: 64pt;\" width=\"85\"><span style=\"font-weight: bolder;\">Sumas Aseguradas USD.</span></td></tr><tr style=\"height: 15.75pt;\" height=\"21\"><td class=\"xl66\" style=\"height: 15.75pt; border-top: none;\" height=\"21\"><span style=\"font-weight: bolder;\">RCV Básica</span>&nbsp;Personas</td><td class=\"xl65\" style=\"border-top: none; border-left: none;\">&nbsp;&nbsp;&nbsp;&nbsp;&nbsp;&nbsp;&nbsp;&nbsp;&nbsp;&nbsp;&nbsp; 0,40</td></tr><tr style=\"height: 15pt;\" height=\"20\"><td class=\"xl66\" style=\"height: 15pt; border-top: none;\" height=\"20\">RCV Básica Cosas</td><td class=\"xl65\" style=\"border-top: none; border-left: none;\">&nbsp;&nbsp;&nbsp;&nbsp;&nbsp;&nbsp;&nbsp;&nbsp;&nbsp;&nbsp;&nbsp; 0,50</td></tr><tr style=\"height: 15pt;\" height=\"20\"><td class=\"xl66\" style=\"height: 15pt; border-top: none;\" height=\"20\">Exceso de Limite</td><td class=\"xl65\" style=\"border-top: none; border-left: none;\">&nbsp; &nbsp; 10.000,00</td></tr><tr style=\"height: 15pt;\" height=\"20\"><td class=\"xl66\" style=\"height: 15pt; border-top: none;\" height=\"20\">Defensa Penal</td><td class=\"xl65\" style=\"border-top: none; border-left: none;\">&nbsp;&nbsp;&nbsp;&nbsp;&nbsp; 1.500,00</td></tr><tr style=\"height: 15pt;\" height=\"20\"><td class=\"xl69\" style=\"height: 15pt; border-top: none;\" height=\"20\"><span style=\"font-weight: bolder;\">APOV</span></td><td class=\"xl70\" style=\"border-top: none;\">&nbsp;</td></tr><tr style=\"height: 15pt;\" height=\"20\"><td class=\"xl66\" style=\"height: 15pt; border-top: none;\" height=\"20\">Muerte</td><td class=\"xl65\" style=\"border-top: none; border-left: none;\">&nbsp; &nbsp; &nbsp; &nbsp; &nbsp;700,00</td></tr><tr style=\"height: 15pt;\" height=\"20\"><td class=\"xl66\" style=\"height: 15pt; border-top: none;\" height=\"20\">Invalidez</td><td class=\"xl65\" style=\"border-top: none; border-left: none;\">&nbsp; &nbsp; &nbsp; &nbsp; &nbsp;700,00</td></tr><tr style=\"height: 15pt;\" height=\"20\"><td class=\"xl66\" style=\"height: 15pt; border-top: none;\" height=\"20\">Gastos Médicos</td><td class=\"xl65\" style=\"border-top: none; border-left: none;\">&nbsp; &nbsp; &nbsp; &nbsp; &nbsp;210,00</td></tr><tr style=\"height: 15pt;\" height=\"20\"><td class=\"xl66\" style=\"height: 15pt; border-top: none;\" height=\"20\">Gastos de Entierro</td><td class=\"xl65\" style=\"border-top: none; border-left: none;\">&nbsp; &nbsp; &nbsp; &nbsp; &nbsp;700,00</td></tr><tr style=\"height: 15pt;\" height=\"20\"><td class=\"xl66\" style=\"height: 15pt; border-top: none;\" height=\"20\"><span style=\"font-weight: bolder;\">Club Arys Diamante</span></td><td class=\"xl65\" style=\"border-top: none; border-left: none;\">&nbsp;</td></tr></tbody></table><span style=\"font-weight: bolder;\">Servicio de Grúas Ilimitadas</span><table style=\"width: 160pt;\" width=\"213\" cellspacing=\"0\" cellpadding=\"0\" border=\"0\"><colgroup><col style=\"mso-width-source:userset;mso-width-alt:4681;width:96pt\" width=\"128\"><col style=\"mso-width-source:userset;mso-width-alt:3108;width:64pt\" width=\"85\"></colgroup><tbody></tbody><tbody><tr style=\"height:15.0pt\" height=\"20\"></tr></tbody></table>', 1, 3, '2023-07-26 23:17:21'),
(58, 5, 5000.00, '<p>Muerte Accidental USD. 5.000<span style=\"font-weight: bolder;\">*</span></p><p>Invalidez Total y Parcial USD. 5.000<span style=\"font-weight: bolder; font-size: 1rem;\">*</span></p><p>Vida - Muerte Cualquier causa USD. 2.500<span style=\"font-weight: bolder; font-size: 1rem;\">*</span></p><p>Servicio Funerario USD 2.000<span style=\"font-weight: bolder; font-size: 1rem;\">*</span></p><p><span style=\"font-size: 1rem;\">Gastos médicos por accidente USD. 500*</span></p><p class=\"MsoNormal\" style=\"margin: 0cm 19.65pt 0cm -0.25pt;\"><span style=\"font-weight: bolder;\">Servicios Adicionales&nbsp;</span><span style=\"font-weight: bolder;\">incluidos</span><span style=\"font-weight: bolder;\">&nbsp;en la póliza</span><span style=\"font-weight: bolder; font-size: 1rem;\">**</span><span style=\"font-weight: bolder; font-size: 1rem;\">:</span></p><p class=\"MsoNormal\" style=\"margin: 0cm 19.65pt 0cm -0.25pt;\"><span style=\"font-size: 1rem; font-weight: bolder;\">Telemedicina :&nbsp;</span><span style=\"font-size: 1rem;\">Consulta médica telefónica 24 horas ilimitado.</span></p><p class=\"MsoNormal\" style=\"margin: 0cm 19.65pt 0cm -0.25pt;\"><span style=\"font-weight: bolder;\">Atención Médica Domiciliaria:&nbsp;</span>&nbsp;Atención médica en casa.</p><p class=\"MsoNormal\" style=\"margin: 0cm 19.65pt 0cm -0.25pt;\"><span style=\"font-weight: bolder;\">Entrega de Medicamentos:</span>&nbsp; Entrega de medicamentos de patologías agudas hasta por 7 días.</p><p class=\"MsoNormal\" style=\"margin: 0cm 19.65pt 0cm -0.25pt;\"><span style=\"font-weight: bolder;\">Atención Médica Primaria ilimitada:</span>&nbsp;Consultas generales y en 15 especialidades.</p><p class=\"MsoNormal\" style=\"margin: 0cm 19.65pt 0cm -0.25pt;\"><span style=\"font-weight: bolder;\">1 Laboratorio al año:&nbsp;</span>Según perfil requerido por la patología.</p><p class=\"MsoNormal\" style=\"margin: 0cm 19.65pt 0cm -0.25pt;\"><span style=\"font-weight: bolder;\">Ginecología:</span>&nbsp; 1 consulta al año + Eco transvaginal + citología.</p><p class=\"MsoNormal\" style=\"margin: 0cm 19.65pt 0cm -0.25pt;\"><span style=\"font-weight: bolder;\">RX:&nbsp;</span>1 estudio al año según patología.</p><p class=\"MsoNormal\" style=\"margin: 0cm 19.65pt 0cm -0.25pt;\"><span style=\"font-weight: bolder;\">Ecografía:&nbsp;</span>1 año según patología - Eco simple.</p><p class=\"MsoNormal\" style=\"margin: 0cm 19.65pt 0cm -0.25pt;\"><span style=\"font-weight: bolder;\">Estudios Cardiológicos:&nbsp;</span>&nbsp;1 al año según patología: (Holter-electrocardiograma-Mapa-Ecocardiograma).</p><p class=\"MsoNormal\" style=\"margin: 0cm 19.65pt 0cm -0.25pt;\"><span style=\"font-weight: bolder;\">Rehabilitación Física:&nbsp;</span>Según facultativo (10 sesiones al año).</p><p class=\"MsoNormal\" style=\"margin: 0cm 19.65pt 0cm -0.25pt;\"><span style=\"font-weight: bolder;\">Traslado en Ambulancia:</span>&nbsp;Traslado al centro de salud</p><p class=\"MsoNormal\" style=\"margin: 0cm 19.65pt 0cm -0.25pt;\"><span style=\"font-size: 1rem;\"><br></span></p><p class=\"MsoNormal\" style=\"margin: 0cm 19.65pt 0cm -0.25pt;\"><span style=\"font-size: 1rem;\"><br></span></p><p class=\"MsoNormal\" style=\"margin: 0cm 19.65pt 0cm -0.25pt;\"><span style=\"font-size: 1rem;\">Puede hacer uso de su póliza llamando al&nbsp;</span><span style=\"font-size: 1rem; font-weight: bolder;\">02129530522&nbsp;</span><span style=\"font-size: 1rem;\">y</span><span style=\"font-size: 1rem; font-weight: bolder;\">&nbsp;Wthatsapp 04241452314</span></p><p class=\"MsoNormal\" style=\"margin: 0cm 19.65pt 0cm -0.25pt;\"><span style=\"font-size: 1rem; font-weight: bolder;\">* Sólo&nbsp; para el Titular</span></p><p><span style=\"font-weight: bolder;\">** Para el grupo familiar, previo el pago de prima adicional</span></p>', 1, 5, '2023-03-07 21:54:14'),
(59, 16, 2000.01, '<table border=\"0\" cellpadding=\"0\" cellspacing=\"0\" width=\"213\" style=\"width: 160pt;\"><tbody><tr height=\"34\" style=\"height: 25.5pt;\"><td height=\"34\" class=\"xl67\" width=\"128\" style=\"height: 25.5pt; width: 96pt;\"><p><b>Exclusivo para Motos&nbsp;</b></p><p><span style=\"font-weight: bolder;\"><br></span></p><p><span style=\"font-weight: bolder;\">Coberturas<br></span></p></td><td class=\"xl68\" width=\"85\" style=\"text-align: center; border-left: none; width: 64pt;\"><span style=\"font-weight: bolder;\">Sumas Aseguradas USD.</span></td></tr><tr height=\"21\" style=\"height: 15.75pt;\"><td height=\"21\" class=\"xl66\" style=\"height: 15.75pt; border-top: none;\"><span style=\"font-weight: bolder;\">RCV Básica</span>&nbsp;Personas</td><td class=\"xl65\" style=\"border-top: none; border-left: none;\">&nbsp;&nbsp;&nbsp;&nbsp;&nbsp;&nbsp;&nbsp;&nbsp;&nbsp;&nbsp;&nbsp; 0,40</td></tr><tr height=\"20\" style=\"height: 15pt;\"><td height=\"20\" class=\"xl66\" style=\"height: 15pt; border-top: none;\">RCV Básica Cosas</td><td class=\"xl65\" style=\"border-top: none; border-left: none;\">&nbsp;&nbsp;&nbsp;&nbsp;&nbsp;&nbsp;&nbsp;&nbsp;&nbsp;&nbsp;&nbsp; 0,50</td></tr><tr height=\"20\" style=\"height: 15pt;\"><td height=\"20\" class=\"xl66\" style=\"height: 15pt; border-top: none;\">Exceso de Limite</td><td class=\"xl65\" style=\"border-top: none; border-left: none;\">&nbsp;&nbsp;&nbsp;&nbsp;&nbsp; 2.000,00</td></tr><tr height=\"20\" style=\"height: 15pt;\"><td height=\"20\" class=\"xl66\" style=\"height: 15pt; border-top: none;\">Defensa Penal</td><td class=\"xl65\" style=\"border-top: none; border-left: none;\">&nbsp;&nbsp;&nbsp;&nbsp;&nbsp;&nbsp;&nbsp;&nbsp; 600,00</td></tr><tr height=\"20\" style=\"height: 15pt;\"><td height=\"20\" class=\"xl69\" style=\"height: 15pt; border-top: none;\"><br></td><td class=\"xl70\" style=\"border-top: none;\"></td></tr><tr height=\"20\" style=\"height: 15pt;\"><td height=\"20\" class=\"xl66\" style=\"height: 15pt; border-top: none;\"><span style=\"font-weight: bolder;\">Club Arys Básico</span></td><td class=\"xl65\" style=\"border-top: none; border-left: none;\">&nbsp;</td></tr></tbody></table>', 2, 5, '2023-06-28 11:02:39'),
(60, 17, 30000.00, '<table border=\"0\" cellpadding=\"0\" cellspacing=\"0\" width=\"717\" style=\"width: 538pt;\"><colgroup><col width=\"517\" style=\"width: 388pt;\"><col width=\"200\" style=\"width: 150pt;\"></colgroup><tbody><tr height=\"20\" style=\"height: 15pt;\"><td height=\"20\" class=\"xl67\" width=\"517\" style=\"height: 15pt; width: 388pt;\"><span style=\"font-weight: bolder;\">COBERTURAS</span></td><td class=\"xl64\" width=\"200\" style=\"width: 150pt;\"><span style=\"font-weight: bolder;\">Plan Básico</span></td></tr><tr height=\"40\" style=\"height: 30pt;\"><td height=\"40\" class=\"xl71\" width=\"517\" style=\"height: 30pt; width: 388pt;\">Póliza de seguro de Vida Temporal La Mundial de Seguros .C.A. por 15 dias continuos a partir de la fecha de compra del boleto</td><td class=\"xl72\">USD. 5000</td></tr><tr height=\"19\" style=\"height: 14.5pt;\"><td height=\"19\" class=\"xl68\" width=\"517\" style=\"height: 14.5pt; width: 388pt;\">Mayor costo del pasaje de regreso</td><td class=\"xl65\">Incluída</td></tr><tr height=\"19\" style=\"height: 14.5pt;\"><td height=\"19\" class=\"xl69\" width=\"517\" style=\"height: 14.5pt; width: 388pt;\">Bolso Protegido</td><td class=\"xl65\">Incluída</td></tr><tr height=\"36\" style=\"height: 27pt;\"><td height=\"36\" class=\"xl69\" width=\"517\" style=\"height: 27pt; width: 388pt;\">Home Protected® Cerrajería, Electricidad, Plomería, Limpieza, Vigilancia.</td><td class=\"xl65\">Hasta USD 1000 por Caso</td></tr><tr height=\"19\" style=\"height: 14.5pt;\"><td height=\"19\" class=\"xl69\" width=\"517\" style=\"height: 14.5pt; width: 388pt;\">Análisis, radiografías, exámenes especiales y prácticas médicas</td><td class=\"xl65\">Incluída</td></tr><tr height=\"19\" style=\"height: 14.5pt;\"><td height=\"19\" class=\"xl69\" width=\"517\" style=\"height: 14.5pt; width: 388pt;\">Asistencia Integral al menor de edad</td><td class=\"xl65\">Incluída</td></tr><tr height=\"19\" style=\"height: 14.5pt;\"><td height=\"19\" class=\"xl69\" width=\"517\" style=\"height: 14.5pt; width: 388pt;\">Total Asistencia Médica</td><td class=\"xl65\">USD. 60.000</td></tr><tr height=\"19\" style=\"height: 14.5pt;\"><td height=\"19\" class=\"xl69\" width=\"517\" style=\"height: 14.5pt; width: 388pt;\">Asistencia Médica por enfermedad (Incluye COVID-19)</td><td class=\"xl65\">USD. 30.000</td></tr><tr height=\"26\" style=\"height: 19.5pt;\"><td height=\"26\" class=\"xl69\" width=\"517\" style=\"height: 19.5pt; width: 388pt;\">Internaciones / Hospitalizaciones (incluye Covid-19)</td><td class=\"xl65\">Incluída</td></tr><tr height=\"19\" style=\"height: 14.5pt;\"><td height=\"19\" class=\"xl69\" width=\"517\" style=\"height: 14.5pt; width: 388pt;\">Intervenciones quirúrgicas</td><td class=\"xl65\">Incluída</td></tr><tr height=\"19\" style=\"height: 14.5pt;\"><td height=\"19\" class=\"xl69\" width=\"517\" style=\"height: 14.5pt; width: 388pt;\">Terapia intensiva y unidad coronaria</td><td class=\"xl65\">Incluída</td></tr><tr height=\"19\" style=\"height: 14.5pt;\"><td height=\"19\" class=\"xl69\" width=\"517\" style=\"height: 14.5pt; width: 388pt;\">Gastos de hotelería del convaleciente</td><td class=\"xl65\">USD. 2.000</td></tr><tr height=\"19\" style=\"height: 14.5pt;\"><td height=\"19\" class=\"xl69\" width=\"517\" style=\"height: 14.5pt; width: 388pt;\">Práctica de Deporte amateur (no en competencia)</td><td class=\"xl65\">Incluída</td></tr><tr height=\"19\" style=\"height: 14.5pt;\"><td height=\"19\" class=\"xl69\" width=\"517\" style=\"height: 14.5pt; width: 388pt;\">Traslado sanitario</td><td class=\"xl65\">Incluída</td></tr><tr height=\"19\" style=\"height: 14.5pt;\"><td height=\"19\" class=\"xl69\" width=\"517\" style=\"height: 14.5pt; width: 388pt;\">Repatriación de Restos Mortales</td><td class=\"xl65\">Incluída</td></tr><tr height=\"19\" style=\"height: 14.5pt;\"><td height=\"19\" class=\"xl69\" width=\"517\" style=\"height: 14.5pt; width: 388pt;\">Test RT-PCR migratorio COVID-19 de resultar + al regreso</td><td class=\"xl65\">Incluída</td></tr><tr height=\"36\" style=\"height: 27pt;\"><td height=\"36\" class=\"xl69\" width=\"517\" style=\"height: 27pt; width: 388pt;\">Penalidad por cambio en boleto de regreso por resultado + de COVID-19</td><td class=\"xl65\">Incluída</td></tr><tr height=\"36\" style=\"height: 27pt;\"><td height=\"36\" class=\"xl69\" width=\"517\" style=\"height: 27pt; width: 388pt;\">Días complementarios de<br>Hospitalización/Internación</td><td class=\"xl65\">8 días</td></tr><tr height=\"19\" style=\"height: 14.5pt;\"><td height=\"19\" class=\"xl69\" width=\"517\" style=\"height: 14.5pt; width: 388pt;\">Asistencia Médica por accidente</td><td class=\"xl65\">USD. 30.000</td></tr><tr height=\"19\" style=\"height: 14.5pt;\"><td height=\"19\" class=\"xl69\" width=\"517\" style=\"height: 14.5pt; width: 388pt;\">Cobertura para Embarazadas (Hasta semana 32)</td><td class=\"xl65\">Incluída</td></tr><tr height=\"19\" style=\"height: 14.5pt;\"><td height=\"19\" class=\"xl69\" width=\"517\" style=\"height: 14.5pt; width: 388pt;\">Cobertura Covid-19</td><td class=\"xl65\">Incluída</td></tr><tr height=\"19\" style=\"height: 14.5pt;\"><td height=\"19\" class=\"xl69\" width=\"517\" style=\"height: 14.5pt; width: 388pt;\">Enfermedades Crónicas o Iniciadas antes del viaje</td><td class=\"xl65\">USD. 1.000</td></tr><tr height=\"19\" style=\"height: 14.5pt;\"><td height=\"19\" class=\"xl69\" width=\"517\" style=\"height: 14.5pt; width: 388pt;\">Medicamentos recetados</td><td class=\"xl65\">USD. 1.500</td></tr><tr height=\"19\" style=\"height: 14.5pt;\"><td height=\"19\" class=\"xl69\" width=\"517\" style=\"height: 14.5pt; width: 388pt;\">Gastos de Odontología</td><td class=\"xl65\">USD. 1.000</td></tr><tr height=\"19\" style=\"height: 14.5pt;\"><td height=\"19\" class=\"xl69\" width=\"517\" style=\"height: 14.5pt; width: 388pt;\">Servicio CONCIERGE</td><td class=\"xl65\">Incluída</td></tr><tr height=\"19\" style=\"height: 14.5pt;\"><td height=\"19\" class=\"xl69\" width=\"517\" style=\"height: 14.5pt; width: 388pt;\">Compensación por Cancelación o Interrupción del viaje</td><td class=\"xl65\">USD. 1.000</td></tr><tr height=\"19\" style=\"height: 14.5pt;\"><td height=\"19\" class=\"xl69\" width=\"517\" style=\"height: 14.5pt; width: 388pt;\">Adelanto de Fianza</td><td class=\"xl65\">USD. 2.500</td></tr><tr height=\"19\" style=\"height: 14.5pt;\"><td height=\"19\" class=\"xl69\" width=\"517\" style=\"height: 14.5pt; width: 388pt;\">Compensación por Gastos por Demora de vuelo</td><td class=\"xl65\">USD. 200</td></tr><tr height=\"19\" style=\"height: 14.5pt;\"><td height=\"19\" class=\"xl69\" width=\"517\" style=\"height: 14.5pt; width: 388pt;\">Regreso anticipado por deportación</td><td class=\"xl65\">Incluída</td></tr><tr height=\"19\" style=\"height: 14.5pt;\"><td height=\"19\" class=\"xl69\" width=\"517\" style=\"height: 14.5pt; width: 388pt;\">Localización de Equipaje Extraviado</td><td class=\"xl65\">Incluída</td></tr><tr height=\"19\" style=\"height: 14.5pt;\"><td height=\"19\" class=\"xl69\" width=\"517\" style=\"height: 14.5pt; width: 388pt;\">Compensación por pérdida de equipaje</td><td class=\"xl65\">USD. 1.800</td></tr><tr height=\"19\" style=\"height: 14.5pt;\"><td height=\"19\" class=\"xl69\" width=\"517\" style=\"height: 14.5pt; width: 388pt;\">Indemnización por Rotura de Equipaje</td><td class=\"xl65\">USD. 150</td></tr><tr height=\"19\" style=\"height: 14.5pt;\"><td height=\"19\" class=\"xl69\" width=\"517\" style=\"height: 14.5pt; width: 388pt;\">Compra Protegida</td><td class=\"xl65\">USD. 300</td></tr><tr height=\"19\" style=\"height: 14.5pt;\"><td height=\"19\" class=\"xl69\" width=\"517\" style=\"height: 14.5pt; width: 388pt;\">Gastos por Demora de Equipaje</td><td class=\"xl65\">USD. 300</td></tr><tr height=\"19\" style=\"height: 14.5pt;\"><td height=\"19\" class=\"xl69\" width=\"517\" style=\"height: 14.5pt; width: 388pt;\">LATAM Pass</td><td class=\"xl65\">Incluída</td></tr><tr height=\"19\" style=\"height: 14.5pt;\"><td height=\"19\" class=\"xl69\" width=\"517\" style=\"height: 14.5pt; width: 388pt;\">FelizDemora</td><td class=\"xl65\">Incluída</td></tr><tr height=\"19\" style=\"height: 14.5pt;\"><td height=\"19\" class=\"xl69\" width=\"517\" style=\"height: 14.5pt; width: 388pt;\">Red Dufry</td><td class=\"xl65\">Silver Member</td></tr><tr height=\"19\" style=\"height: 14.5pt;\"><td height=\"19\" class=\"xl69\" width=\"517\" style=\"height: 14.5pt; width: 388pt;\">Puntos Colombia</td><td class=\"xl65\">Incluída</td></tr><tr height=\"19\" style=\"height: 14.5pt;\"><td height=\"19\" class=\"xl69\" width=\"517\" style=\"height: 14.5pt; width: 388pt;\">Club Premier</td><td class=\"xl65\">Incluída</td></tr><tr height=\"19\" style=\"height: 14.5pt;\"><td height=\"19\" class=\"xl69\" width=\"517\" style=\"height: 14.5pt; width: 388pt;\">Cortesía Uber (*)</td><td class=\"xl65\">USD 5</td></tr><tr height=\"19\" style=\"height: 14.5pt;\"><td height=\"19\" class=\"xl69\" width=\"517\" style=\"height: 14.5pt; width: 388pt;\">Regreso por fallecimiento de un familiar directo</td><td class=\"xl65\">Incluída</td></tr><tr height=\"19\" style=\"height: 14.5pt;\"><td height=\"19\" class=\"xl69\" width=\"517\" style=\"height: 14.5pt; width: 388pt;\">Sustitución de ejecutivo de negocios</td><td class=\"xl65\">Incluída</td></tr><tr height=\"19\" style=\"height: 14.5pt;\"><td height=\"19\" class=\"xl69\" width=\"517\" style=\"height: 14.5pt; width: 388pt;\">Adelanto por el pago de honorarios a un abogado</td><td class=\"xl65\">USD. 1.500</td></tr><tr height=\"19\" style=\"height: 14.5pt;\"><td height=\"19\" class=\"xl69\" width=\"517\" style=\"height: 14.5pt; width: 388pt;\">Transmisión de Mensajes Urgentes</td><td class=\"xl65\">Incluída</td></tr><tr height=\"19\" style=\"height: 14.5pt;\"><td height=\"19\" class=\"xl69\" width=\"517\" style=\"height: 14.5pt; width: 388pt;\">Requisito Schengen</td><td class=\"xl65\">Incluída</td></tr><tr height=\"19\" style=\"height: 14.5pt;\"><td height=\"19\" class=\"xl69\" width=\"517\" style=\"height: 14.5pt; width: 388pt;\">Asistencia en Crucero</td><td class=\"xl65\">Incluída</td></tr><tr height=\"19\" style=\"height: 14.5pt;\"><td height=\"19\" class=\"xl69\" width=\"517\" style=\"height: 14.5pt; width: 388pt;\">Traslado de un familiar en caso de Hospitalización</td><td class=\"xl65\">Ticket aéreo</td></tr><tr height=\"19\" style=\"height: 14.5pt;\"><td height=\"19\" class=\"xl70\" width=\"517\" style=\"height: 14.5pt; width: 388pt;\">Gastos de Hotel acompañante</td><td class=\"xl66\">USD. 500</td></tr></tbody></table>', 1, 5, '2023-03-24 10:19:14'),
(61, 18, 1500.00, '<table border=\"0\" cellpadding=\"0\" cellspacing=\"0\" width=\"502\" style=\"width: 376pt;\"><colgroup><col width=\"379\" style=\"width: 284pt;\"><col width=\"123\" style=\"width: 92pt;\"></colgroup><tbody><tr height=\"20\" style=\"height: 15pt;\"><td height=\"20\" class=\"xl64\" width=\"379\" style=\"text-align: center; height: 15pt; width: 284pt;\"><span style=\"font-weight: bolder;\">Garantía por&nbsp; 7 días&nbsp;</span></td><td class=\"xl64\" width=\"123\" style=\"text-align: justify; width: 92pt;\"><span style=\"font-weight: bolder;\">Límite&nbsp; USD</span></td></tr><tr height=\"20\" style=\"height: 15pt;\"><td height=\"20\" style=\"height: 15pt;\">Asistencia Médica en caso de accidente&nbsp;</td><td class=\"xl65\">1.500,00</td></tr><tr height=\"20\" style=\"height: 15pt;\"><td height=\"20\" style=\"height: 15pt;\">Asistencia Médica en caso de enfermedad no Preexistente&nbsp;</td><td class=\"xl65\">1.500,00</td></tr><tr height=\"20\" style=\"height: 15pt;\"><td height=\"20\" style=\"height: 15pt;\">Medicamentos recetados&nbsp;</td><td class=\"xl65\">100,00</td></tr><tr height=\"20\" style=\"height: 15pt;\"><td height=\"20\" style=\"height: 15pt;\">Compensación por pérdida de equipaje&nbsp;</td><td class=\"xl65\">100,00</td></tr><tr height=\"20\" style=\"height: 15pt;\"><td height=\"20\" style=\"height: 15pt;\">Compensación por cancelación de viaje&nbsp;</td><td>100% costo boleto&nbsp;</td></tr><tr height=\"20\" style=\"height: 15pt;\"><td height=\"20\" class=\"xl63\" style=\"height: 15pt;\">Póliza de Vida Temporal La Mundial de Seguros, C.A.</td><td class=\"xl65\">&nbsp;1.000,00</td></tr></tbody></table>', 1, 5, '2023-03-24 15:35:26'),
(62, 11, 3000.00, '<p><span style=\"font-size: 1rem;\">A los efectos de esta Póliza, se consideran servicios funerarios los gastos referentes a:</span></p><p class=\"MsoNormal\"><o:p></o:p></p><p class=\"MsoNormal\"><o:p>&nbsp;</o:p><span style=\"font-size: 1rem;\">Traslado del difunto a nivel nacional o local (del lugar del fallecimiento a la funeraria-cementerio).</span></p><p class=\"MsoNormal\"><o:p></o:p></p><p class=\"MsoNormal\">Preparación normal de los fallecidos.<o:p></o:p></p><p class=\"MsoNormal\">Ataúd adecuado para exequias.<o:p></o:p></p><p class=\"MsoNormal\">Servicio de sala velatoria (24 horas) en capilla o a domicilio.<o:p></o:p></p><p class=\"MsoNormal\">Una (1) Carroza y dos (2) vehículos de acompañamiento.<o:p></o:p></p><p class=\"MsoNormal\">Servicio de cafetería.<o:p></o:p></p><p class=\"MsoNormal\">Arreglo floral.<o:p></o:p></p><p class=\"MsoNormal\">Oficios religiosos (si son solicitados).<o:p></o:p></p><p class=\"MsoNormal\">Asesoría de diligencias de ley (registros civiles, prefectura, hospitales, clínicas, medicatura forense).<o:p></o:p></p><p class=\"MsoNormal\">Servicio crematorio, en aquellos casos que así lo soliciten.<o:p></o:p></p><p><span style=\"font-size: 11pt; line-height: 15.6933px; font-family: &quot;Times New Roman&quot;, serif;\"></span></p><p class=\"MsoNormal\">Una parcela de un puesto en un cementerio municipal o privado.</p>', 1, 5, '2023-05-09 09:56:38'),
(63, 11, 5000.00, '<p><span style=\"font-size: 1rem;\">A los efectos de esta Póliza, se consideran servicios funerarios los gastos referentes a:</span></p><p class=\"MsoNormal\"><o:p></o:p></p><p class=\"MsoNormal\"><o:p>&nbsp;</o:p><span style=\"font-size: 1rem;\">Traslado del difunto a nivel nacional o local (del lugar del fallecimiento a la funeraria-cementerio).</span></p><p class=\"MsoNormal\"><o:p></o:p></p><p class=\"MsoNormal\">Preparación normal de los fallecidos.<o:p></o:p></p><p class=\"MsoNormal\">Ataúd adecuado para exequias.<o:p></o:p></p><p class=\"MsoNormal\">Servicio de sala velatoria (24 horas) en capilla o a domicilio.<o:p></o:p></p><p class=\"MsoNormal\">Una (1) Carroza y dos (2) vehículos de acompañamiento.<o:p></o:p></p><p class=\"MsoNormal\">Servicio de cafetería.<o:p></o:p></p><p class=\"MsoNormal\">Arreglo floral.<o:p></o:p></p><p class=\"MsoNormal\">Oficios religiosos (si son solicitados).<o:p></o:p></p><p class=\"MsoNormal\">Asesoría de diligencias de ley (registros civiles, prefectura, hospitales, clínicas, medicatura forense).<o:p></o:p></p><p class=\"MsoNormal\">Servicio crematorio, en aquellos casos que así lo soliciten.<o:p></o:p></p><p><span style=\"font-size: 11pt; line-height: 15.6933px; font-family: &quot;Times New Roman&quot;, serif;\"></span></p><p class=\"MsoNormal\">Una parcela de un puesto en un cementerio municipal o privado.</p>', 1, 5, '2023-05-09 09:57:32'),
(64, 19, 1000.00, '<p><b><u>Servicio Funerario:</u></b> El Asegurador se compromete a pagar los gastos incurridos por concepto de la prestación del Servicio Funerario al Asegurado Titular o a quien demuestre fehacientemente haber pagado los gastos hasta la Suma Asegurada indicada en el Cuadro Póliza Recibo o a prestar el servicio funerario en caso de fallecimiento del Asegurado Titular o de cualquier miembro de su grupo familiar inscrito ocurrido, durante la vigencia de la Póliza y que de acuerdo a las Condiciones de esta Póliza se encuentre cubierto.</p><table border=\"0\" cellpadding=\"0\" cellspacing=\"0\" width=\"627\" style=\"width: 470pt;\">\n <colgroup><col width=\"627\" style=\"mso-width-source:userset;mso-width-alt:22930;width:470pt\">\n </colgroup><tbody><tr height=\"19\" style=\"mso-height-source:userset;height:14.45pt\">\n  <td height=\"19\" width=\"627\" style=\"height:14.45pt;width:470pt\">A los efectos de\n  esta Póliza, se consideran servicios funerarios los gastos referentes a:&nbsp;</td>\n </tr>\n <tr height=\"19\" style=\"mso-height-source:userset;height:14.45pt\">\n  <td height=\"19\" style=\"height:14.45pt\">Traslado del difunto a nivel nacional o\n  local (del lugar del fallecimiento a la funeraria-cementerio).&nbsp;</td>\n </tr>\n <tr height=\"20\" style=\"height:15.0pt\">\n  <td height=\"20\" style=\"height:15.0pt\">Preparación normal de los\n  fallecidos.&nbsp;</td>\n </tr>\n <tr height=\"20\" style=\"height:15.0pt\">\n  <td height=\"20\" style=\"height:15.0pt\">Ataúd adecuado para exequias&nbsp;&nbsp;&nbsp;</td>\n </tr>\n <tr height=\"20\" style=\"height:15.0pt\">\n  <td height=\"20\" style=\"height:15.0pt\">Servicio de sala velatoria (24 horas) en\n  capilla o a domicilio.&nbsp;</td>\n </tr>\n <tr height=\"20\" style=\"height:15.0pt\">\n  <td height=\"20\" style=\"height:15.0pt\">Una (1) Carroza y dos (2) vehículos de\n  acompañamiento.&nbsp;</td>\n </tr>\n <tr height=\"20\" style=\"height:15.0pt\">\n  <td height=\"20\" style=\"height:15.0pt\">Servicio de cafetería.&nbsp;</td>\n </tr>\n <tr height=\"20\" style=\"height:15.0pt\">\n  <td height=\"20\" style=\"height:15.0pt\">Arreglo floral.&nbsp;</td>\n </tr>\n <tr height=\"20\" style=\"height:15.0pt\">\n  <td height=\"20\" style=\"height:15.0pt\">Oficios religiosos (si son\n  solicitados).&nbsp;</td>\n </tr>\n <tr height=\"20\" style=\"height:15.0pt\">\n  <td height=\"20\" style=\"height:15.0pt\">Asesoría de diligencias de ley (registros\n  civiles, prefectura, hospitales, clínicas, medicatura forense).&nbsp;</td>\n </tr>\n <tr height=\"20\" style=\"height:15.0pt\">\n  <td height=\"20\" style=\"height:15.0pt\">Servicio crematorio, en aquellos casos\n  que así lo soliciten.&nbsp;</td>\n </tr>\n <tr height=\"20\" style=\"height:15.0pt\">\n  <td height=\"20\" style=\"height:15.0pt\">Una parcela de un puesto en un cementerio\n  municipal o privado.&nbsp;</td>\n </tr>\n <tr height=\"20\" style=\"height:15.0pt\">\n  <td height=\"20\" class=\"xl64\" style=\"height:15.0pt\"><b><u>Atención Primaria de\n  Salud</u></b>&nbsp;</td>\n </tr>\n <tr height=\"20\" style=\"height:15.0pt\">\n  <td height=\"20\" style=\"height:15.0pt\">(3) consultas al año elegir entre:\n  Medicina interna, Ginecología, Traumatología, Cardiología, Urología</td>\n </tr>\n <tr height=\"20\" style=\"height:15.0pt\">\n  <td height=\"20\" style=\"height:15.0pt\">1 Laboratorio (perfil Simple, incluye\n  orina y Heces)&nbsp;</td>\n </tr>\n <tr height=\"20\" style=\"height:15.0pt\">\n  <td height=\"20\" style=\"height:15.0pt\">1 RX de 1 proyección</td>\n </tr>\n <tr height=\"20\" style=\"height:15.0pt\">\n  <td height=\"20\" style=\"height:15.0pt\">1 Atención Médica Domiciliaria al año</td>\n </tr>\n <tr height=\"21\" style=\"height:15.75pt\">\n  <td height=\"21\" class=\"xl63\" style=\"height:15.75pt\"><p>Servicio de Telemedicina\n  ilimitada&nbsp;</p><p><b><u>Beneficio Adicional:</u></b></p><p><b>En caso de que los gastos por la prestación del Servicio Funerario sean menores a la Suma Asegurada contratada, el Asegurador se compromete a pagar la diferencia que exista entre la Suma Asegurada y el gasto del servicio funerario, al Asegurado Titular a los Beneficiarios o los Herederos Legales del Asegurado fallecido, según sea el caso.&nbsp;</b></p></td>\n </tr></tbody></table>', 1, 5, '2023-06-09 14:06:09'),
(65, 20, 1200.00, '<p><b><u>Servicio Funerario:</u></b> El Asegurador se compromete a pagar los gastos incurridos por concepto de la prestación del Servicio Funerario al Asegurado Titular o a quien demuestre fehacientemente haber pagado los gastos hasta la Suma Asegurada indicada en el Cuadro Póliza Recibo o a prestar el servicio funerario en caso de fallecimiento del Asegurado Titular o de cualquier miembro de su grupo familiar inscrito ocurrido, durante la vigencia de la Póliza y que de acuerdo a las Condiciones de esta Póliza se encuentre cubierto</p><table border=\"0\" cellpadding=\"0\" cellspacing=\"0\" width=\"627\" style=\"width: 470pt;\">\n <colgroup><col width=\"627\" style=\"mso-width-source:userset;mso-width-alt:22930;width:470pt\">\n </colgroup><tbody><tr height=\"20\" style=\"height:15.0pt\">\n  <td height=\"20\" width=\"627\" style=\"height:15.0pt;width:470pt\">A los efectos de\n  esta Póliza, se consideran servicios funerarios los gastos referentes a:&nbsp;</td>\n </tr>\n <tr height=\"20\" style=\"height:15.0pt\">\n  <td height=\"20\" style=\"height:15.0pt\">Traslado del difunto a nivel nacional o\n  local (del lugar del fallecimiento a la funeraria-cementerio).&nbsp;</td>\n </tr>\n <tr height=\"20\" style=\"height:15.0pt\">\n  <td height=\"20\" style=\"height:15.0pt\">Preparación normal de los\n  fallecidos.&nbsp;</td>\n </tr>\n <tr height=\"20\" style=\"height:15.0pt\">\n  <td height=\"20\" style=\"height:15.0pt\">Ataúd adecuado para exequias&nbsp;&nbsp;&nbsp;</td>\n </tr>\n <tr height=\"20\" style=\"height:15.0pt\">\n  <td height=\"20\" style=\"height:15.0pt\">Servicio de sala velatoria (24 horas) en\n  capilla o a domicilio.&nbsp;</td>\n </tr>\n <tr height=\"20\" style=\"height:15.0pt\">\n  <td height=\"20\" style=\"height:15.0pt\">Una (1) Carroza y dos (2) vehículos de\n  acompañamiento.&nbsp;</td>\n </tr>\n <tr height=\"20\" style=\"height:15.0pt\">\n  <td height=\"20\" style=\"height:15.0pt\">Servicio de cafetería.&nbsp;</td>\n </tr>\n <tr height=\"20\" style=\"height:15.0pt\">\n  <td height=\"20\" style=\"height:15.0pt\">Arreglo floral.&nbsp;</td>\n </tr>\n <tr height=\"20\" style=\"height:15.0pt\">\n  <td height=\"20\" style=\"height:15.0pt\">Oficios religiosos (si son\n  solicitados).&nbsp;</td>\n </tr>\n <tr height=\"20\" style=\"height:15.0pt\">\n  <td height=\"20\" style=\"height:15.0pt\">Asesoría de diligencias de ley (registros\n  civiles, prefectura, hospitales, clínicas, medicatura forense).&nbsp;</td>\n </tr>\n <tr height=\"20\" style=\"height:15.0pt\">\n  <td height=\"20\" style=\"height:15.0pt\">Servicio crematorio, en aquellos casos\n  que así lo soliciten.&nbsp;</td>\n </tr>\n <tr height=\"21\" style=\"height:15.75pt\">\n  <td height=\"21\" class=\"xl65\" style=\"height:15.75pt\"><p>Una parcela de un puesto en\n  un cementerio municipal o privado.&nbsp;</p><p><b><u>Beneficio Adicional:</u></b></p><p><b>En caso de que los gastos por la prestación del Servicio Funerario sean menores a la Suma Asegurada contratada, el Asegurador se compromete a pagar la diferencia que exista entre la Suma Asegurada y el gasto del servicio funerario, al Asegurado Titular a los Beneficiarios o los Herederos Legales del Asegurado fallecido, según sea el caso.&nbsp;</b></p></td>\n </tr></tbody></table>', 1, 5, '2023-06-09 14:34:47'),
(66, 21, 1000.00, '<p><b><u>Muerte accidental:</u></b> Si a consecuencia de un accidente sufrido por un Asegurado y amparado por esta Póliza, le sobreviniere la muerte dentro de un (1) año contado a partir de la fecha de ocurrencia del mismo, el Asegurador pagará a los Beneficiarios designados, la suma asegurada vigente para el momento del accidente.&nbsp;</p><p><b><u>Invalidez Permanente:</u></b> Si a consecuencia de un accidente sufrido por un Asegurado y amparado por esta Póliza, le sobreviniere dentro de un (1) año contado a partir de la fecha de ocurrencia del mismo, cualquiera de las condiciones de invalidez señaladas en la siguiente escala de indemnizaciones, el Asegurador pagará la cantidad resultante de aplicar el porcentaje estipulado en dicha escala, a la suma asegurada por esta cobertura, vigente para el momento del accidente.&nbsp;</p><p><b><u>Muerte Cualquier Causa:</u></b> El Asegurador se compromete a indemnizar al Beneficiario o en su defecto a los Herederos Legales, la Suma Asegurada por el monto y moneda indicada en el Cuadro Póliza Recibo,&nbsp; en caso de fallecimiento del Asegurado, sea por causa natural o accidental, ocurrido durante la vigencia&nbsp; de la Póliza y amparado por la misma.&nbsp;</p><p><u><b>Servicio Funerario:</b></u> El Asegurador se compromete a pagar los gastos incurridos por concepto de la prestación del Servicio Funerario al Asegurado Titular o a quien demuestre fehacientemente haber pagado los gastos hasta la Suma Asegurada indicada en el Cuadro Póliza Recibo o a prestar el servicio funerario en caso de fallecimiento del Asegurado Titular o de cualquier miembro de su grupo familiar inscrito ocurrido, durante la vigencia de la Póliza y que de acuerdo a las Condiciones de esta Póliza se encuentre cubierto</p><table border=\"0\" cellpadding=\"0\" cellspacing=\"0\" width=\"627\" style=\"width: 470pt;\">\n <colgroup><col width=\"627\" style=\"mso-width-source:userset;mso-width-alt:22930;width:470pt\">\n </colgroup><tbody><tr height=\"20\" style=\"height:15.0pt\">\n  <td height=\"20\" width=\"627\" style=\"height:15.0pt;width:470pt\">A los efectos de\n  esta Póliza, se consideran servicios funerarios los gastos referentes a:&nbsp;</td>\n </tr>\n <tr height=\"20\" style=\"height:15.0pt\">\n  <td height=\"20\" style=\"height:15.0pt\">Traslado del difunto a nivel nacional o\n  local (del lugar del fallecimiento a la funeraria-cementerio).&nbsp;</td>\n </tr>\n <tr height=\"20\" style=\"height:15.0pt\">\n  <td height=\"20\" style=\"height:15.0pt\">Preparación normal de los\n  fallecidos.&nbsp;</td>\n </tr>\n <tr height=\"20\" style=\"height:15.0pt\">\n  <td height=\"20\" style=\"height:15.0pt\">Ataúd adecuado para exequias&nbsp;&nbsp;&nbsp;</td>\n </tr>\n <tr height=\"20\" style=\"height:15.0pt\">\n  <td height=\"20\" style=\"height:15.0pt\">Servicio de sala velatoria (24 horas) en\n  capilla o a domicilio.&nbsp;</td>\n </tr>\n <tr height=\"20\" style=\"height:15.0pt\">\n  <td height=\"20\" style=\"height:15.0pt\">Una (1) Carroza y dos (2) vehículos de\n  acompañamiento.&nbsp;</td>\n </tr>\n <tr height=\"20\" style=\"height:15.0pt\">\n  <td height=\"20\" style=\"height:15.0pt\">Servicio de cafetería.&nbsp;</td>\n </tr>\n <tr height=\"20\" style=\"height:15.0pt\">\n  <td height=\"20\" style=\"height:15.0pt\">Arreglo floral.&nbsp;</td>\n </tr>\n <tr height=\"20\" style=\"height:15.0pt\">\n  <td height=\"20\" style=\"height:15.0pt\">Oficios religiosos (si son\n  solicitados).&nbsp;</td>\n </tr>\n <tr height=\"20\" style=\"height:15.0pt\">\n  <td height=\"20\" style=\"height:15.0pt\">Asesoría de diligencias de ley (registros\n  civiles, prefectura, hospitales, clínicas, medicatura forense).&nbsp;</td>\n </tr>\n <tr height=\"20\" style=\"height:15.0pt\">\n  <td height=\"20\" style=\"height:15.0pt\">Servicio crematorio, en aquellos casos\n  que así lo soliciten.&nbsp;</td>\n </tr>\n <tr height=\"20\" style=\"height:15.0pt\">\n  <td height=\"20\" style=\"height:15.0pt\">Una parcela de un puesto en un cementerio\n  municipal o privado.&nbsp;</td>\n </tr></tbody></table>', 1, 5, '2023-06-09 15:22:25'),
(67, 22, 2000.00, '<p><br></p><table border=\"0\" cellpadding=\"0\" cellspacing=\"0\" width=\"213\" style=\"width: 160pt;\"><tbody><tr height=\"34\" style=\"height: 25.5pt;\"><td height=\"34\" class=\"xl67\" width=\"128\" style=\"height: 25.5pt; width: 96pt;\"><p><span style=\"font-weight: bolder;\">Coberturas<br></span></p></td><td class=\"xl68\" width=\"85\" style=\"text-align: center; border-left: none; width: 64pt;\"><span style=\"font-weight: bolder;\">Sumas Aseguradas USD.</span></td></tr><tr height=\"21\" style=\"height: 15.75pt;\"><td height=\"21\" class=\"xl66\" style=\"height: 15.75pt; border-top: none;\"><span style=\"font-weight: bolder;\">RCV Básica</span>&nbsp;Personas</td><td class=\"xl65\" style=\"border-top: none; border-left: none;\">&nbsp;&nbsp;&nbsp;&nbsp;&nbsp;&nbsp;&nbsp;&nbsp;&nbsp;&nbsp;&nbsp; 0,40</td></tr><tr height=\"20\" style=\"height: 15pt;\"><td height=\"20\" class=\"xl66\" style=\"height: 15pt; border-top: none;\">RCV Básica Cosas</td><td class=\"xl65\" style=\"border-top: none; border-left: none;\">&nbsp;&nbsp;&nbsp;&nbsp;&nbsp;&nbsp;&nbsp;&nbsp;&nbsp;&nbsp;&nbsp; 0,50</td></tr><tr height=\"20\" style=\"height: 15pt;\"><td height=\"20\" class=\"xl66\" style=\"height: 15pt; border-top: none;\">Exceso de Limite</td><td class=\"xl65\" style=\"border-top: none; border-left: none;\">&nbsp;&nbsp;&nbsp;&nbsp;&nbsp; 2.000,00</td></tr><tr height=\"20\" style=\"height: 15pt;\"><td height=\"20\" class=\"xl66\" style=\"height: 15pt; border-top: none;\">Defensa Penal</td><td class=\"xl65\" style=\"border-top: none; border-left: none;\">&nbsp;&nbsp;&nbsp;&nbsp;&nbsp;&nbsp;&nbsp;&nbsp; 600,00</td></tr><tr height=\"20\" style=\"height: 15pt;\"><td height=\"20\" class=\"xl69\" style=\"height: 15pt; border-top: none;\"><br></td><td class=\"xl70\" style=\"border-top: none;\"></td></tr><tr height=\"20\" style=\"height: 15pt;\"><td height=\"20\" class=\"xl66\" style=\"height: 15pt; border-top: none;\"><span style=\"font-weight: bolder;\">Club Arys Básico</span></td></tr></tbody></table>', 1, 5, '2023-06-26 14:29:06'),
(68, 23, 1000.00, '<p class=\"MsoNormal\" style=\"mso-margin-bottom-alt:auto;line-height:normal\"><span style=\"font-size: 12pt; font-family: &quot;Segoe UI&quot;, &quot;sans-serif&quot;;\">Muerte Accidental USD. 1.000<b>*</b><o:p></o:p></span></p><p class=\"MsoNormal\" style=\"mso-margin-bottom-alt:auto;line-height:normal\"><span style=\"font-size: 12pt; font-family: &quot;Segoe UI&quot;, &quot;sans-serif&quot;;\">Invalidez Total y Parcial USD. 1.000<b>*</b><o:p></o:p></span></p><p class=\"MsoNormal\" style=\"mso-margin-bottom-alt:auto;line-height:normal\"><span style=\"font-size: 12pt; font-family: &quot;Segoe UI&quot;, &quot;sans-serif&quot;;\">Gastos Médicos y de Farmacia USD. 3.000<b>*<o:p></o:p></b></span></p><p style=\"margin-top:0cm\"><b><u><span style=\"font-family: &quot;Segoe UI&quot;, &quot;sans-serif&quot;;\">Muerte accidental:</span></u></b><span style=\"font-family: &quot;Segoe UI&quot;, &quot;sans-serif&quot;;\">&nbsp;Si a consecuencia de un accidente sufrido por un Asegurado y\namparado por esta Póliza, le sobreviniere la muerte dentro de un (1) año contado\na partir de la fecha de ocurrencia del mismo, el Asegurador pagará a los\nBeneficiarios designados, la suma asegurada vigente para el momento del\naccidente.&nbsp;<o:p></o:p></span></p><p style=\"margin-top: 0cm;\"><b><u><span style=\"font-family: &quot;Segoe UI&quot;, &quot;sans-serif&quot;;\">Invalidez Permanente:</span></u></b><span style=\"font-family: &quot;Segoe UI&quot;, &quot;sans-serif&quot;;\">&nbsp;Si a consecuencia\nde un accidente sufrido por un Asegurado y amparado por esta Póliza, le\nsobreviniere dentro de un (1) año contado a partir de la fecha de ocurrencia\ndel mismo, cualquiera de las condiciones de invalidez señaladas en la siguiente\nescala de indemnizaciones, el Asegurador pagará la cantidad resultante de\naplicar el porcentaje estipulado en dicha escala, a la suma asegurada por esta\ncobertura, vigente para el momento del accidente.&nbsp;<o:p></o:p></span></p><p class=\"MsoNormal\" style=\"mso-margin-bottom-alt:auto;line-height:normal\"><b><u><span style=\"font-family: &quot;Segoe UI&quot;, &quot;sans-serif&quot;;\">Gastos\nMédicos y de Farmacia:</span></u></b><span style=\"font-family: &quot;Segoe UI&quot;, &quot;sans-serif&quot;;\">&nbsp;Si como consecuencia de un accidente\ny dentro de los treinta (30) días siguientes a la ocurrencia del mismo, el\nASEGURADO requiriese atención médica, de hospitalización o cirugía o cualquier\notra clase de atención para el restablecimiento de su salud, el Asegurador\nindemnizará los gastos razonables incurridos hasta por la Suma Asegurada\ncontratada para esta cobertura.</span><span style=\"font-size: 12pt; font-family: &quot;Segoe UI&quot;, &quot;sans-serif&quot;;\"><o:p></o:p></span></p><p class=\"MsoNormal\" style=\"margin-top:0cm;margin-right:19.65pt;margin-bottom:\n0cm;margin-left:-.25pt;margin-bottom:.0001pt;line-height:normal\"><b><span style=\"font-size: 12pt; font-family: &quot;Segoe UI&quot;, &quot;sans-serif&quot;;\">Servicios Adicionales&nbsp;incluidos&nbsp;en la póliza**:</span></b><span style=\"font-size: 12pt; font-family: &quot;Segoe UI&quot;, &quot;sans-serif&quot;;\"><o:p></o:p></span></p><p>\n\n\n\n\n\n\n\n\n\n\n\n\n\n</p><p class=\"MsoNormal\" style=\"margin-top:0cm;margin-right:19.65pt;margin-bottom:\n0cm;margin-left:-.25pt;margin-bottom:.0001pt;line-height:normal\"><b><span style=\"font-size: 12pt; font-family: &quot;Segoe UI&quot;, &quot;sans-serif&quot;;\">Telemedicina</span></b><span style=\"font-size: 12pt; font-family: &quot;Segoe UI&quot;, &quot;sans-serif&quot;;\"><o:p></o:p></span></p>', 1, 5, '2023-06-27 14:46:52');
INSERT INTO `insurance_prices` (`id_price`, `id_insurance`, `price_insurance`, `descripcion_price`, `id_status`, `id_user`, `create_date`) VALUES
(69, 24, 1000.00, '<table class=\"MsoNormalTable\" border=\"0\" cellspacing=\"0\" cellpadding=\"0\" width=\"213\" style=\"width: 160pt;\">\n <tbody><tr style=\"mso-yfti-irow:0;mso-yfti-firstrow:yes;height:25.5pt\">\n  <td width=\"128\" style=\"width:96.0pt;padding:0cm 0cm 0cm 0cm;height:25.5pt\">\n  <p class=\"MsoNormal\" style=\"margin-bottom:0cm;margin-bottom:.0001pt;line-height:\n  normal\"><b><span style=\"font-size:12.0pt;font-family:&quot;Segoe UI&quot;,&quot;sans-serif&quot;;\n  mso-fareast-font-family:&quot;Times New Roman&quot;;mso-fareast-language:ES-VE\">Coberturas</span></b><span style=\"font-size:12.0pt;font-family:&quot;Segoe UI&quot;,&quot;sans-serif&quot;;mso-fareast-font-family:\n  &quot;Times New Roman&quot;;mso-fareast-language:ES-VE\"><o:p></o:p></span></p>\n  </td>\n  <td width=\"85\" style=\"width:64.0pt;padding:0cm 0cm 0cm 0cm;height:25.5pt\">\n  <p class=\"MsoNormal\" align=\"center\" style=\"margin-bottom:0cm;margin-bottom:.0001pt;\n  text-align:center;line-height:normal\"><b><span style=\"font-size:12.0pt;\n  font-family:&quot;Segoe UI&quot;,&quot;sans-serif&quot;;mso-fareast-font-family:&quot;Times New Roman&quot;;\n  mso-fareast-language:ES-VE\">Sumas Aseguradas USD.</span></b><span style=\"font-size:12.0pt;font-family:&quot;Segoe UI&quot;,&quot;sans-serif&quot;;mso-fareast-font-family:\n  &quot;Times New Roman&quot;;mso-fareast-language:ES-VE\"><o:p></o:p></span></p>\n  </td>\n </tr>\n <tr style=\"mso-yfti-irow:1;height:15.75pt\">\n  <td style=\"padding:0cm 0cm 0cm 0cm;height:15.75pt\">\n  <p class=\"MsoNormal\" style=\"margin-bottom:0cm;margin-bottom:.0001pt;line-height:\n  normal\"><b><span style=\"font-size:12.0pt;font-family:&quot;Segoe UI&quot;,&quot;sans-serif&quot;;\n  mso-fareast-font-family:&quot;Times New Roman&quot;;mso-fareast-language:ES-VE\">RCV\n  Básica</span></b><span style=\"font-size:12.0pt;font-family:&quot;Segoe UI&quot;,&quot;sans-serif&quot;;\n  mso-fareast-font-family:&quot;Times New Roman&quot;;mso-fareast-language:ES-VE\">&nbsp;Personas<o:p></o:p></span></p>\n  </td>\n  <td style=\"padding:0cm 0cm 0cm 0cm;height:15.75pt\">\n  <p class=\"MsoNormal\" style=\"margin-bottom:0cm;margin-bottom:.0001pt;line-height:\n  normal\"><span style=\"font-size:12.0pt;font-family:&quot;Segoe UI&quot;,&quot;sans-serif&quot;;\n  mso-fareast-font-family:&quot;Times New Roman&quot;;mso-fareast-language:ES-VE\">&nbsp;&nbsp;&nbsp;&nbsp;&nbsp;&nbsp;&nbsp;&nbsp;&nbsp;&nbsp;&nbsp;\n  0,40<o:p></o:p></span></p>\n  </td>\n </tr>\n <tr style=\"mso-yfti-irow:2;height:15.0pt\">\n  <td style=\"padding:0cm 0cm 0cm 0cm;height:15.0pt\">\n  <p class=\"MsoNormal\" style=\"margin-bottom:0cm;margin-bottom:.0001pt;line-height:\n  normal\"><span style=\"font-size:12.0pt;font-family:&quot;Segoe UI&quot;,&quot;sans-serif&quot;;\n  mso-fareast-font-family:&quot;Times New Roman&quot;;mso-fareast-language:ES-VE\">RCV\n  Básica Cosas<o:p></o:p></span></p>\n  </td>\n  <td style=\"padding:0cm 0cm 0cm 0cm;height:15.0pt\">\n  <p class=\"MsoNormal\" style=\"margin-bottom:0cm;margin-bottom:.0001pt;line-height:\n  normal\"><span style=\"font-size:12.0pt;font-family:&quot;Segoe UI&quot;,&quot;sans-serif&quot;;\n  mso-fareast-font-family:&quot;Times New Roman&quot;;mso-fareast-language:ES-VE\">&nbsp;&nbsp;&nbsp;&nbsp;&nbsp;&nbsp;&nbsp;&nbsp;&nbsp;&nbsp;&nbsp;\n  0,50<o:p></o:p></span></p>\n  </td>\n </tr>\n <tr style=\"mso-yfti-irow:3;height:15.0pt\">\n  <td style=\"padding:0cm 0cm 0cm 0cm;height:15.0pt\">\n  <p class=\"MsoNormal\" style=\"margin-bottom:0cm;margin-bottom:.0001pt;line-height:\n  normal\"><span style=\"font-size:12.0pt;font-family:&quot;Segoe UI&quot;,&quot;sans-serif&quot;;\n  mso-fareast-font-family:&quot;Times New Roman&quot;;mso-fareast-language:ES-VE\">Exceso\n  de Limite<o:p></o:p></span></p>\n  </td>\n  <td style=\"padding:0cm 0cm 0cm 0cm;height:15.0pt\">\n  <p class=\"MsoNormal\" style=\"margin-bottom:0cm;margin-bottom:.0001pt;line-height:\n  normal\"><span style=\"font-size:12.0pt;font-family:&quot;Segoe UI&quot;,&quot;sans-serif&quot;;\n  mso-fareast-font-family:&quot;Times New Roman&quot;;mso-fareast-language:ES-VE\">&nbsp;&nbsp;&nbsp;&nbsp;&nbsp;\n  1.000,00<o:p></o:p></span></p>\n  </td>\n </tr>\n <tr style=\"mso-yfti-irow:4;height:15.0pt\">\n  <td style=\"padding:0cm 0cm 0cm 0cm;height:15.0pt\">\n  <p class=\"MsoNormal\" style=\"margin-bottom:0cm;margin-bottom:.0001pt;line-height:\n  normal\"><span style=\"font-size:12.0pt;font-family:&quot;Segoe UI&quot;,&quot;sans-serif&quot;;\n  mso-fareast-font-family:&quot;Times New Roman&quot;;mso-fareast-language:ES-VE\">Defensa\n  Penal<o:p></o:p></span></p>\n  </td>\n  <td style=\"padding:0cm 0cm 0cm 0cm;height:15.0pt\">\n  <p class=\"MsoNormal\" style=\"margin-bottom:0cm;margin-bottom:.0001pt;line-height:\n  normal\"><span style=\"font-size:12.0pt;font-family:&quot;Segoe UI&quot;,&quot;sans-serif&quot;;\n  mso-fareast-font-family:&quot;Times New Roman&quot;;mso-fareast-language:ES-VE\">&nbsp;&nbsp;&nbsp;&nbsp;&nbsp;&nbsp;&nbsp;&nbsp;\n  500,00<o:p></o:p></span></p>\n  </td>\n </tr>\n <tr style=\"mso-yfti-irow:5;height:15.0pt\">\n  <td style=\"padding:0cm 0cm 0cm 0cm;height:15.0pt\">\n  <p class=\"MsoNormal\" style=\"margin-bottom:0cm;margin-bottom:.0001pt;line-height:\n  normal\"><b><span style=\"font-size:12.0pt;font-family:&quot;Segoe UI&quot;,&quot;sans-serif&quot;;\n  mso-fareast-font-family:&quot;Times New Roman&quot;;mso-fareast-language:ES-VE\">APOV</span></b><span style=\"font-size:12.0pt;font-family:&quot;Segoe UI&quot;,&quot;sans-serif&quot;;mso-fareast-font-family:\n  &quot;Times New Roman&quot;;mso-fareast-language:ES-VE\"><o:p></o:p></span></p>\n  </td>\n  <td style=\"padding:0cm 0cm 0cm 0cm;height:15.0pt\">\n  <p class=\"MsoNormal\" style=\"margin-bottom:0cm;margin-bottom:.0001pt;line-height:\n  normal\"><span style=\"font-size:12.0pt;font-family:&quot;Segoe UI&quot;,&quot;sans-serif&quot;;\n  mso-fareast-font-family:&quot;Times New Roman&quot;;mso-fareast-language:ES-VE\">&nbsp;<o:p></o:p></span></p>\n  </td>\n </tr>\n <tr style=\"mso-yfti-irow:6;height:15.0pt\">\n  <td style=\"padding:0cm 0cm 0cm 0cm;height:15.0pt\">\n  <p class=\"MsoNormal\" style=\"margin-bottom:0cm;margin-bottom:.0001pt;line-height:\n  normal\"><span style=\"font-size:12.0pt;font-family:&quot;Segoe UI&quot;,&quot;sans-serif&quot;;\n  mso-fareast-font-family:&quot;Times New Roman&quot;;mso-fareast-language:ES-VE\">Muerte<o:p></o:p></span></p>\n  </td>\n  <td style=\"padding:0cm 0cm 0cm 0cm;height:15.0pt\">\n  <p class=\"MsoNormal\" style=\"margin-bottom:0cm;margin-bottom:.0001pt;line-height:\n  normal\"><span style=\"font-size:12.0pt;font-family:&quot;Segoe UI&quot;,&quot;sans-serif&quot;;\n  mso-fareast-font-family:&quot;Times New Roman&quot;;mso-fareast-language:ES-VE\">&nbsp;&nbsp;&nbsp;&nbsp;&nbsp;&nbsp;&nbsp;&nbsp;\n  350,00<o:p></o:p></span></p>\n  </td>\n </tr>\n <tr style=\"mso-yfti-irow:7;height:15.0pt\">\n  <td style=\"padding:0cm 0cm 0cm 0cm;height:15.0pt\">\n  <p class=\"MsoNormal\" style=\"margin-bottom:0cm;margin-bottom:.0001pt;line-height:\n  normal\"><span style=\"font-size:12.0pt;font-family:&quot;Segoe UI&quot;,&quot;sans-serif&quot;;\n  mso-fareast-font-family:&quot;Times New Roman&quot;;mso-fareast-language:ES-VE\">Invalidez<o:p></o:p></span></p>\n  </td>\n  <td style=\"padding:0cm 0cm 0cm 0cm;height:15.0pt\">\n  <p class=\"MsoNormal\" style=\"margin-bottom:0cm;margin-bottom:.0001pt;line-height:\n  normal\"><span style=\"font-size:12.0pt;font-family:&quot;Segoe UI&quot;,&quot;sans-serif&quot;;\n  mso-fareast-font-family:&quot;Times New Roman&quot;;mso-fareast-language:ES-VE\">&nbsp;&nbsp;&nbsp;&nbsp;&nbsp;&nbsp;&nbsp;&nbsp;\n  350,00<o:p></o:p></span></p>\n  </td>\n </tr>\n <tr style=\"mso-yfti-irow:8;height:15.0pt\">\n  <td style=\"padding:0cm 0cm 0cm 0cm;height:15.0pt\">\n  <p class=\"MsoNormal\" style=\"margin-bottom:0cm;margin-bottom:.0001pt;line-height:\n  normal\"><span style=\"font-size:12.0pt;font-family:&quot;Segoe UI&quot;,&quot;sans-serif&quot;;\n  mso-fareast-font-family:&quot;Times New Roman&quot;;mso-fareast-language:ES-VE\">Gastos\n  Médicos<o:p></o:p></span></p>\n  </td>\n  <td style=\"padding:0cm 0cm 0cm 0cm;height:15.0pt\">\n  <p class=\"MsoNormal\" style=\"margin-bottom:0cm;margin-bottom:.0001pt;line-height:\n  normal\"><span style=\"font-size:12.0pt;font-family:&quot;Segoe UI&quot;,&quot;sans-serif&quot;;\n  mso-fareast-font-family:&quot;Times New Roman&quot;;mso-fareast-language:ES-VE\">&nbsp;&nbsp;&nbsp;&nbsp;&nbsp;&nbsp;&nbsp;&nbsp;\n  105,00<o:p></o:p></span></p>\n  </td>\n </tr>\n <tr style=\"mso-yfti-irow:9;height:15.0pt\">\n  <td style=\"padding:0cm 0cm 0cm 0cm;height:15.0pt\">\n  <p class=\"MsoNormal\" style=\"margin-bottom:0cm;margin-bottom:.0001pt;line-height:\n  normal\"><span style=\"font-size:12.0pt;font-family:&quot;Segoe UI&quot;,&quot;sans-serif&quot;;\n  mso-fareast-font-family:&quot;Times New Roman&quot;;mso-fareast-language:ES-VE\">Gastos\n  de Entierro<o:p></o:p></span></p>\n  </td>\n  <td style=\"padding:0cm 0cm 0cm 0cm;height:15.0pt\">\n  <p class=\"MsoNormal\" style=\"margin-bottom:0cm;margin-bottom:.0001pt;line-height:\n  normal\"><span style=\"font-size:12.0pt;font-family:&quot;Segoe UI&quot;,&quot;sans-serif&quot;;\n  mso-fareast-font-family:&quot;Times New Roman&quot;;mso-fareast-language:ES-VE\">&nbsp;&nbsp;&nbsp;&nbsp;&nbsp;&nbsp;&nbsp;&nbsp;\n  350,00<o:p></o:p></span></p>\n  </td>\n </tr>\n <tr style=\"mso-yfti-irow:10;mso-yfti-lastrow:yes;height:15.0pt\">\n  <td style=\"padding:0cm 0cm 0cm 0cm;height:15.0pt\">\n  <p class=\"MsoNormal\" style=\"margin-bottom:0cm;margin-bottom:.0001pt;line-height:\n  normal\"><b><span style=\"font-size:12.0pt;font-family:&quot;Segoe UI&quot;,&quot;sans-serif&quot;;\n  mso-fareast-font-family:&quot;Times New Roman&quot;;mso-fareast-language:ES-VE\">Club\n  Arys Básico</span></b><span style=\"font-size:12.0pt;font-family:&quot;Segoe UI&quot;,&quot;sans-serif&quot;;\n  mso-fareast-font-family:&quot;Times New Roman&quot;;mso-fareast-language:ES-VE\"><o:p></o:p></span></p>\n  </td>\n  <td style=\"padding:0cm 0cm 0cm 0cm;height:15.0pt\"></td>\n </tr>\n</tbody></table>', 1, 5, '2023-06-28 10:29:29'),
(70, 25, 5000.00, '<table border=\"0\" cellpadding=\"0\" cellspacing=\"0\" width=\"1026\" style=\"width: 770pt;\">\n <colgroup><col width=\"912\" style=\"mso-width-source:userset;mso-width-alt:33353;width:684pt\">\n <col width=\"114\" style=\"mso-width-source:userset;mso-width-alt:4169;width:86pt\">\n </colgroup><tbody><tr height=\"20\" style=\"height:15.0pt\">\n  <td height=\"20\" class=\"xl63\" width=\"912\" style=\"height:15.0pt;width:684pt\">Riesgos\n  cubiertos&nbsp;</td>\n  <td class=\"xl64\" width=\"114\" style=\"width:86pt\">Suma Asegurada&nbsp;</td>\n </tr>\n <tr height=\"20\" style=\"height:15.0pt\">\n  <td height=\"20\" style=\"height:15.0pt\">Accidentes dentro de los predios del\n  hotel causado por empleados y contratistas que causen daños físicos al\n  asegurado</td>\n  <td class=\"xl65\">&nbsp;&nbsp;&nbsp;&nbsp;&nbsp;&nbsp;&nbsp;&nbsp;&nbsp;&nbsp;&nbsp;&nbsp;&nbsp;&nbsp;&nbsp;&nbsp;&nbsp;\n  5.000,00 </td>\n </tr>\n <tr height=\"20\" style=\"height:15.0pt\">\n  <td height=\"20\" style=\"height:15.0pt\">Intoxicación causada por la ingesta de\n  alimentos elaborados por personal del hotel o restaurantes que se encuentren\n  en los predios del mismo.</td>\n  <td class=\"xl65\">&nbsp;&nbsp;&nbsp;&nbsp;&nbsp;&nbsp;&nbsp;&nbsp;&nbsp;&nbsp;&nbsp;&nbsp;&nbsp;&nbsp;&nbsp;&nbsp;&nbsp;\n  3.000,00 </td>\n </tr>\n <tr height=\"20\" style=\"height:15.0pt\">\n  <td height=\"20\" style=\"height:15.0pt\">Gastos médicos como consecuencia de\n  accidentes de cualquier índole ocurridos dentro de los predios del hotel&nbsp;</td>\n  <td class=\"xl65\">&nbsp;&nbsp;&nbsp;&nbsp;&nbsp;&nbsp;&nbsp;&nbsp;&nbsp;&nbsp;&nbsp;&nbsp;&nbsp;&nbsp;&nbsp;&nbsp;&nbsp;\n  3.000,00 </td>\n </tr>\n <tr height=\"20\" style=\"height:15.0pt\">\n  <td height=\"20\" style=\"height:15.0pt\">Muerte accidental</td>\n  <td class=\"xl65\">&nbsp;&nbsp;&nbsp;&nbsp;&nbsp;&nbsp;&nbsp;&nbsp;&nbsp;&nbsp;&nbsp;&nbsp;&nbsp;&nbsp;&nbsp;&nbsp;&nbsp;\n  3.000,00 </td>\n </tr>\n <tr height=\"20\" style=\"height:15.0pt\">\n  <td height=\"20\" style=\"height:15.0pt\">Invalidez total&nbsp;</td>\n  <td class=\"xl65\">&nbsp;&nbsp;&nbsp;&nbsp;&nbsp;&nbsp;&nbsp;&nbsp;&nbsp;&nbsp;&nbsp;&nbsp;&nbsp;&nbsp;&nbsp;&nbsp;&nbsp;\n  3.000,00 </td>\n </tr>\n <tr height=\"20\" style=\"height:15.0pt\">\n  <td height=\"20\" style=\"height:15.0pt\">Vida</td>\n  <td class=\"xl65\">&nbsp;&nbsp;&nbsp;&nbsp;&nbsp;&nbsp;&nbsp;&nbsp;&nbsp;&nbsp;&nbsp;&nbsp;&nbsp;&nbsp;&nbsp;&nbsp;&nbsp;\n  1.000,00 </td>\n </tr>\n <tr height=\"20\" style=\"height:15.0pt\">\n  <td height=\"20\" style=\"height:15.0pt\">Servicio Funerario&nbsp;</td>\n  <td class=\"xl65\">&nbsp;&nbsp;&nbsp;&nbsp;&nbsp;&nbsp;&nbsp;&nbsp;&nbsp;&nbsp;&nbsp;&nbsp;&nbsp;&nbsp;&nbsp;&nbsp;&nbsp;\n  2.000,00 </td>\n </tr>\n <tr height=\"20\" style=\"height:15.0pt\">\n  <td height=\"20\" style=\"height:15.0pt\">Telemedicina - AMD - Ambulancia&nbsp; &nbsp; &nbsp; &nbsp; &nbsp; &nbsp; &nbsp; &nbsp; &nbsp; &nbsp; &nbsp; &nbsp; &nbsp; &nbsp; &nbsp; &nbsp; &nbsp; &nbsp; &nbsp; &nbsp; &nbsp; &nbsp; &nbsp; &nbsp; &nbsp; &nbsp; &nbsp; &nbsp; &nbsp; &nbsp; &nbsp; &nbsp; &nbsp; &nbsp; &nbsp; &nbsp; &nbsp; &nbsp; &nbsp; &nbsp; &nbsp; &nbsp; &nbsp; &nbsp; &nbsp; &nbsp; &nbsp; &nbsp; &nbsp; &nbsp; &nbsp; &nbsp; &nbsp; &nbsp; &nbsp; &nbsp; &nbsp; &nbsp; &nbsp; &nbsp; &nbsp; &nbsp; &nbsp; &nbsp; &nbsp; &nbsp; &nbsp; &nbsp; &nbsp; &nbsp; &nbsp; &nbsp; &nbsp; &nbsp; &nbsp; &nbsp; &nbsp; &nbsp; &nbsp; &nbsp; &nbsp; &nbsp; &nbsp; &nbsp; &nbsp; &nbsp; &nbsp; &nbsp; &nbsp; &nbsp; &nbsp; &nbsp; &nbsp; &nbsp; &nbsp; &nbsp; &nbsp; &nbsp; &nbsp; &nbsp; &nbsp; &nbsp; &nbsp; &nbsp; &nbsp; &nbsp; &nbsp;&nbsp;</td>\n  <td class=\"xl66\">&nbsp; &nbsp; &nbsp; &nbsp; &nbsp; &nbsp; &nbsp; &nbsp; Incluido&nbsp;&nbsp;</td>\n </tr>\n <tr height=\"20\" style=\"height:15.0pt\">\n  <td height=\"20\" style=\"height:15.0pt\">Accidentes por participación en Amenidades\n  promocionadas por el hotel</td>\n  <td class=\"xl66\">&nbsp;&nbsp;&nbsp;&nbsp;&nbsp;&nbsp;&nbsp;&nbsp;&nbsp;&nbsp;&nbsp;&nbsp;&nbsp;&nbsp;&nbsp;&nbsp;&nbsp;&nbsp;&nbsp;&nbsp;&nbsp;\n  500,00 </td>\n </tr></tbody></table>', 1, 5, '2023-06-28 14:58:57'),
(71, 26, 2000.00, '<p>Muerte Accidental USD. 2.000<span style=\"font-weight: bolder;\">*</span></p><p>Invalidez Total y Parcial USD. 2.000<span style=\"font-weight: bolder; font-size: 1rem;\">*</span></p><p>Vida - Muerte Cualquier causa USD. 2.000<span style=\"font-weight: bolder; font-size: 1rem;\">*</span></p><p>Servicio Funerario USD 1.000<span style=\"font-weight: bolder; font-size: 1rem;\">*</span></p><p><span style=\"font-size: 1rem;\">Gastos médicos por accidente USD. 600*</span></p><p class=\"MsoNormal\" style=\"margin: 0cm 19.65pt 0cm -0.25pt;\"><span style=\"font-weight: bolder;\">Servicios Adicionales&nbsp;</span><span style=\"font-weight: bolder;\">incluidos</span><span style=\"font-weight: bolder;\">&nbsp;en la póliza</span><span style=\"font-weight: bolder; font-size: 1rem;\">**</span><span style=\"font-weight: bolder; font-size: 1rem;\">:</span></p><p class=\"MsoNormal\" style=\"margin: 0cm 19.65pt 0cm -0.25pt;\"><span style=\"font-size: 1rem; font-weight: bolder;\">Telemedicina :&nbsp;</span><span style=\"font-size: 1rem;\">Consulta médica telefónica 24 horas ilimitado.</span></p><p class=\"MsoNormal\" style=\"margin: 0cm 19.65pt 0cm -0.25pt;\"><span style=\"font-weight: bolder;\">Atención Médica Domiciliaria:&nbsp;</span>&nbsp;Atención médica en casa.</p><p class=\"MsoNormal\" style=\"margin: 0cm 19.65pt 0cm -0.25pt;\"><span style=\"font-weight: bolder;\">Entrega de Medicamentos:</span>&nbsp; Entrega de medicamentos de patologías agudas hasta por 7 días, siempre y cuando sea por el AMD.</p><p class=\"MsoNormal\" style=\"margin: 0cm 19.65pt 0cm -0.25pt;\"><span style=\"font-weight: bolder;\">Atención Médica Primaria ilimitada:</span>&nbsp;Consultas generales y en 15 especialidades.</p><p class=\"MsoNormal\" style=\"margin: 0cm 19.65pt 0cm -0.25pt;\"><span style=\"font-weight: bolder;\">1 Laboratorio al año:&nbsp;</span>Según perfil requerido por la patología.</p><p class=\"MsoNormal\" style=\"margin: 0cm 19.65pt 0cm -0.25pt;\"><span style=\"font-weight: bolder;\">Ginecología:</span>&nbsp; 1 consulta al año + Eco transvaginal + citología.</p><p class=\"MsoNormal\" style=\"margin: 0cm 19.65pt 0cm -0.25pt;\"><span style=\"font-weight: bolder;\">RX:&nbsp;</span>1 estudio al año según patología.</p><p class=\"MsoNormal\" style=\"margin: 0cm 19.65pt 0cm -0.25pt;\"><span style=\"font-weight: bolder;\">Ecografía:&nbsp;</span>1 año según patología - Eco simple.</p><p class=\"MsoNormal\" style=\"margin: 0cm 19.65pt 0cm -0.25pt;\"><span style=\"font-weight: bolder;\">Estudios Cardiológicos:&nbsp;</span>&nbsp;1 al año según patología: (Holter-electrocardiograma-Mapa-Ecocardiograma).</p><p class=\"MsoNormal\" style=\"margin: 0cm 19.65pt 0cm -0.25pt;\"><span style=\"font-weight: bolder;\">Rehabilitación Física:&nbsp;</span>Según facultativo (10 sesiones al año).</p><p class=\"MsoNormal\" style=\"margin: 0cm 19.65pt 0cm -0.25pt;\"><span style=\"font-weight: bolder;\">Traslado en Ambulancia:</span>&nbsp;Traslado al centro de salud</p><p class=\"MsoNormal\" style=\"margin: 0cm 19.65pt 0cm -0.25pt;\"><span style=\"font-size: 1rem;\"><br></span></p><p class=\"MsoNormal\" style=\"margin: 0cm 19.65pt 0cm -0.25pt;\"><span style=\"font-size: 1rem;\"><br></span></p><p class=\"MsoNormal\" style=\"margin: 0cm 19.65pt 0cm -0.25pt;\"><span style=\"font-size: 1rem;\">Puede hacer uso de su póliza llamando al&nbsp;</span><span style=\"font-size: 1rem; font-weight: bolder;\">02129530522&nbsp;</span><span style=\"font-size: 1rem;\">y</span><span style=\"font-size: 1rem; font-weight: bolder;\">&nbsp;Wthatsapp 04241452314</span></p><p class=\"MsoNormal\" style=\"margin: 0cm 19.65pt 0cm -0.25pt;\"><span style=\"font-size: 1rem; font-weight: bolder;\">* Sólo&nbsp; para el Titular</span></p><p><span style=\"font-weight: bolder;\">** Para el grupo familiar, previo el pago de prima adicional</span></p>', 1, 5, '2023-08-11 15:20:19'),
(72, 26, 3000.00, '<p>Muerte Accidental USD. 3.000<span style=\"font-weight: bolder;\">*</span></p><p>Invalidez Total y Parcial USD. 3.000<span style=\"font-weight: bolder; font-size: 1rem;\">*</span></p><p>Vida - Muerte Cualquier causa USD. 2.000<span style=\"font-weight: bolder; font-size: 1rem;\">*</span></p><p>Servicio Funerario USD 1.000<span style=\"font-weight: bolder; font-size: 1rem;\">*</span></p><p><span style=\"font-size: 1rem;\">Gastos médicos por accidente USD. 900*</span></p><p class=\"MsoNormal\" style=\"margin: 0cm 19.65pt 0cm -0.25pt;\"><span style=\"font-weight: bolder;\">Servicios Adicionales&nbsp;</span><span style=\"font-weight: bolder;\">incluidos</span><span style=\"font-weight: bolder;\">&nbsp;en la póliza</span><span style=\"font-weight: bolder; font-size: 1rem;\">**</span><span style=\"font-weight: bolder; font-size: 1rem;\">:</span></p><p class=\"MsoNormal\" style=\"margin: 0cm 19.65pt 0cm -0.25pt;\"><span style=\"font-size: 1rem; font-weight: bolder;\">Telemedicina :&nbsp;</span><span style=\"font-size: 1rem;\">Consulta médica telefónica 24 horas ilimitado.</span></p><p class=\"MsoNormal\" style=\"margin: 0cm 19.65pt 0cm -0.25pt;\"><span style=\"font-weight: bolder;\">Atención Médica Domiciliaria:&nbsp;</span>&nbsp;Atención médica en casa.</p><p class=\"MsoNormal\" style=\"margin: 0cm 19.65pt 0cm -0.25pt;\"><span style=\"font-weight: bolder;\">Entrega de Medicamentos:</span>&nbsp; Entrega de medicamentos de patologías agudas hasta por 7 días, siempre y cuando sea por AMD</p><p class=\"MsoNormal\" style=\"margin: 0cm 19.65pt 0cm -0.25pt;\"><span style=\"font-weight: bolder;\">Atención Médica Primaria ilimitada:</span>&nbsp;Consultas generales y en 15 especialidades.</p><p class=\"MsoNormal\" style=\"margin: 0cm 19.65pt 0cm -0.25pt;\"><span style=\"font-weight: bolder;\">1 Laboratorio al año:&nbsp;</span>Según perfil requerido por la patología.</p><p class=\"MsoNormal\" style=\"margin: 0cm 19.65pt 0cm -0.25pt;\"><span style=\"font-weight: bolder;\">Ginecología:</span>&nbsp; 1 consulta al año + Eco transvaginal + citología.</p><p class=\"MsoNormal\" style=\"margin: 0cm 19.65pt 0cm -0.25pt;\"><span style=\"font-weight: bolder;\">RX:&nbsp;</span>1 estudio al año según patología.</p><p class=\"MsoNormal\" style=\"margin: 0cm 19.65pt 0cm -0.25pt;\"><span style=\"font-weight: bolder;\">Ecografía:&nbsp;</span>1 año según patología - Eco simple.</p><p class=\"MsoNormal\" style=\"margin: 0cm 19.65pt 0cm -0.25pt;\"><span style=\"font-weight: bolder;\">Estudios Cardiológicos:&nbsp;</span>&nbsp;1 al año según patología: (Holter-electrocardiograma-Mapa-Ecocardiograma).</p><p class=\"MsoNormal\" style=\"margin: 0cm 19.65pt 0cm -0.25pt;\"><span style=\"font-weight: bolder;\">Rehabilitación Física:&nbsp;</span>Según facultativo (10 sesiones al año).</p><p class=\"MsoNormal\" style=\"margin: 0cm 19.65pt 0cm -0.25pt;\"><span style=\"font-weight: bolder;\">Traslado en Ambulancia:</span>&nbsp;Traslado al centro de salud</p><p class=\"MsoNormal\" style=\"margin: 0cm 19.65pt 0cm -0.25pt;\"><span style=\"font-size: 1rem;\"><br></span></p><p class=\"MsoNormal\" style=\"margin: 0cm 19.65pt 0cm -0.25pt;\"><span style=\"font-size: 1rem;\"><br></span></p><p class=\"MsoNormal\" style=\"margin: 0cm 19.65pt 0cm -0.25pt;\"><span style=\"font-size: 1rem;\">Puede hacer uso de su póliza llamando al&nbsp;</span><span style=\"font-size: 1rem; font-weight: bolder;\">02129530522&nbsp;</span><span style=\"font-size: 1rem;\">y</span><span style=\"font-size: 1rem; font-weight: bolder;\">&nbsp;Wthatsapp 04241452314</span></p><p class=\"MsoNormal\" style=\"margin: 0cm 19.65pt 0cm -0.25pt;\"><span style=\"font-size: 1rem; font-weight: bolder;\">* Sólo&nbsp; para el Titular</span></p><p><span style=\"font-weight: bolder;\">** Para el grupo familiar, previo el pago de prima adicional</span></p>', 1, 5, '2023-08-11 15:20:48'),
(73, 26, 4000.00, '<p>Muerte Accidental USD. 4.000<span style=\"font-weight: bolder;\">*</span></p><p>Invalidez Total y Parcial USD. 4.000<span style=\"font-weight: bolder; font-size: 1rem;\">*</span></p><p>Vida - Muerte Cualquier causa USD. 2.000<span style=\"font-weight: bolder; font-size: 1rem;\">*</span></p><p>Servicio Funerario USD 1.000<span style=\"font-weight: bolder; font-size: 1rem;\">*</span></p><p><span style=\"font-size: 1rem;\">Gastos médicos por accidente USD. 1.200*</span></p><p class=\"MsoNormal\" style=\"margin: 0cm 19.65pt 0cm -0.25pt;\"><span style=\"font-weight: bolder;\">Servicios Adicionales&nbsp;</span><span style=\"font-weight: bolder;\">incluidos</span><span style=\"font-weight: bolder;\">&nbsp;en la póliza</span><span style=\"font-weight: bolder; font-size: 1rem;\">**</span><span style=\"font-weight: bolder; font-size: 1rem;\">:</span></p><p class=\"MsoNormal\" style=\"margin: 0cm 19.65pt 0cm -0.25pt;\"><span style=\"font-size: 1rem; font-weight: bolder;\">Telemedicina :&nbsp;</span><span style=\"font-size: 1rem;\">Consulta médica telefónica 24 horas ilimitado.</span></p><p class=\"MsoNormal\" style=\"margin: 0cm 19.65pt 0cm -0.25pt;\"><span style=\"font-weight: bolder;\">Atención Médica Domiciliaria:&nbsp;</span>&nbsp;Atención médica en casa.</p><p class=\"MsoNormal\" style=\"margin: 0cm 19.65pt 0cm -0.25pt;\"><span style=\"font-weight: bolder;\">Entrega de Medicamentos:</span>&nbsp; Entrega de medicamentos de patologías agudas hasta por 7 días, siempre y cuando sea por AMD.</p><p class=\"MsoNormal\" style=\"margin: 0cm 19.65pt 0cm -0.25pt;\"><span style=\"font-weight: bolder;\">Atención Médica Primaria ilimitada:</span>&nbsp;Consultas generales y en 15 especialidades.</p><p class=\"MsoNormal\" style=\"margin: 0cm 19.65pt 0cm -0.25pt;\"><span style=\"font-weight: bolder;\">1 Laboratorio al año:&nbsp;</span>Según perfil requerido por la patología.</p><p class=\"MsoNormal\" style=\"margin: 0cm 19.65pt 0cm -0.25pt;\"><span style=\"font-weight: bolder;\">Ginecología:</span>&nbsp; 1 consulta al año + Eco transvaginal + citología.</p><p class=\"MsoNormal\" style=\"margin: 0cm 19.65pt 0cm -0.25pt;\"><span style=\"font-weight: bolder;\">RX:&nbsp;</span>1 estudio al año según patología.</p><p class=\"MsoNormal\" style=\"margin: 0cm 19.65pt 0cm -0.25pt;\"><span style=\"font-weight: bolder;\">Ecografía:&nbsp;</span>1 año según patología - Eco simple.</p><p class=\"MsoNormal\" style=\"margin: 0cm 19.65pt 0cm -0.25pt;\"><span style=\"font-weight: bolder;\">Estudios Cardiológicos:&nbsp;</span>&nbsp;1 al año según patología: (Holter-electrocardiograma-Mapa-Ecocardiograma).</p><p class=\"MsoNormal\" style=\"margin: 0cm 19.65pt 0cm -0.25pt;\"><span style=\"font-weight: bolder;\">Rehabilitación Física:&nbsp;</span>Según facultativo (10 sesiones al año).</p><p class=\"MsoNormal\" style=\"margin: 0cm 19.65pt 0cm -0.25pt;\"><span style=\"font-weight: bolder;\">Traslado en Ambulancia:</span>&nbsp;Traslado al centro de salud</p><p class=\"MsoNormal\" style=\"margin: 0cm 19.65pt 0cm -0.25pt;\"><span style=\"font-size: 1rem;\"><br></span></p><p class=\"MsoNormal\" style=\"margin: 0cm 19.65pt 0cm -0.25pt;\"><span style=\"font-size: 1rem;\"><br></span></p><p class=\"MsoNormal\" style=\"margin: 0cm 19.65pt 0cm -0.25pt;\"><span style=\"font-size: 1rem;\">Puede hacer uso de su póliza llamando al&nbsp;</span><span style=\"font-size: 1rem; font-weight: bolder;\">02129530522&nbsp;</span><span style=\"font-size: 1rem;\">y</span><span style=\"font-size: 1rem; font-weight: bolder;\">&nbsp;Wthatsapp 04241452314</span></p><p class=\"MsoNormal\" style=\"margin: 0cm 19.65pt 0cm -0.25pt;\"><span style=\"font-size: 1rem; font-weight: bolder;\">* Sólo&nbsp; para el Titular</span></p><p><span style=\"font-weight: bolder;\">** Para el grupo familiar, previo el pago de prima adicional</span></p>', 1, 5, '2023-08-11 15:21:16'),
(74, 26, 5000.00, '<p>Muerte Accidental USD. 5.000<span style=\"font-weight: bolder;\">*</span></p><p>Invalidez Total y Parcial USD. 5.000<span style=\"font-weight: bolder; font-size: 1rem;\">*</span></p><p>Vida - Muerte Cualquier causa USD. 2.000<span style=\"font-weight: bolder; font-size: 1rem;\">*</span></p><p>Servicio Funerario USD 1.000<span style=\"font-weight: bolder; font-size: 1rem;\">*</span></p><p><span style=\"font-size: 1rem;\">Gastos médicos por accidente USD. 1.500*</span></p><p class=\"MsoNormal\" style=\"margin: 0cm 19.65pt 0cm -0.25pt;\"><span style=\"font-weight: bolder;\">Servicios Adicionales&nbsp;</span><span style=\"font-weight: bolder;\">incluidos</span><span style=\"font-weight: bolder;\">&nbsp;en la póliza</span><span style=\"font-weight: bolder; font-size: 1rem;\">**</span><span style=\"font-weight: bolder; font-size: 1rem;\">:</span></p><p class=\"MsoNormal\" style=\"margin: 0cm 19.65pt 0cm -0.25pt;\"><span style=\"font-size: 1rem; font-weight: bolder;\">Telemedicina :&nbsp;</span><span style=\"font-size: 1rem;\">Consulta médica telefónica 24 horas ilimitado.</span></p><p class=\"MsoNormal\" style=\"margin: 0cm 19.65pt 0cm -0.25pt;\"><span style=\"font-weight: bolder;\">Atención Médica Domiciliaria:&nbsp;</span>&nbsp;Atención médica en casa.</p><p class=\"MsoNormal\" style=\"margin: 0cm 19.65pt 0cm -0.25pt;\"><span style=\"font-weight: bolder;\">Entrega de Medicamentos:</span>&nbsp; Entrega de medicamentos de patologías agudas hasta por 7 días, siempre y cuando sea por AMD.</p><p class=\"MsoNormal\" style=\"margin: 0cm 19.65pt 0cm -0.25pt;\"><span style=\"font-weight: bolder;\">Atención Médica Primaria ilimitada:</span>&nbsp;Consultas generales y en 15 especialidades.</p><p class=\"MsoNormal\" style=\"margin: 0cm 19.65pt 0cm -0.25pt;\"><span style=\"font-weight: bolder;\">1 Laboratorio al año:&nbsp;</span>Según perfil requerido por la patología.</p><p class=\"MsoNormal\" style=\"margin: 0cm 19.65pt 0cm -0.25pt;\"><span style=\"font-weight: bolder;\">Ginecología:</span>&nbsp; 1 consulta al año + Eco transvaginal + citología.</p><p class=\"MsoNormal\" style=\"margin: 0cm 19.65pt 0cm -0.25pt;\"><span style=\"font-weight: bolder;\">RX:&nbsp;</span>1 estudio al año según patología.</p><p class=\"MsoNormal\" style=\"margin: 0cm 19.65pt 0cm -0.25pt;\"><span style=\"font-weight: bolder;\">Ecografía:&nbsp;</span>1 año según patología - Eco simple.</p><p class=\"MsoNormal\" style=\"margin: 0cm 19.65pt 0cm -0.25pt;\"><span style=\"font-weight: bolder;\">Estudios Cardiológicos:&nbsp;</span>&nbsp;1 al año según patología: (Holter-electrocardiograma-Mapa-Ecocardiograma).</p><p class=\"MsoNormal\" style=\"margin: 0cm 19.65pt 0cm -0.25pt;\"><span style=\"font-weight: bolder;\">Rehabilitación Física:&nbsp;</span>Según facultativo (10 sesiones al año).</p><p class=\"MsoNormal\" style=\"margin: 0cm 19.65pt 0cm -0.25pt;\"><span style=\"font-weight: bolder;\">Traslado en Ambulancia:</span>&nbsp;Traslado al centro de salud</p><p class=\"MsoNormal\" style=\"margin: 0cm 19.65pt 0cm -0.25pt;\"><span style=\"font-size: 1rem;\"><br></span></p><p class=\"MsoNormal\" style=\"margin: 0cm 19.65pt 0cm -0.25pt;\"><span style=\"font-size: 1rem;\"><br></span></p><p class=\"MsoNormal\" style=\"margin: 0cm 19.65pt 0cm -0.25pt;\"><span style=\"font-size: 1rem;\">Puede hacer uso de su póliza llamando al&nbsp;</span><span style=\"font-size: 1rem; font-weight: bolder;\">02129530522&nbsp;</span><span style=\"font-size: 1rem;\">y</span><span style=\"font-size: 1rem; font-weight: bolder;\">&nbsp;Wthatsapp 04241452314</span></p><p class=\"MsoNormal\" style=\"margin: 0cm 19.65pt 0cm -0.25pt;\"><span style=\"font-size: 1rem; font-weight: bolder;\">* Sólo&nbsp; para el Titular</span></p><p><span style=\"font-weight: bolder;\">** Para el grupo familiar, previo el pago de prima adicional</span></p>', 1, 5, '2023-08-11 15:21:53');

-- --------------------------------------------------------

--
-- Estructura de tabla para la tabla `insurance_terms`
--

CREATE TABLE `insurance_terms` (
  `id_term` int(11) NOT NULL,
  `id_price` int(11) NOT NULL,
  `id_country` varchar(3) COLLATE utf8_unicode_ci DEFAULT NULL,
  `description_term` varchar(100) COLLATE utf8_unicode_ci NOT NULL,
  `html_term` varchar(150) COLLATE utf8_unicode_ci NOT NULL,
  `config_term` text COLLATE utf8_unicode_ci NOT NULL,
  `amount_term` double(20,2) NOT NULL,
  `id_status` int(11) NOT NULL DEFAULT 1,
  `id_user` int(11) NOT NULL,
  `create_date` datetime NOT NULL
) ENGINE=InnoDB DEFAULT CHARSET=utf8 COLLATE=utf8_unicode_ci;

--
-- Volcado de datos para la tabla `insurance_terms`
--

INSERT INTO `insurance_terms` (`id_term`, `id_price`, `id_country`, `description_term`, `html_term`, `config_term`, `amount_term`, `id_status`, `id_user`, `create_date`) VALUES
(9, 15, NULL, '$edad >= 18 & $edad <= 35', 'Si edad es Mayor o Igual a 18 & edad es Menor o Igual a 35 cobertura 1000.00$ tendra costo de 2.00$', '1,4,18-1,6,35', 2.00, 2, 3, '2022-08-18 14:43:28'),
(28, 13, NULL, '$edad >= 18 & $edad <= 35', 'Si edad es Mayor o Igual a 18 & edad es Menor o Igual a 35 cobertura 5000.00$ tendra costo de 10.02$', '1,4,18-1,6,35', 10.02, 2, 3, '2022-08-18 14:46:11'),
(89, 23, 'VE', '$edad >= 1 & $edad <= 74', 'Si edad es Mayor o Igual a 1 & edad es Menor o Igual a 74 cobertura 50000.00$ tendra costo de 275.91$', '1,4,1-1,6,74', 275.91, 2, 5, '2023-01-27 16:18:57'),
(92, 15, NULL, '$edad > 1 & $edad <= 35', 'Si $edad es Mayor a 1 & $edad es Menor o Igual a 35 cobertura 1000.00$ tendra costo de 12.00$', '1,3,1-1,6,35', 12.00, 2, 5, '2023-01-31 10:50:09'),
(116, 29, NULL, '$edad >= 1 & $edad <= 100', 'Si $edad es Mayor o Igual a 1 & $edad es Menor o Igual a 100 cobertura 5000.00$ tendra costo de 48.00$', '1,4,1-1,6,100', 48.00, 1, 5, '2022-04-18 09:46:43'),
(117, 30, NULL, '$edad >= 1 & $edad <= 100', 'Si $edad es Mayor o Igual a 1 & $edad es Menor o Igual a 100 cobertura 10000.00$ tendra costo de 60.00$', '1,4,1-1,6,100', 60.00, 1, 5, '2022-04-18 09:47:21'),
(118, 31, NULL, '$edad >= 1 & $edad <= 100', 'Si $edad es Mayor o Igual a 1 & $edad es Menor o Igual a 100 cobertura 15000.00$ tendra costo de 92.00$', '1,4,1-1,6,100', 92.00, 1, 5, '2022-04-18 09:47:53'),
(119, 32, NULL, '$edad >= 1 & $edad <= 100', 'Si $edad es Mayor o Igual a 1 & $edad es Menor o Igual a 100 cobertura 25000.00$ tendra costo de 125.00$', '1,4,1-1,6,100', 125.00, 1, 5, '2022-04-18 09:48:24'),
(125, 33, 'VE', '$edad >= 18 & $edad <= 74', 'Si $edad es Mayor o Igual a 18 & $edad es Menor o Igual a 74 cobertura USD 10000.00 tendra costo de USD 59.00', '1,4,18-1,6,74', 59.00, 1, 5, '2022-07-19 08:37:10'),
(127, 34, 'VE', '$edad >= 18 & $edad <= 74', 'Si $edad es Mayor o Igual a 18 & $edad es Menor o Igual a 74 cobertura USD 20000.00 tendra costo de USD 96.00', '1,4,18-1,6,74', 96.00, 1, 5, '2022-07-19 08:38:22'),
(128, 35, 'VE', '$edad >= 18 & $edad <= 74', 'Si $edad es Mayor o Igual a 18 & $edad es Menor o Igual a 74 cobertura USD 30000.00 tendra costo de USD 118.00', '1,4,18-1,6,74', 118.00, 1, 5, '2022-07-19 08:39:09'),
(129, 36, NULL, '$edad >= 18 & $edad <= 74', 'Si $edad es Mayor o Igual a 18 & $edad es Menor o Igual a 74 cobertura USD 2000.00 tendra costo de USD 29.00', '1,4,18-1,6,74', 29.00, 1, 5, '2022-07-19 08:52:52'),
(130, 37, NULL, '$edad >= 18 & $edad <= 74', 'Si $edad es Mayor o Igual a 18 & $edad es Menor o Igual a 74 cobertura USD 50000.00 tendra costo de USD 199.00', '1,4,18-1,6,74', 199.00, 1, 5, '2022-07-28 09:32:49'),
(131, 33, NULL, '$edad >= 18 & $edad <= 74', 'Si $edad es Mayor o Igual a 18 & $edad es Menor o Igual a 74 cobertura USD 10000.00 tendra costo de USD 136.00', '1,4,18-1,6,74', 136.00, 1, 5, '2022-08-03 10:49:24'),
(132, 34, NULL, '$edad >= 18 & $edad <= 74', 'Si $edad es Mayor o Igual a 18 & $edad es Menor o Igual a 74 cobertura USD 20000.00 tendra costo de USD 209.00', '1,4,18-1,6,74', 209.00, 1, 5, '2022-08-03 10:49:56'),
(133, 35, NULL, '$edad >= 18 & $edad <= 74', 'Si $edad es Mayor o Igual a 18 & $edad es Menor o Igual a 74 cobertura USD 30000.00 tendra costo de USD 322.00', '1,4,18-1,6,74', 322.00, 1, 5, '2022-08-03 10:51:08'),
(134, 38, NULL, '$edad >= 18', 'Si $edad es Mayor o Igual a 18 cobertura USD 2000.00 tendra costo de USD 24.00', '1,4,18', 24.00, 1, 5, '2022-12-20 09:54:57'),
(135, 39, 'VE', '$edad >= 18', 'Si $edad es Mayor o Igual a 18 cobertura USD 1500.00 tendra costo de USD 75.00', '1,4,18', 75.00, 1, 5, '2022-12-20 10:37:23'),
(136, 40, NULL, '$edad >= 18 & $edad <= 70', 'Si $edad es Mayor o Igual a 18 & $edad es Menor o Igual a 70 cobertura USD 6000.00 tendra costo de USD 1.00', '1,4,18-1,6,70', 1.00, 1, 5, '2022-12-20 11:49:27'),
(137, 41, 'VE', '$edad >= 18 & $edad <= 70', 'Si $edad es Mayor o Igual a 18 & $edad es Menor o Igual a 70 cobertura USD 3000.00 tendra costo de USD 62.00', '1,4,18-1,6,70', 62.00, 1, 5, '2022-12-21 09:43:44'),
(138, 43, NULL, '$edad < 19', 'Si $edad es Menor a 19 cobertura USD 10000.00 tendra costo de USD 282.00', '1,5,19', 282.00, 1, 5, '2023-01-12 13:55:45'),
(139, 43, NULL, '$edad >= 20 & $edad <= 65', 'Si $edad es Mayor o Igual a 20 & $edad es Menor o Igual a 65 cobertura USD 10000.00 tendra costo de USD 432.00', '1,4,20-1,6,65', 432.00, 1, 5, '2023-01-12 13:56:38'),
(140, 43, NULL, '$edad >= 66 & $edad <= 85', 'Si $edad es Mayor o Igual a 66 & $edad es Menor o Igual a 85 cobertura USD 10000.00 tendra costo de USD 962.00', '1,4,66-1,6,85', 962.00, 1, 5, '2023-01-12 13:57:32'),
(141, 44, NULL, '$edad <= 19', 'Si $edad es Menor o Igual a 19 cobertura USD 20000.00 tendra costo de USD 333.00', '1,6,19', 333.00, 1, 5, '2023-01-12 13:58:04'),
(142, 44, NULL, '$edad >= 20 & $edad <= 65', 'Si $edad es Mayor o Igual a 20 & $edad es Menor o Igual a 65 cobertura USD 20000.00 tendra costo de USD 510.00', '1,4,20-1,6,65', 510.00, 1, 5, '2023-01-12 13:58:47'),
(143, 44, NULL, '$edad >= 66 & $edad <= 85', 'Si $edad es Mayor o Igual a 66 & $edad es Menor o Igual a 85 cobertura USD 20000.00 tendra costo de USD 2023.00', '1,4,66-1,6,85', 2023.00, 1, 5, '2023-01-12 13:59:22'),
(144, 45, NULL, '$edad <= 19', 'Si $edad es Menor o Igual a 19 cobertura USD 50000.00 tendra costo de USD 423.00', '1,6,19', 423.00, 1, 5, '2023-01-12 13:59:55'),
(145, 45, NULL, '$edad >= 20 & $edad <= 65', 'Si $edad es Mayor o Igual a 20 & $edad es Menor o Igual a 65 cobertura USD 50000.00 tendra costo de USD 648.00', '1,4,20-1,6,65', 648.00, 1, 5, '2023-01-12 14:00:26'),
(146, 45, NULL, '$edad >= 66 & $edad <= 85', 'Si $edad es Mayor o Igual a 66 & $edad es Menor o Igual a 85 cobertura USD 50000.00 tendra costo de USD 2455.00', '1,4,66-1,6,85', 2455.00, 1, 5, '2023-01-12 14:00:56'),
(148, 46, NULL, '$edad >= 20 & $edad <= 65', 'Si $edad es Mayor o Igual a 20 & $edad es Menor o Igual a 65 cobertura USD 100000.00 tendra costo de USD 745.00', '1,4,20-1,6,65', 745.00, 2, 5, '2023-03-08 15:58:29'),
(150, 47, 'VE', '$edad >= 18 & $edad <= 65', 'Si $edad es Mayor o Igual a 18 & $edad es Menor o Igual a 65 cobertura USD 10000.00 tendra costo de USD 1041.00', '1,4,18-1,6,65', 1041.00, 2, 5, '2023-01-30 09:33:50'),
(161, 47, 'VE', '$edad >= 1 & $edad <= 85', 'Si $edad es Mayor o Igual a 1 & $edad es Menor o Igual a 85 cobertura USD 10000.00 tendra costo de USD 1312.00', '1,4,1-1,6,85', 1312.00, 2, 5, '2023-03-17 14:51:02'),
(162, 48, 'VE', '$edad >= 1 & $edad <= 85', 'Si $edad es Mayor o Igual a 1 & $edad es Menor o Igual a 85 cobertura USD 20000.00 tendra costo de USD 1577.00', '1,4,1-1,6,85', 1577.00, 2, 5, '2023-03-17 14:51:04'),
(164, 50, 'VE', '$edad >= 1 & $edad <= 85', 'Si $edad es Mayor o Igual a 1 & $edad es Menor o Igual a 85 cobertura USD 100000.00 tendra costo de USD 2143.00', '1,4,1-1,6,85', 2143.00, 2, 5, '2023-03-17 14:51:16'),
(170, 15, NULL, '$edad >= 18 & $edad <= 35', 'Si $edad es Mayor o Igual a 18 & $edad es Menor o Igual a 35 cobertura USD 1000.00 tendra costo de USD 12.00', '1,4,18-1,6,35', 12.00, 1, 5, '2023-01-31 10:56:02'),
(171, 15, NULL, '$edad >= 36 & $edad <= 45', 'Si $edad es Mayor o Igual a 36 & $edad es Menor o Igual a 45 cobertura USD 1000.00 tendra costo de USD 14.64', '1,4,36-1,6,45', 14.64, 1, 5, '2023-01-31 10:56:39'),
(172, 15, NULL, '$edad >= 46 & $edad <= 55', 'Si $edad es Mayor o Igual a 46 & $edad es Menor o Igual a 55 cobertura USD 1000.00 tendra costo de USD 18.30', '1,4,46-1,6,55', 18.30, 1, 5, '2023-01-31 10:57:08'),
(173, 15, NULL, '$edad >= 56 & $edad <= 64', 'Si $edad es Mayor o Igual a 56 & $edad es Menor o Igual a 64 cobertura USD 1000.00 tendra costo de USD 28.31', '1,4,56-1,6,64', 28.31, 1, 5, '2023-01-31 10:57:45'),
(184, 15, NULL, '$edad >= 65 & $edad <= 75', 'Si $edad es Mayor o Igual a 65 & $edad es Menor o Igual a 75 cobertura USD 1000.00 tendra costo de USD 69.35', '1,4,65-1,6,75', 69.35, 1, 5, '2023-01-31 11:05:44'),
(185, 14, NULL, '$edad >= 18 & $edad <= 35', 'Si $edad es Mayor o Igual a 18 & $edad es Menor o Igual a 35 cobertura USD 2000.00 tendra costo de USD 15.00', '1,4,18-1,6,35', 15.00, 1, 5, '2023-01-31 11:06:20'),
(186, 14, NULL, '$edad >= 36 & $edad <= 45', 'Si $edad es Mayor o Igual a 36 & $edad es Menor o Igual a 45 cobertura USD 2000.00 tendra costo de USD 18.30', '1,4,36-1,6,45', 18.30, 1, 5, '2023-01-31 11:06:50'),
(187, 14, NULL, '$edad == 46 & $edad == 55', 'Si $edad es Igual a 46 & $edad es Igual a 55 cobertura USD 2000.00 tendra costo de USD 23.80', '1,1,46-1,1,55', 23.80, 1, 5, '2023-01-31 11:07:23'),
(188, 14, NULL, '$edad >= 56 & $edad <= 64', 'Si $edad es Mayor o Igual a 56 & $edad es Menor o Igual a 64 cobertura USD 2000.00 tendra costo de USD 52.49', '1,4,56-1,6,64', 52.49, 1, 5, '2023-01-31 11:07:56'),
(189, 14, NULL, '$edad >= 65 & $edad <= 75', 'Si $edad es Mayor o Igual a 65 & $edad es Menor o Igual a 75 cobertura USD 2000.00 tendra costo de USD 128.00', '1,4,65-1,6,75', 128.00, 1, 5, '2023-01-31 11:08:20'),
(190, 16, NULL, '$edad >= 18 & $edad <= 35', 'Si $edad es Mayor o Igual a 18 & $edad es Menor o Igual a 35 cobertura USD 3000.00 tendra costo de USD 18.00', '1,4,18-1,6,35', 18.00, 1, 5, '2023-01-31 11:08:48'),
(191, 16, NULL, '$edad >= 36 & $edad <= 45', 'Si $edad es Mayor o Igual a 36 & $edad es Menor o Igual a 45 cobertura USD 3000.00 tendra costo de USD 21.96', '1,4,36-1,6,45', 21.96, 1, 5, '2023-01-31 11:09:14'),
(192, 16, NULL, '$edad >= 46 & $edad <= 55', 'Si $edad es Mayor o Igual a 46 & $edad es Menor o Igual a 55 cobertura USD 3000.00 tendra costo de USD 35.69', '1,4,46-1,6,55', 35.69, 1, 5, '2023-01-31 11:10:07'),
(193, 16, NULL, '$edad >= 56 & $edad <= 64', 'Si $edad es Mayor o Igual a 56 & $edad es Menor o Igual a 64 cobertura USD 3000.00 tendra costo de USD 78.73', '1,4,56-1,6,64', 78.73, 1, 5, '2023-01-31 11:10:48'),
(194, 16, NULL, '$edad >= 65 & $edad <= 75', 'Si $edad es Mayor o Igual a 65 & $edad es Menor o Igual a 75 cobertura USD 3000.00 tendra costo de USD 192.00', '1,4,65-1,6,75', 192.00, 1, 5, '2023-01-31 11:11:12'),
(195, 13, NULL, '$edad >= 18 & $edad <= 35', 'Si $edad es Mayor o Igual a 18 & $edad es Menor o Igual a 35 cobertura USD 5000.00 tendra costo de USD 30.00', '1,4,18-1,6,35', 30.00, 1, 5, '2023-01-31 11:12:13'),
(196, 13, NULL, '$edad >= 36 & $edad <= 45', 'Si $edad es Mayor o Igual a 36 & $edad es Menor o Igual a 45 cobertura USD 5000.00 tendra costo de USD 36.60', '1,4,36-1,6,45', 36.60, 1, 5, '2023-01-31 11:12:44'),
(197, 13, NULL, '$edad >= 46 & $edad <= 55', 'Si $edad es Mayor o Igual a 46 & $edad es Menor o Igual a 55 cobertura USD 5000.00 tendra costo de USD 59.49', '1,4,46-1,6,55', 59.49, 1, 5, '2023-01-31 11:13:11'),
(198, 13, NULL, '$edad >= 56 & $edad <= 64', 'Si $edad es Mayor o Igual a 56 & $edad es Menor o Igual a 64 cobertura USD 5000.00 tendra costo de USD 131.22', '1,4,56-1,6,64', 131.22, 1, 5, '2023-01-31 11:13:41'),
(199, 13, NULL, '$edad >= 65 & $edad <= 75', 'Si $edad es Mayor o Igual a 65 & $edad es Menor o Igual a 75 cobertura USD 5000.00 tendra costo de USD 320.00', '1,4,65-1,6,75', 320.00, 1, 5, '2023-01-31 11:14:21'),
(200, 17, NULL, '$edad >= 18 & $edad <= 35', 'Si $edad es Mayor o Igual a 18 & $edad es Menor o Igual a 35 cobertura USD 10000.00 tendra costo de USD 35.00', '1,4,18-1,6,35', 35.00, 1, 5, '2023-01-31 11:15:07'),
(201, 17, NULL, '$edad >= 36 & $edad <= 45', 'Si $edad es Mayor o Igual a 36 & $edad es Menor o Igual a 45 cobertura USD 10000.00 tendra costo de USD 45.50', '1,4,36-1,6,45', 45.50, 1, 5, '2023-01-31 11:15:43'),
(202, 17, NULL, '$edad >= 46 & $edad <= 55', 'Si $edad es Mayor o Igual a 46 & $edad es Menor o Igual a 55 cobertura USD 10000.00 tendra costo de USD 118.98', '1,4,46-1,6,55', 118.98, 1, 5, '2023-01-31 11:16:24'),
(203, 17, NULL, '$edad >= 56 & $edad <= 64', 'Si $edad es Mayor o Igual a 56 & $edad es Menor o Igual a 64 cobertura USD 10000.00 tendra costo de USD 262.45', '1,4,56-1,6,64', 262.45, 1, 5, '2023-01-31 11:16:58'),
(204, 17, NULL, '$edad >= 65 & $edad <= 75', 'Si $edad es Mayor o Igual a 65 & $edad es Menor o Igual a 75 cobertura USD 10000.00 tendra costo de USD 640.00', '1,4,65-1,6,75', 640.00, 1, 5, '2023-01-31 11:17:33'),
(205, 5, NULL, '$edad >= 18 & $edad <= 35', 'Si $edad es Mayor o Igual a 18 & $edad es Menor o Igual a 35 cobertura USD 25000.00 tendra costo de USD 81.95', '1,4,18-1,6,35', 81.95, 1, 5, '2023-01-31 11:18:20'),
(206, 5, NULL, '$edad >= 36 & $edad <= 45', 'Si $edad es Mayor o Igual a 36 & $edad es Menor o Igual a 45 cobertura USD 25000.00 tendra costo de USD 146.99', '1,4,36-1,6,45', 146.99, 1, 5, '2023-01-31 11:18:42'),
(207, 5, NULL, '$edad >= 46 & $edad <= 55', 'Si $edad es Mayor o Igual a 46 & $edad es Menor o Igual a 55 cobertura USD 25000.00 tendra costo de USD 297.45', '1,4,46-1,6,55', 297.45, 1, 5, '2023-01-31 11:19:50'),
(208, 5, NULL, '$edad >= 56 & $edad <= 64', 'Si $edad es Mayor o Igual a 56 & $edad es Menor o Igual a 64 cobertura USD 25000.00 tendra costo de USD 656.12', '1,4,56-1,6,64', 656.12, 1, 5, '2023-01-31 11:20:20'),
(209, 5, NULL, '$edad >= 65 & $edad <= 75', 'Si $edad es Mayor o Igual a 65 & $edad es Menor o Igual a 75 cobertura USD 25000.00 tendra costo de USD 1600.00', '1,4,65-1,6,75', 1600.00, 1, 5, '2023-01-31 11:21:08'),
(210, 6, NULL, '$edad >= 18 & $edad <= 35', 'Si $edad es Mayor o Igual a 18 & $edad es Menor o Igual a 35 cobertura USD 50000.00 tendra costo de USD 163.91', '1,4,18-1,6,35', 163.91, 1, 5, '2023-01-31 11:21:48'),
(211, 6, NULL, '$edad < 36 & $edad <= 45', 'Si $edad es Menor a 36 & $edad es Menor o Igual a 45 cobertura USD 50000.00 tendra costo de USD 293.99', '1,5,36-1,6,45', 293.99, 1, 5, '2023-01-31 11:22:14'),
(212, 6, NULL, '$edad >= 46 & $edad <= 55', 'Si $edad es Mayor o Igual a 46 & $edad es Menor o Igual a 55 cobertura USD 50000.00 tendra costo de USD 594.90', '1,4,46-1,6,55', 594.90, 1, 5, '2023-01-31 11:22:50'),
(213, 6, NULL, '$edad >= 56 & $edad <= 64', 'Si $edad es Mayor o Igual a 56 & $edad es Menor o Igual a 64 cobertura USD 50000.00 tendra costo de USD 1312.24', '1,4,56-1,6,64', 1312.24, 1, 5, '2023-01-31 11:23:33'),
(214, 6, NULL, '$edad >= 65 & $edad <= 75', 'Si $edad es Mayor o Igual a 65 & $edad es Menor o Igual a 75 cobertura USD 50000.00 tendra costo de USD 3200.00', '1,4,65-1,6,75', 3200.00, 1, 5, '2023-01-31 11:24:08'),
(215, 7, NULL, '$edad >= 18 & $edad <= 35', 'Si $edad es Mayor o Igual a 18 & $edad es Menor o Igual a 35 cobertura USD 75000.00 tendra costo de USD 245.86', '1,4,18-1,6,35', 245.86, 1, 5, '2023-01-31 11:27:32'),
(216, 7, NULL, '$edad >= 36 & $edad <= 45', 'Si $edad es Mayor o Igual a 36 & $edad es Menor o Igual a 45 cobertura USD 75000.00 tendra costo de USD 440.98', '1,4,36-1,6,45', 440.98, 1, 5, '2023-01-31 11:28:00'),
(217, 7, NULL, '$edad >= 46 & $edad <= 55', 'Si $edad es Mayor o Igual a 46 & $edad es Menor o Igual a 55 cobertura USD 75000.00 tendra costo de USD 892.35', '1,4,46-1,6,55', 892.35, 1, 5, '2023-01-31 11:28:29'),
(218, 7, NULL, '$edad >= 56 & $edad <= 64', 'Si $edad es Mayor o Igual a 56 & $edad es Menor o Igual a 64 cobertura USD 75000.00 tendra costo de USD 1968.37', '1,4,56-1,6,64', 1968.37, 1, 5, '2023-01-31 11:29:01'),
(219, 7, NULL, '$edad >= 65 & $edad <= 75', 'Si $edad es Mayor o Igual a 65 & $edad es Menor o Igual a 75 cobertura USD 75000.00 tendra costo de USD 4800.00', '1,4,65-1,6,75', 4800.00, 1, 5, '2023-01-31 11:29:28'),
(225, 52, NULL, '$edad >= 18 & $edad <= 35', 'Si $edad es Mayor o Igual a 18 & $edad es Menor o Igual a 35 cobertura USD 100000.00 tendra costo de USD 327.81', '1,4,18-1,6,35', 327.81, 1, 5, '2023-02-01 16:59:15'),
(226, 52, NULL, '$edad >= 36 & $edad <= 45', 'Si $edad es Mayor o Igual a 36 & $edad es Menor o Igual a 45 cobertura USD 100000.00 tendra costo de USD 587.81', '1,4,36-1,6,45', 587.81, 1, 5, '2023-02-01 16:59:41'),
(227, 52, NULL, '$edad >= 46 & $edad <= 55', 'Si $edad es Mayor o Igual a 46 & $edad es Menor o Igual a 55 cobertura USD 100000.00 tendra costo de USD 1189.80', '1,4,46-1,6,55', 1189.80, 1, 5, '2023-02-01 17:00:30'),
(228, 52, NULL, '$edad >= 56 & $edad <= 64', 'Si $edad es Mayor o Igual a 56 & $edad es Menor o Igual a 64 cobertura USD 100000.00 tendra costo de USD 2624.49', '1,4,56-1,6,64', 2624.49, 1, 5, '2023-02-01 17:01:01'),
(229, 52, NULL, '$edad >= 65 & $edad <= 75', 'Si $edad es Mayor o Igual a 65 & $edad es Menor o Igual a 75 cobertura USD 100000.00 tendra costo de USD 6400.00', '1,4,65-1,6,75', 6400.00, 1, 5, '2023-02-01 17:01:29'),
(231, 54, NULL, '$edad >= 18', 'Si $edad es Mayor o Igual a 18 cobertura USD 2000.00 tendra costo de USD 22.49', '1,4,18', 22.49, 1, 5, '2023-02-15 15:44:30'),
(232, 53, NULL, '$edad >= 18', 'Si $edad es Mayor o Igual a 18 cobertura USD 1000.00 tendra costo de USD 18.26', '1,4,18', 18.26, 2, 5, '2023-06-01 10:41:27'),
(233, 55, NULL, '$edad >= 18', 'Si $edad es Mayor o Igual a 18 cobertura USD 5000.00 tendra costo de USD 50.38', '1,4,18', 50.38, 1, 5, '2023-02-15 15:45:58'),
(236, 58, NULL, '$edad >= 1 & $edad <= 74', 'Si $edad es Mayor o Igual a 1 & $edad es Menor o Igual a 74 cobertura USD 5000.00 tendra costo de USD 190.00', '1,4,1-1,6,74', 190.00, 1, 5, '2023-03-07 21:58:23'),
(237, 25, NULL, '$edad >= 1 & $edad <= 74', 'Si $edad es Mayor o Igual a 1 & $edad es Menor o Igual a 74 cobertura USD 15000.00 tendra costo de USD 222.00', '1,4,1-1,6,74', 222.00, 1, 5, '2023-03-07 21:59:12'),
(238, 24, NULL, '$edad >= 1 & $edad <= 74', 'Si $edad es Mayor o Igual a 1 & $edad es Menor o Igual a 74 cobertura USD 25000.00 tendra costo de USD 242.00', '1,4,1-1,6,74', 242.00, 2, 5, '2023-06-26 13:59:27'),
(239, 23, NULL, '$edad >= 1 & $edad <= 74', 'Si $edad es Mayor o Igual a 1 & $edad es Menor o Igual a 74 cobertura USD 50000.00 tendra costo de USD 342.00', '1,4,1-1,6,74', 342.00, 1, 5, '2023-03-07 22:00:27'),
(240, 22, NULL, '$edad >= 1 & $edad <= 74', 'Si $edad es Mayor o Igual a 1 & $edad es Menor o Igual a 74 cobertura USD 75000.00 tendra costo de USD 384.00', '1,4,1-1,6,74', 384.00, 1, 5, '2023-03-07 22:00:53'),
(241, 51, NULL, '$edad >= 1 & $edad <= 74', 'Si $edad es Mayor o Igual a 1 & $edad es Menor o Igual a 74 cobertura USD 100000.00 tendra costo de USD 460.00', '1,4,1-1,6,74', 460.00, 1, 5, '2023-03-07 22:01:21'),
(242, 47, NULL, '$edad >= 18 & $edad <= 74', 'Si $edad es Mayor o Igual a 18 & $edad es Menor o Igual a 74 cobertura USD 10000.00 tendra costo de USD 854.00', '1,4,18-1,6,74', 854.00, 1, 5, '2023-03-17 14:52:40'),
(243, 48, NULL, '$edad >= 18 & $edad <= 74', 'Si $edad es Mayor o Igual a 18 & $edad es Menor o Igual a 74 cobertura USD 20000.00 tendra costo de USD 1119.00', '1,4,18-1,6,74', 1119.00, 1, 5, '2023-03-17 14:53:06'),
(244, 49, NULL, '$edad >= 18 & $edad <= 74', 'Si $edad es Mayor o Igual a 18 & $edad es Menor o Igual a 74 cobertura USD 50000.00 tendra costo de USD 1523.00', '1,4,18-1,6,74', 1523.00, 1, 5, '2023-03-17 14:53:34'),
(245, 50, NULL, '$edad >= 18 & $edad <= 74', 'Si $edad es Mayor o Igual a 18 & $edad es Menor o Igual a 74 cobertura USD 100000.00 tendra costo de USD 1685.00', '1,4,18-1,6,74', 1685.00, 1, 5, '2023-03-17 14:54:01'),
(248, 59, NULL, '$edad >= 18 & $edad <= 99', 'Si $edad es Mayor o Igual a 18 & $edad es Menor o Igual a 99 cobertura USD 2000.01 tendra costo de USD 15.00', '1,4,18-1,6,99', 15.00, 2, 5, '2023-06-28 08:28:26'),
(249, 60, NULL, '$edad >= 1 & $edad <= 85', 'Si $edad es Mayor o Igual a 1 & $edad es Menor o Igual a 85 cobertura USD 30000.00 tendra costo de USD 39.00', '1,4,1-1,6,85', 39.00, 1, 5, '2023-03-24 10:21:23'),
(250, 61, NULL, '$edad >= 1 & $edad <= 85', 'Si $edad es Mayor o Igual a 1 & $edad es Menor o Igual a 85 cobertura USD 1500.00 tendra costo de USD 5.00', '1,4,1-1,6,85', 5.00, 1, 5, '2023-03-24 15:36:37'),
(251, 56, NULL, '$edad >= 18', 'Si $edad es Mayor o Igual a 18 cobertura USD 7000.00 tendra costo de USD 112.72', '1,4,18', 112.72, 1, 5, '2023-03-30 14:03:14'),
(252, 57, NULL, '$edad >= 18', 'Si $edad es Mayor o Igual a 18 cobertura USD 10000.00 tendra costo de USD 133.99', '1,4,18', 133.99, 1, 5, '2023-03-30 14:03:30'),
(255, 62, 'VE', '$edad >= 18', 'Si $edad es Mayor o Igual a 18 cobertura USD 3000.00 tendra costo de USD 149.00', '1,4,18', 149.00, 1, 5, '2023-05-09 10:04:06'),
(256, 63, 'VE', '$edad >= 18', 'Si $edad es Mayor o Igual a 18 cobertura USD 5000.00 tendra costo de USD 243.00', '1,4,18', 243.00, 1, 5, '2023-05-09 10:04:32'),
(257, 53, NULL, '$edad >= 18', 'Si $edad es Mayor o Igual a 18 cobertura USD 1000.00 tendra costo de USD 20.00', '1,4,18', 20.00, 1, 5, '2023-06-01 10:41:59'),
(258, 64, NULL, '$edad >= 18', 'Si $edad es Mayor o Igual a 18 cobertura USD 1000.00 tendra costo de USD 62.00', '1,4,18', 62.00, 1, 5, '2023-06-09 11:39:35'),
(259, 65, NULL, '$edad >= 18', 'Si $edad es Mayor o Igual a 18 cobertura USD 1200.00 tendra costo de USD 72.00', '1,4,18', 72.00, 1, 5, '2023-06-09 14:35:51'),
(260, 66, NULL, '$edad >= 18', 'Si $edad es Mayor o Igual a 18 cobertura USD 1000.00 tendra costo de USD 36.00', '1,4,18', 36.00, 1, 5, '2023-06-09 15:23:20'),
(263, 24, NULL, '$edad >= 1 & $edad <= 74', 'Si $edad es Mayor o Igual a 1 & $edad es Menor o Igual a 74 cobertura USD 25000.00 tendra costo de USD 242.00', '1,4,1-1,6,74', 242.00, 1, 5, '2023-06-26 14:14:42'),
(264, 67, NULL, '$edad >= 18', 'Si $edad es Mayor o Igual a 18 cobertura USD 2000.00 tendra costo de USD 15.00', '1,4,18', 15.00, 1, 5, '2023-06-26 14:41:20'),
(266, 69, NULL, '$edad >= 18', 'Si $edad es Mayor o Igual a 18 cobertura USD 1000.00 tendra costo de USD 20.00', '1,4,18', 20.00, 1, 5, '2023-06-28 10:30:16'),
(268, 68, NULL, '$edad >= 18 & $edad <= 74', 'Si $edad es Mayor o Igual a 18 & $edad es Menor o Igual a 74 cobertura USD 1000.00 tendra costo de USD 0.45', '1,4,18-1,6,74', 0.45, 1, 5, '2023-07-25 08:54:21'),
(269, 70, NULL, '$edad >= 1', 'Si $edad es Mayor o Igual a 1 cobertura USD 5000.00 tendra costo de USD 0.34', '1,4,1', 0.34, 1, 5, '2023-07-26 14:06:18'),
(270, 71, NULL, '$edad >= 1 & $edad <= 74', 'Si $edad es Mayor o Igual a 1 & $edad es Menor o Igual a 74 cobertura USD 2000.00 tendra costo de USD 78.00', '1,4,1-1,6,74', 78.00, 1, 5, '2023-08-11 15:23:53'),
(271, 72, NULL, '$edad >= 1 & $edad <= 74', 'Si $edad es Mayor o Igual a 1 & $edad es Menor o Igual a 74 cobertura USD 3000.00 tendra costo de USD 81.00', '1,4,1-1,6,74', 81.00, 1, 5, '2023-08-11 15:24:15'),
(272, 73, NULL, '$edad >= 1 & $edad <= 74', 'Si $edad es Mayor o Igual a 1 & $edad es Menor o Igual a 74 cobertura USD 4000.00 tendra costo de USD 84.00', '1,4,1-1,6,74', 84.00, 1, 5, '2023-08-11 15:24:35'),
(273, 74, NULL, '$edad >= 1 & $edad <= 74', 'Si $edad es Mayor o Igual a 1 & $edad es Menor o Igual a 74 cobertura USD 5000.00 tendra costo de USD 104.00', '1,4,1-1,6,74', 104.00, 1, 5, '2023-08-11 15:24:48');

-- --------------------------------------------------------

--
-- Estructura de tabla para la tabla `insurance_users`
--

CREATE TABLE `insurance_users` (
  `id_user` int(11) NOT NULL,
  `id_buy` int(11) NOT NULL,
  `avatar_img` varchar(100) NOT NULL DEFAULT 'avatar.png',
  `email_user` varchar(100) NOT NULL,
  `user_pass` text DEFAULT NULL,
  `token` text DEFAULT NULL,
  `token_user` text DEFAULT NULL,
  `id_status` int(11) NOT NULL DEFAULT 1,
  `date_time_login` datetime DEFAULT NULL
) ENGINE=InnoDB DEFAULT CHARSET=utf8mb4;

--
-- Volcado de datos para la tabla `insurance_users`
--

INSERT INTO `insurance_users` (`id_user`, `id_buy`, `avatar_img`, `email_user`, `user_pass`, `token`, `token_user`, `id_status`, `date_time_login`) VALUES
(1, 35, 'avatar.png', 'jose@hot.com', '$2y$12$ku9YXZ4WdHG3C3iMLfo0/ek1j7ClHyo//aCKo5/E2431xjxjQY4Tq', 'f07d5b8229a5e39c164e1ee0fece21e5', '$2y$12$YxMhG6a.oQByRVDb5.q8JutNvXdM4TRG88O71LPiiPtZeHpgpwouy', 1, '2022-12-02 07:30:14'),
(2, 36, '', '', NULL, NULL, NULL, 1, NULL),
(3, 38, 'avatar.png', 'prueb1a@gmail.com', NULL, NULL, NULL, 1, NULL),
(4, 39, 'avatar.png', 'prueb15a@gmail.com', NULL, NULL, NULL, 1, NULL),
(5, 40, 'avatar.png', 'prueb215a@gmail.com', NULL, NULL, NULL, 1, NULL),
(6, 41, 'avatar.png', 'prueba@lamundial.com', NULL, NULL, NULL, 1, NULL),
(7, 42, 'avatar.png', 'ddfd@hot.com', NULL, NULL, NULL, 1, NULL),
(8, 43, 'avatar.png', 'yoward05@gmail.com', '$2y$12$zfpkM11je/hst/4jaWoXzOGf2/hGYIocjjZJadBtB3uRtqFMVu1ri', 'f7f9872eecb96375c580d09ed821239e', '$2y$12$9.nu954I0L1nXRC/ZwwZj.YXNKs9QPjOyGJhIBw7RW2c7oSxSUdxC', 1, '2023-07-14 19:06:05'),
(9, 53, 'avatar.png', 'jzambrano333@gmail.com', '$2y$12$CF/J64emC7R9T6GYQWzMQud7kHqUfCcm2SOqm9JzCfSZ5d3pL81si', NULL, NULL, 1, NULL),
(10, 54, 'avatar.png', 'jzambrano@gmail.com', '$2y$12$Rv5ubiq8g.9T4B05qUvVr.uKK7ZBbCDkPX3xdydbitaw4nl91GzDC', NULL, NULL, 1, NULL),
(11, 56, 'avatar.png', 'Clorenzo@bee-insurance.com', '$2y$12$dEuqTa3zzQi20dOMXU25EeYVBQVu996igQCM5HXCeoV.BH2ZCwWnu', '21bf3b51041a3b9233eda7541de49abb', '$2y$12$EZX1fcd5g6FWgAB4JsXdp.v2l0WXs9apv7tSsvgYq/w.OhJ/Cyvzm', 1, '2023-01-09 09:51:37'),
(12, 57, 'avatar.png', 'jlorenzo@bee-insurance.com', '$2y$12$G3WYFMCuyauwXYR1qfesRenusAUEhAgm3Rq7QYcZyTkj94X2dnhsS', NULL, NULL, 1, NULL),
(13, 60, 'avatar.png', 'freddybelisario@gmail.com', '$2y$12$1/6c0sP6VUBINX8wwpAZ4.vM84HZBusaIJcqsRtl.7KJNJL/joWoO', 'cfc3501d2e2d08425b52b9ab0e101947', '$2y$12$fM9/TZ.DDQNZOe8pzwoEkuWLdLzoRPwRQzJETueHhhFwXcCfpifPy', 1, '2023-01-17 15:43:31'),
(14, 63, 'avatar.png', 'jmatute@bee-insurance.com', '$2y$12$n2jgeTNxpvhfpAxRvvFi9OlkfxsKN83JXvSrpy8cDfyLLE/e.dJum', NULL, NULL, 1, NULL),
(15, 73, 'avatar.png', 'gingeryano@gmail.com', '$2y$12$n1knPvelxHYz.SwscS8EgO9FWC7aXwUbTnfVeXzcL9Vr0ejb/DpIa', NULL, NULL, 1, NULL),
(16, 74, 'avatar.png', 'TONYTORQUE_B@HOTMAIL.COM', '$2y$12$ZIHGSf1BDNfbQBrFisV7G.2yZ9IMgf/M9rQzu3hNrOHPNhvO/ubFK', '31ff0248207d3c459436c989b6ac729e', '$2y$12$Rrh5C6DJiGfho21G8A0UVuG7DseCOftCtVNiaXybHshVz6zi1LRhi', 1, '2023-01-28 12:39:28'),
(17, 77, 'avatar.png', 'JABERTORELLI@GMAIL.COM', '$2y$12$Of1OhDyYibHoqHlu1WnMEuc.yGgYhWVM4JCY/NopFCURJ30aKULDu', NULL, NULL, 1, NULL),
(18, 80, 'avatar.png', 'neigarcia012@gmail.com', '$2y$12$gmP6RhngCu5xyTEf18a.wOnpyVrnaEclo8CWkKwYsIqBpXj/v0Z/q', '6ea4733b812c927caf171f494d0529f2', '$2y$12$r1qTJWBXciPMKNTWZSQwfu.A7HNoEAmfEsRq7fXRSNodtb1Cnraj.', 1, '2023-08-08 12:38:51'),
(19, 81, 'avatar.png', 'ALMARYTA@HOTMAIL.COM', '$2y$12$K7ITcmU4i4iMiOLR9q3Kz.RrOQnD9TkcjcbKt5NyRl5S0XHsRUK6W', '8edfe427900eb2bed1e27fcf1d5d9192', '$2y$12$y.nvPa4GaXXspIJ9L3bvteIgc.dnqtluf7v2raZRIdxGSV6jYKfpa', 1, '2023-08-15 14:49:26'),
(20, 82, 'avatar.png', 'KERYALMA@HOTMAIL.COM', '$2y$12$DAsHYGXO/Wb0tunb.hUmR.4PF3S3vjiqKl5jnKsICEBEAr2ORcS.a', '35239b9d4f3ce452add33fdfdbf70742', '$2y$12$0ADNsrPr26O.8DeR.Ane7OBs/rFIaM/ctxdMpXNaM/NKaDGOAJg9q', 1, '2023-08-10 16:04:51'),
(21, 83, 'avatar.png', 'alejandra10061985@gmail.com', '$2y$12$Z7d3tixjdWw1uAT9p4FJtuma7woHFbQOO2FgPjw/QPG5Pj057M36K', NULL, NULL, 1, NULL),
(22, 84, 'avatar.png', 'YUSMAIRAPEREZ0@GMAIL.COM', '$2y$12$9GsssxUHdc7O3aZ9Ca2Qte4WOTVu2.USL36k9SKR4ZHJpfuR/GRwS', NULL, NULL, 1, NULL),
(23, 85, 'avatar.png', 'NGARCIA@LAMUNDIALDESEGUROS.COM', '$2y$12$BJBh//pEZNop.9CIUbnGKuobgfHMcJWcwM8akEh3fxEhVbICxRikm', NULL, NULL, 1, NULL),
(24, 86, 'avatar.png', 'SOLANGEMADRIZACOSTA@GMAIL.COM', '$2y$12$9SwJ4JSblkXgM8cNz0Vxdu1t6msd3PhjpMWT7Ac1SGu2hALNlzvAO', NULL, NULL, 1, NULL),
(25, 87, 'avatar.png', 'ligiacarrillo8383@gmail.com', '$2y$12$OoL8uo0R1dk0GAFA/trLie14HLaKyprbAhM/txxtfcMp/ZrqPIrgm', 'aaf6f7e98515b46eaed808471400ef4a', '$2y$12$/LZJGXBgoGA2E9An0F5eUeF2oeIrPa84tTdPPDVx4psGKLRSieRxa', 1, '2023-07-19 13:10:32'),
(26, 88, 'avatar.png', 'lopezhector02@gmail.com', '$2y$12$DwVcedCveXuRloSFbE19r.cKGXyGveUIb4RYamh1ESU5fMdZigL0u', NULL, NULL, 1, NULL),
(27, 89, 'avatar.png', 'espinosaleon15@gmail.com', '$2y$12$I55ZxFFM1BVwQPHdWP0XiOWh.ZC9.ItwTqxG1geu1c640CxQWXcYm', NULL, NULL, 1, NULL),
(28, 90, 'avatar.png', 'alexanderacosta943@gmail.con', '$2y$12$uAg2sxuKUi3wfwpx6VDSP.3GPI0itECOVtK5xbBjwUXoWiBlMYalG', NULL, NULL, 1, NULL),
(29, 91, 'avatar.png', 'gen.perezca@gmail.com', '$2y$12$.xVmLjle62m7lwvOAPrU0u65VUmuKg0uzkTvYlGMbUbUEvyFJiI1e', 'f6fa00bb1f140f46fc38a06bf2b91823', '$2y$12$sovyVRv9KRkvQalzjSOspumb0TdoRxYe05HeLKHp0VLG014lmkWUq', 1, '2023-08-17 10:54:37'),
(30, 92, 'avatar.png', 'galeong1972@gmail.com', '$2y$12$KWXe2XV2UctNoKrHGaXeZe3KMZBVVhViBYqGO1mmI/IaSwK3uUrBi', NULL, NULL, 1, NULL),
(31, 93, 'avatar.png', 'jlcm1980@gmail.com', '$2y$12$OoFCaeO9w.v1oxkV2O8gW.o4j/RNCXBYUySIty2O6rFlNgmOBPN02', NULL, NULL, 1, NULL),
(32, 94, 'avatar.png', 'dpacheco@lamundialdeseguros.com', '$2y$12$0aKDjLl3MMoIj/FA9P10e.ahRajq8KHrXVHtAbLfiJCr1KN5jwQmu', '6a49dd85f3f055abbbc40a589ad7bf89', '$2y$12$LhFi6QtkpPp62n2..nakfe5BqBhTGQ0eLJg2XiF7BOTQsCuT3xK9e', 1, '2023-04-21 08:27:46'),
(33, 95, 'avatar.png', 'jlc1980@gmail.com', '$2y$12$9/xMrhDWZDSchzV43UQ9.O41SjcJVna/Ee6abptQovguE1BuMlqZK', NULL, NULL, 1, NULL),
(34, 96, 'avatar.png', 'jennifferg@hotmail.com', '$2y$12$6oT5oWdzg9DkxrMfjLGTpu5KTGgPsLaZP/tTaDUz55lTVqu0h3X2O', NULL, NULL, 1, NULL),
(35, 98, 'avatar.png', 'MVCONSULTORES7@GMAIL.COM', '$2y$12$f3/Hschabt9wP.Gqusb3hO6ZedsEBtMvMzkHIaBrPjjBO4Dj3QtEC', NULL, NULL, 1, NULL),
(36, 99, 'avatar.png', 'jerrygilseguros@outlook.com', '$2y$12$ajSH1Irbrm.lzAvWz2jKRO6esC/OYlq1aciEpUEySAuHb4e4jIeCm', NULL, NULL, 1, NULL),
(37, 100, 'avatar2.png', 'SEGUROSLASDELICIAS@HOTMAIL.COM', '$2y$12$xALCo.9pc43sxeKoC2bFEuDiZMI3CgdiR7uy5Hb.ux5.FZESaLx2C', 'fc6a045fe7e64d652cf51a52e5c13659', '$2y$12$/OSKRn/tK7QQ6gus4H0ZcuAISWOBR.5Rzf41REMTPthaXG6vCq4am', 1, '2023-08-01 15:19:52'),
(38, 101, 'avatar.png', 'MARIANDREINAVILLASMIL@GMAIL.COM', '$2y$12$nc8TokJFSjNkvp4cdglCX.qvt5Si75Ccy4uoNWcsOwnPnao72N0b.', NULL, NULL, 1, NULL),
(39, 102, 'avatar.png', 'chity.loreto@gmail.com', '$2y$12$Acl7FUcmdq9qctySriofPuX7S.S4g/ZFg5rvn0cy7en7p5y7Faad.', NULL, NULL, 1, NULL),
(40, 103, 'avatar.png', 'hdilapi@hotmail.com', '$2y$12$UpcHNmCtegmD32kgZ.gM3.LJWLg6C2Ip20HBech97evZ2x5FeObFq', NULL, NULL, 1, NULL),
(41, 104, 'avatar.png', 'mireyabazan1971@gmail.com', '$2y$12$NztQJGCqnQvY7eIci6Z4Ke0RpKzhSwLZl4Lr9R0uKCDsc9jGxBWDm', 'bc08c8d39884bb2ef778db26b591d5a5', '$2y$12$EZB8csdvqq4dIcXRvIqDMu3plbmtlz/vU.3DGaoLVzk..NgAZNPxG', 1, '2023-07-25 10:51:12'),
(42, 105, 'avatar.png', 'BARBRAVG@GMAIL.COM', '$2y$12$ouV3YO/8LtK/IAx9nfc.h.g.i.rzqDozoRJur.Prk/2NWZSLnbNo2', 'e8b9f4e75e8118ed44a6812308cfbf5e', '$2y$12$gMMNLNtE0wlEJ0W8VffmA.Tgx1EytoBYEODqeXO/D2jGzl9Xz1ukK', 1, '2023-06-03 21:26:31'),
(43, 106, 'avatar.png', 'edgaralburqueque3@gmail.com', '$2y$12$kFM9DTt6agqmTMhyVoOFdOzl2Gjzg5TYU58WBEmLyEKIq0822oEOW', NULL, NULL, 1, NULL),
(44, 107, 'avatar.png', 'YYRR1390@HOTMAIL.COM', '$2y$12$HGkraNDRTXdsBNoZipLkN.g1KzZZH39zspFY9m/Weo5n/m8oDsVpa', NULL, NULL, 1, NULL),
(45, 108, 'avatar.png', 'ANDRESDIEGO014@HOTMAIL.COM', '$2y$12$143FKbtPfYjZnIw8XwgtxOuD/JbSXBLEhT49ZDaXcENQTG2Db1oIO', NULL, NULL, 1, NULL),
(46, 109, 'avatar.png', 'DIEGO.ROJAS0640@GMAIL.COM', '$2y$12$./Cu7Bl7Z.TNrAhF0XLtY.nlDD1ihMglT3eNlYeN3UOawxyViKBra', NULL, NULL, 1, NULL),
(47, 110, 'avatar.png', 'FRANYELIZROJA11@GMAIL.COM', '$2y$12$bfIsyYILM04P0S8tzk1JU.hwrQsagcO.cGtcrz09UcUlCgKg9TmNa', NULL, NULL, 1, NULL),
(48, 111, 'avatar.png', 'rubenrivas1961@hotmail.com', '$2y$12$hq8ZHAAyWcue4KB/QUz60eQk.jyfVBfZ9qVZXk5yJuRsdPH2rFr5i', '33ce8099c7234ad56cc89b5a8345d317', '$2y$12$712BArdLmBqz6xTvkIHRTOvcL5yrYilwFaiEeIkHfMMzhPvws8Xo2', 1, '2023-08-11 15:17:06'),
(49, 112, 'avatar.png', 'manmarcorretaje@gmail.com', '$2y$12$fpp6p.R2iX3IYgOigs00..n7tv28bOPpYkUUdmI5yjlNpdl3IUOn2', NULL, NULL, 1, NULL),
(50, 113, 'avatar.png', 'gerente.mercadeo@fastmed.com.ve', '$2y$12$g9TRA470DVuJBEvE.fkLjeqEd.HGfb/qaiU/rfkk5T9A3fHtpTOzK', NULL, NULL, 1, NULL),
(51, 115, 'avatar.png', 'alexisfiguera@gmail.com', '$2y$12$aOBmOMdUdi9oyHIg7LzIKOhOlIWeXOgIhhnLeGW.7TpqXOjywo0H.', NULL, NULL, 1, NULL),
(52, 116, 'avatar.png', 'anacfermin@gmail.com', '$2y$12$1mirZfMGBSxc0ofWB2hmY.rh8sTwSZSfSrR9MVOmgggDyivX57BVK', NULL, NULL, 1, NULL),
(53, 117, 'avatar.png', 'carmencitapm69@hotmail.com', '$2y$12$O7YPTFVZdn21WfmQ7bH/IeRvlpWO.nOm5oOY6DitJmF6yqKQlYkiK', NULL, NULL, 1, NULL),
(54, 118, 'avatar.png', 'greudys.farias@gmail.com', '$2y$12$0AhA7a2cbWc5/RNPlbQpau.qRyzLmOGLHeIQ/SRi4raQAPZcaDIlq', '43be7425a2fd6204152618d8aa4f37ac', '$2y$12$NYgoxB3x2rA3zZFyKKGSs.yQQofohpX5Ja9QQaZBmLvijaB19vkxW', 1, '2023-08-15 09:57:42'),
(55, 119, 'avatar.png', 'abgmarichacon@gmail.com', '$2y$12$s1S7w5CNic75MOBPJSb3w.WTqUtjVQDGpine5EsqX26b4cMrUZxgO', NULL, NULL, 1, NULL),
(56, 120, 'avatar.png', 'freder0802@gmail.com', '$2y$12$9eac.afu3w/NojfrrfWjy.nUjnWopzLk8XMxmTwFlib/Gus8t158.', NULL, NULL, 1, NULL),
(57, 121, 'avatar.png', 'fernandosegnnini@gmail.com', '$2y$12$lN3dCl7Y0CrGBvVGWoB5jeXbTYnbSgjo17Y4/8pg5uYsrhHH7l8Q6', NULL, NULL, 1, NULL),
(58, 122, 'avatar.png', 'tatiana23leon@gmail.com', '$2y$12$NqIgZf.OTN2sldz/dIeQlOBKmqShoUKDp49R4L2HlckgrpurfPdCe', NULL, NULL, 1, NULL),
(59, 123, 'avatar.png', 'anablanchardsalas@gmail.com', '$2y$12$r39kKOC5RM1.u7ApVz2qqeOG.zQy7qCuVryj3DC/.i5U7XR/AST0i', NULL, NULL, 1, NULL),
(60, 125, 'avatar.png', 'orangedot.contacto@gmail.com', '$2y$12$H7M8qWag784hiDZE9Zb82uuY6BwK6roh.QjDVUbeJZb1yN0bwjbxm', NULL, NULL, 1, NULL),
(61, 126, 'avatar.png', 'virginiova@gmail.com', '$2y$12$ryoCEuGMbvifxN7CHTy7vOkqd664p2cjDuC.yTTIcyL6rgUWzl/jm', NULL, NULL, 1, NULL),
(62, 127, 'avatar.png', 'hgomezbenitez@gmail.com', '$2y$12$HhEqDxfijgEOzBcdFQkR..th1u63KG1EXucl6MHAAaOT46l0TVDHO', NULL, NULL, 1, NULL),
(63, 128, 'avatar.png', 'dimargo3@gmail.com', '$2y$12$0DcnItPAAyAycSVNdME8ZOYOlfPbmNFqfHeMb.2vMk04/VJjtjfeO', NULL, NULL, 1, NULL),
(64, 129, 'avatar.png', 'TUPREVESEG@GMAIL.COM', '$2y$12$usn4Cwif9WfZqTHSRCpYA.xyf2vW/cuNnUpr3SLIrLth5BMhxe2dC', NULL, NULL, 1, NULL),
(65, 130, 'avatar.png', 'laar1247@gmail.com', '$2y$12$Lw/yXP4R1FInFRdyYNhhvOx6UjB.bhalOo/duJRfPBVNRf27gCyte', '69bb1b1e49130a2fd3783a6fb206a0bf', '$2y$12$dJmiKtUJ51CqDFQm153fSezX35oZ938IAOJdKlpLSSO3H2kacGYym', 1, '2023-08-14 16:17:51'),
(66, 131, 'avatar.png', 'marisela.marisol@gmail.com', '$2y$12$vCbe7BiL2WWoNye6xJx5yOohUCPZkQ9/Po4C.B0DYgjonRd1DnyEe', 'a82c6fb325e32c215cc70dfaf8221ebf', '$2y$12$aSky9rELz9dKic2WBhI53OaXChyJYIh5Qqeu/3wyhVXArjWTfXZw2', 1, '2023-08-08 23:45:00'),
(67, 132, 'avatar.png', 'ysaempre@gmail.com', '$2y$12$Lsp0GTnGxaTjAgX/sj8//.mhK11yduGDXVVpj9.tgbPq4mzvkUJ1i', NULL, NULL, 1, NULL),
(68, 133, 'avatar.png', 'hectorlopezperez1953@gmail.com', '$2y$12$Sx5f9ih5A2laggAwO2QQmOw1t4zLSk.iJdAWkw5aKnYUSD8JWsh22', NULL, NULL, 1, NULL),
(69, 134, 'avatar.png', 'luisgsc@gmail.com', '$2y$12$cUn/c4rs7Kr3afLC1vOvGOF7YrrCXrEQLlZtB36ZK.mW6wWh5Au5e', NULL, NULL, 1, NULL),
(70, 136, 'avatar.png', 'luzneysantana@gmail.com', '$2y$12$XhiZ50KbxRQjxjknQBD59uKi0mKySk4b9Hng8/1h3cxqlaMT24Gne', '21774f05195b844090949eba7f63637b', '$2y$12$U3lsP/bDji2jH8IUwuo3DOW4dv8N2qWCXZ/aLkEOnsdsNlrE6r5Yy', 1, '2023-08-17 13:25:25'),
(71, 137, 'avatar.png', 'oscarwsotillo@hotmail.com', '$2y$12$vktkxUYSoCBbrx3lfxATleiKvOQWqLcjLTcFyGJcyfPGqxk1NLjKy', NULL, NULL, 1, NULL),
(72, 138, 'avatar.png', 'seguro.simonsanchez@gmail.com', '$2y$12$X/5Ix5FngGf3zyHDAGtHKOqZgi.9u1ppr/CMjQrk1zvY5EPuAQ1Ie', 'c00c88db0ddeb306dbb641b809213d62', '$2y$12$Xwuc5y8j.wiMKNaz7awTJe7FTtG2Mpb2N2YrCG/2EZ9mfmpHKODyW', 1, '2023-08-16 19:17:35'),
(73, 139, 'avatar.png', 'ojgomezm57@gmail.com', '$2y$12$wblPD4g.6yWXEjeDdudPTeXTpTsNjq1E9QiWsg3jSwuvu2zfAnXry', '7c4c15b95458a6a1762c99ee09dece17', '$2y$12$SUu64dqvr8dQPqIBF11c5uarCTeekL4aLP7aQWt1/Z3/F3HqDfoIy', 1, '2023-08-15 15:42:00'),
(74, 140, 'avatar.png', 'PRODUCCION@IBAS.COM.VE', '$2y$12$mfv8E8fmgSTUDj1c.myDK.JfiecbbFPK5CVkMxdNqAcRsTbVqDvsO', NULL, NULL, 1, NULL),
(75, 141, 'avatar.png', 'jg.jesus@hotmail.com', '$2y$12$.JVm/uppiWbKYd8NAs4E8.BH2QP12LXuFo.i6gFBlKVY2dJGGxj1G', NULL, NULL, 1, NULL),
(76, 142, 'avatar.png', 'descartil@hotmail.com', '$2y$12$F4sy.deSuVyLTcKGWbZQH.j3D62D0cRFy4huC4fZu7F5dHVZ5F3b6', NULL, NULL, 1, NULL),
(77, 143, 'avatar.png', 'TRENARDSEGUROS@GMAIL.COM', '$2y$12$NvLwusM3iWvsfWKSO/VlCu7.anvcI0i0KZqAmM1v1jS87TeHj6.A2', NULL, NULL, 1, NULL),
(78, 144, 'avatar.png', 'joseraad@gmail.com', '$2y$12$4CZPYG8/8UsAPfZO.keXIeaU9Ut4pB/G83Kuu6FwzHmzyQCmTFR9W', NULL, NULL, 1, NULL),
(79, 145, 'avatar.png', 'henri55@gmail.com', '$2y$12$Z5vZtC/hh4YCDkGpoVhJDuxawNctbKtiPNsUkA7RVsy9iyKb2YVVS', NULL, NULL, 1, NULL),
(80, 146, 'avatar.png', 'leicestercerro@gmail.com', '$2y$12$CsP6Z01u9c3//gI3YxWQ6uid0iOLVMglcesUlScMMXtg6F2rESIwa', NULL, NULL, 1, NULL),
(81, 147, 'avatar.png', 'jsa0414@gmail.com', '$2y$12$knOiPindxyW6Iulhe3L2q.nbWufXFSsCIQH2ZHYAAjqJIwVXMkd/6', NULL, NULL, 1, NULL),
(82, 148, 'avatar.png', 'jllm89243@gmail.com', '$2y$12$J3N4Zlzl1.v.yHC.JNEJ2OvzvcoRPgeHPHgwsaxDMe8K.svy1/PbW', NULL, NULL, 1, NULL),
(83, 150, 'avatar.png', 'abdenour.roselyt@gmail.com', '$2y$12$OBSaH2AYF7Fg61WT3hTkIOhAaVUq.x2SsqS45lIUsRj8DvZvsxoHu', NULL, NULL, 1, NULL),
(84, 151, 'avatar.png', 'marinelaespaa69@hotmail.com', '$2y$12$BFO6qPuKq1MKqkXBqYTQRuaPxU1yuuEflsnnkaW2nNLduyi7KcxIO', NULL, NULL, 1, NULL),
(85, 153, 'avatar.png', 'mafaldaguia22@gmail.com', '$2y$12$uRwFSJ1VKElAqc7aHjlGpOSY3s/pJ4B.c48WUXNJf8p3qQgRs0u.a', NULL, NULL, 1, NULL),
(86, 154, 'avatar.png', 'MARIANGELICASCHWARTZ1@GMAIL.COM', '$2y$12$NptB4tGv73tXh2dtZmi1KeFqm0Iouy1QtzTNhudqWiWm7U0vDsHty', NULL, NULL, 1, NULL),
(87, 155, 'avatar.png', 'RTRENARDSEGUROS@GMAIL.COM', '$2y$12$ZVRyNI7FndGWi5PrUH.pZe13h9nLprkfRj0XGBkG8HPIeY/fGsSoa', NULL, NULL, 1, NULL),
(88, 157, 'avatar.png', 'quintero030559@gmail.com', '$2y$12$W5G0Rxfm4HbEpnvDu8B8keoFX/eKSN2xu1UFO0ETeQ.DbcH24L5Aq', NULL, NULL, 1, NULL),
(89, 158, 'avatar.png', 'ejlatinosunidos2018@gmail.com', '$2y$12$FOByIMuQCb.oIYgvF4sEJOFrALsfO.HxYtxRwr9vE184gKnEUwmYC', NULL, NULL, 1, NULL),
(90, 159, 'avatar.png', 'marianellasanchez06@gmail.com', '$2y$12$SSU9uk5FszLWJxKfVVpwHu0W.83dgqvcEKzNt/7YdtC8hidRt7SEC', NULL, NULL, 1, NULL),
(91, 160, 'avatar.png', 'dayanakrays@gmail.com', '$2y$12$ThFMIdHQtzaqfRXDMGcTIOByHcISRGHv7uXKXRpGp.maN1Vwr2R5e', NULL, NULL, 1, NULL),
(92, 161, 'avatar.png', 'alexisjmoreno47@gmail.com', '$2y$12$cK0GoPVkFDOZrxqvzOOoTOu6pAlEuZTzQT82Bf.Ee7CrZJKbtv9lO', NULL, NULL, 1, NULL),
(93, 162, 'avatar.png', 'joseiriarte@gmail.com', '$2y$12$0Okzam9X2N75LMtsuOBHUO81LWFpH/QoBe1IUVFSxI9z3Nsp00OUe', NULL, NULL, 1, NULL),
(94, 163, 'avatar.png', 'yohnia.gil@gmail.com', '$2y$12$MYbc6J8gvYaw01oxw63RC.Wv6fG/Rr8zGLfd2bRIN5.gHw6zKfc1q', NULL, NULL, 1, NULL),
(95, 164, 'avatar.png', 'mfigueredo1@gmail.com', '$2y$12$NgtEA7W85q.EmVbs.pF6wOODfm/xp9S4DzerVGTtLMZ3jWUHGlpYS', 'e039ed4d67745f1f3b6f192199e0bdc5', '$2y$12$H6UAV0czL09AHGOcwuYpv.S7lo4esDz2ZIIRuT48BZ51Bm/lB0hb.', 1, '2023-08-10 15:32:06'),
(96, 165, 'avatar.png', 'flexoven@flexoven.com', '$2y$12$P62KyZvcS2uZB5sMXObg3u/AHZ.egEILelhYMUvRRlgAiw5RlPyJm', NULL, NULL, 1, NULL),
(97, 166, 'avatar.png', 'j.perez@flexoven.com', '$2y$12$7gTIFjwm8Q9XYbutQbEbsOdNJebr8yjlr/Y/rYj6W21jCV/hs11yK', NULL, NULL, 1, NULL),
(98, 168, 'avatar.png', 'lerv16@gmail.com', '$2y$12$W4wBoc9PEpvePmArgCcrDePGSphO0QveOvDnUQttFOPZ0aa0z6qei', NULL, NULL, 1, NULL);

-- --------------------------------------------------------

--
-- Estructura de tabla para la tabla `insurance_visiontravel`
--

