INSERT INTO `campaigns_push_send` (`id_push_send`, `id_detail`, `id_subscriber`, `id_list`, `date_send`, `id_user`, `create_date`) VALUES
(15951, 8, 24964, 2, '2022-10-02', 7, '2022-10-02 18:00:07'),
(15952, 8, 24965, 2, '2022-10-02', 7, '2022-10-02 18:00:15'),
(15953, 8, 24966, 2, '2022-10-02', 7, '2022-10-02 18:00:21'),
(15954, 8, 24967, 2, '2022-10-02', 7, '2022-10-02 18:00:27'),
(15955, 8, 24968, 2, '2022-10-02', 7, '2022-10-02 20:00:01'),
(15956, 8, 24969, 2, '2022-10-02', 7, '2022-10-02 22:00:02'),
(15957, 8, 24970, 2, '2022-10-02', 7, '2022-10-02 22:00:07'),
(15958, 8, 24971, 2, '2022-10-02', 7, '2022-10-02 22:00:13'),
(15959, 8, 24972, 2, '2022-10-03', 7, '2022-10-03 10:00:01'),
(15960, 8, 24973, 2, '2022-10-03', 7, '2022-10-03 10:00:07'),
(15961, 8, 24974, 2, '2022-10-03', 7, '2022-10-03 12:00:02'),
(15962, 8, 24975, 2, '2022-10-03', 7, '2022-10-03 12:00:10'),
(15963, 8, 24976, 2, '2022-10-03', 7, '2022-10-03 12:00:16'),
(15964, 8, 24977, 2, '2022-10-03', 7, '2022-10-03 12:00:22'),
(15965, 8, 24978, 2, '2022-10-03', 7, '2022-10-03 12:00:28'),
(15966, 8, 24979, 2, '2022-10-03', 7, '2022-10-03 14:00:01'),
(15967, 8, 24980, 2, '2022-10-03', 7, '2022-10-03 14:00:07'),
(15968, 8, 24981, 2, '2022-10-03', 7, '2022-10-03 14:00:13'),
(15969, 8, 24982, 2, '2022-10-03', 7, '2022-10-03 14:00:19'),
(15970, 8, 24983, 2, '2022-10-03', 7, '2022-10-03 14:00:25'),
(15971, 8, 24984, 2, '2022-10-03', 7, '2022-10-03 14:00:31'),
(15972, 8, 24985, 2, '2022-10-03', 7, '2022-10-03 16:00:02'),
(15973, 8, 24986, 2, '2022-10-03', 7, '2022-10-03 16:00:07'),
(15974, 8, 24987, 2, '2022-10-03', 7, '2022-10-03 18:00:02'),
(15975, 8, 24988, 2, '2022-10-03', 7, '2022-10-03 18:00:10'),
(15976, 8, 24989, 2, '2022-10-03', 7, '2022-10-03 18:00:17'),
(15977, 8, 24990, 2, '2022-10-03', 7, '2022-10-03 18:00:23'),
(15978, 8, 24991, 2, '2022-10-03', 7, '2022-10-03 18:00:29'),
(15979, 8, 24992, 2, '2022-10-03', 7, '2022-10-03 18:00:38'),
(15980, 8, 24993, 2, '2022-10-03', 7, '2022-10-03 18:00:44'),
(15981, 8, 24994, 2, '2022-10-03', 7, '2022-10-03 18:00:50'),
(15982, 8, 24995, 2, '2022-10-03', 7, '2022-10-03 18:00:56'),
(15983, 8, 24996, 2, '2022-10-03', 7, '2022-10-03 20:00:01'),
(15984, 8, 24997, 2, '2022-10-03', 7, '2022-10-03 20:00:07'),
(15985, 8, 24998, 2, '2022-10-03', 7, '2022-10-03 20:00:13'),
(15986, 8, 24999, 2, '2022-10-03', 7, '2022-10-03 20:00:19'),
(15987, 8, 25000, 2, '2022-10-03', 7, '2022-10-03 20:00:25'),
(15988, 8, 25001, 2, '2022-10-03', 7, '2022-10-03 20:00:31'),
(15989, 8, 25002, 2, '2022-10-03', 7, '2022-10-03 20:00:37'),
(15990, 8, 25003, 2, '2022-10-03', 7, '2022-10-03 20:00:43'),
(15991, 8, 25004, 2, '2022-10-03', 7, '2022-10-03 20:00:49'),
(15992, 8, 25005, 2, '2022-10-03', 7, '2022-10-03 20:00:55'),
(15993, 8, 25006, 2, '2022-10-03', 7, '2022-10-03 22:00:01'),
(15994, 8, 25007, 2, '2022-10-03', 7, '2022-10-03 22:00:07'),
(15995, 8, 25008, 2, '2022-10-04', 7, '2022-10-04 00:00:01');

-- --------------------------------------------------------

--
-- Estructura de tabla para la tabla `campaign_fails`
--

CREATE TABLE `campaign_fails` (
  `id_campaign` int(11) NOT NULL,
  `id_subscriber` int(11) NOT NULL,
  `id_list` int(11) NOT NULL,
  `create_date` datetime NOT NULL
) ENGINE=InnoDB DEFAULT CHARSET=utf8 COLLATE=utf8_unicode_ci;

-- --------------------------------------------------------

--
-- Estructura de tabla para la tabla `campaign_lists`
--

CREATE TABLE `campaign_lists` (
  `id_campaign` int(11) NOT NULL,
  `id_list` int(11) NOT NULL,
  `id_user` int(11) NOT NULL,
  `create_date` datetime NOT NULL
) ENGINE=InnoDB DEFAULT CHARSET=utf8 COLLATE=utf8_unicode_ci;

--
-- Volcado de datos para la tabla `campaign_lists`
--

INSERT INTO `campaign_lists` (`id_campaign`, `id_list`, `id_user`, `create_date`) VALUES
(1, 6, 5, '2022-04-11 14:19:32'),
(2, 1, 5, '2022-04-11 14:27:23'),
(3, 7, 5, '2022-07-11 10:59:47'),
(4, 7, 5, '2022-07-12 14:45:46'),
(5, 1, 5, '2022-08-02 09:52:25'),
(6, 1, 5, '2022-08-02 13:47:42'),
(7, 1, 5, '2022-08-02 15:15:21'),
(8, 8, 9, '2022-08-08 15:09:59'),
(9, 8, 9, '2022-08-08 15:16:48'),
(10, 8, 5, '2022-08-08 16:26:02');

-- --------------------------------------------------------

--
-- Estructura de tabla para la tabla `campaign_send`
--

CREATE TABLE `campaign_send` (
  `id_campaign` int(11) NOT NULL,
  `id_subscriber` int(11) NOT NULL,
  `id_list` int(11) NOT NULL,
  `create_date` datetime NOT NULL
) ENGINE=InnoDB DEFAULT CHARSET=utf8 COLLATE=utf8_unicode_ci;

--
-- Volcado de datos para la tabla `campaign_send`
--

INSERT INTO `campaign_send` (`id_campaign`, `id_subscriber`, `id_list`, `create_date`) VALUES
(1, 1956, 6, '2022-04-11 14:20:36'),
(1, 6, 6, '2022-04-11 14:20:36'),
(2, 1, 1, '2022-04-11 14:27:25'),
(2, 2, 1, '2022-04-11 14:27:25'),
(2, 3, 1, '2022-04-11 14:27:25'),
(2, 4, 1, '2022-04-11 14:27:25'),
(2, 5, 1, '2022-04-11 14:27:25'),
(3, 6, 7, '2022-07-11 10:59:51'),
(3, 5782, 7, '2022-07-11 10:59:51'),
(3, 4, 7, '2022-07-11 10:59:51'),
(3, 5783, 7, '2022-07-11 10:59:51'),
(3, 5, 7, '2022-07-11 10:59:51'),
(3, 5784, 7, '2022-07-11 10:59:51'),
(3, 5785, 7, '2022-07-11 10:59:51'),
(3, 5786, 7, '2022-07-11 10:59:51'),
(3, 5787, 7, '2022-07-11 10:59:51'),
(4, 6, 7, '2022-07-12 14:48:31'),
(4, 5782, 7, '2022-07-12 14:48:31'),
(4, 4, 7, '2022-07-12 14:48:31'),
(4, 5783, 7, '2022-07-12 14:48:31'),
(4, 5, 7, '2022-07-12 14:48:31'),
(4, 5784, 7, '2022-07-12 14:48:31'),
(4, 5785, 7, '2022-07-12 14:48:31'),
(4, 5786, 7, '2022-07-12 14:48:31'),
(4, 5787, 7, '2022-07-12 14:48:31'),
(5, 1, 1, '2022-08-02 11:31:59'),
(5, 2, 1, '2022-08-02 11:31:59'),
(5, 3, 1, '2022-08-02 11:31:59'),
(5, 4, 1, '2022-08-02 11:31:59'),
(5, 5, 1, '2022-08-02 11:31:59'),
(5, 5783, 1, '2022-08-02 11:31:59'),
(5, 5784, 1, '2022-08-02 11:31:59'),
(5, 6, 1, '2022-08-02 11:31:59'),
(6, 1, 1, '2022-08-02 13:48:00'),
(6, 2, 1, '2022-08-02 13:48:00'),
(6, 3, 1, '2022-08-02 13:48:00'),
(6, 4, 1, '2022-08-02 13:48:00'),
(6, 5, 1, '2022-08-02 13:48:00'),
(6, 5783, 1, '2022-08-02 13:48:00'),
(6, 5784, 1, '2022-08-02 13:48:00'),
(6, 6, 1, '2022-08-02 13:48:00'),
(7, 1, 1, '2022-08-02 15:16:43'),
(7, 2, 1, '2022-08-02 15:16:43'),
(7, 3, 1, '2022-08-02 15:16:43'),
(7, 4, 1, '2022-08-02 15:16:43'),
(7, 5, 1, '2022-08-02 15:16:43'),
(7, 5783, 1, '2022-08-02 15:16:43'),
(7, 5784, 1, '2022-08-02 15:16:43'),
(7, 6, 1, '2022-08-02 15:16:43'),
(7, 6523, 1, '2022-08-02 15:16:43'),
(8, 6568, 8, '2022-08-08 15:10:02'),
(8, 6523, 8, '2022-08-08 15:10:02'),
(8, 5783, 8, '2022-08-08 15:10:02'),
(8, 5784, 8, '2022-08-08 15:10:02'),
(8, 6, 8, '2022-08-08 15:10:02'),
(8, 5787, 8, '2022-08-08 15:10:02'),
(9, 6568, 8, '2022-08-08 15:16:51'),
(9, 6523, 8, '2022-08-08 15:16:51'),
(9, 5783, 8, '2022-08-08 15:16:51'),
(9, 5784, 8, '2022-08-08 15:16:51'),
(9, 6, 8, '2022-08-08 15:16:51'),
(9, 5787, 8, '2022-08-08 15:16:51'),
(10, 6568, 8, '2022-08-08 16:29:16'),
(10, 6523, 8, '2022-08-08 16:29:16'),
(10, 5783, 8, '2022-08-08 16:29:16'),
(10, 5784, 8, '2022-08-08 16:29:16'),
(10, 6, 8, '2022-08-08 16:29:16'),
(10, 5787, 8, '2022-08-08 16:29:16'),
(10, 5, 8, '2022-08-08 16:29:16');

-- --------------------------------------------------------

--
-- Estructura de tabla para la tabla `categories`
--

CREATE TABLE `categories` (
  `id_category` int(11) NOT NULL,
  `name_category` varchar(100) COLLATE utf8_unicode_ci NOT NULL,
  `id_status` int(11) NOT NULL,
  `id_user` int(11) NOT NULL,
  `create_date` datetime NOT NULL
) ENGINE=InnoDB DEFAULT CHARSET=utf8 COLLATE=utf8_unicode_ci;

--
-- Volcado de datos para la tabla `categories`
--

INSERT INTO `categories` (`id_category`, `name_category`, `id_status`, `id_user`, `create_date`) VALUES
(1, 'Salud', 1, 3, '2022-01-31 10:25:58'),
(2, 'Bee life', 1, 5, '2022-02-09 11:08:31'),
(3, 'Lanzamiento', 1, 4, '2022-03-02 14:19:17'),
(4, 'Entrevistas', 1, 6, '2022-07-01 23:03:40'),
(5, 'promociones', 1, 5, '2022-08-17 14:55:40');

-- --------------------------------------------------------

--
-- Estructura de tabla para la tabla `contacts`
--

CREATE TABLE `contacts` (
  `phone_contact` varchar(100) COLLATE utf8_unicode_ci NOT NULL,
  `email_contact` varchar(200) COLLATE utf8_unicode_ci NOT NULL,
  `address_contact` varchar(200) COLLATE utf8_unicode_ci NOT NULL,
  `map_contact` varchar(200) COLLATE utf8_unicode_ci NOT NULL,
  `facebook_contact` varchar(200) COLLATE utf8_unicode_ci NOT NULL,
  `instagram_contact` varchar(200) COLLATE utf8_unicode_ci NOT NULL,
  `twitter_contact` varchar(200) COLLATE utf8_unicode_ci NOT NULL,
  `whatsapp_contact` varchar(200) COLLATE utf8_unicode_ci NOT NULL,
  `id_status` int(11) NOT NULL DEFAULT 1,
  `id_user` int(11) NOT NULL,
  `create_date` datetime NOT NULL
) ENGINE=InnoDB DEFAULT CHARSET=utf8 COLLATE=utf8_unicode_ci;

--
-- Volcado de datos para la tabla `contacts`
--

INSERT INTO `contacts` (`phone_contact`, `email_contact`, `address_contact`, `map_contact`, `facebook_contact`, `instagram_contact`, `twitter_contact`, `whatsapp_contact`, `id_status`, `id_user`, `create_date`) VALUES
('+17867825313', 'info@bee-insurance.com', '1110 Brickell Avenue, suite 406, Miami, FL, 33131', 'https://goo.gl/maps/hckAxhiCeFgPsXQu6', 'https://www.facebook.com/Bee-Insurance-111517984802136', 'https://instagram.com/beeinsurance_?utm_medium=copy_link', 'https://twitter.com/beeinsurance_', 'https://api.whatsapp.com/send/?phone=%2B17867825313&text&app_absent=0', 1, 5, '2022-03-09 09:52:08');

-- --------------------------------------------------------

--
-- Estructura de tabla para la tabla `contracts`
--

CREATE TABLE `contracts` (
  `id_contract` int(11) NOT NULL,
  `name_contract` varchar(100) COLLATE utf8_unicode_ci NOT NULL,
  `description_contract` longtext COLLATE utf8_unicode_ci NOT NULL,
  `id_status` int(11) NOT NULL,
  `id_user` int(11) NOT NULL,
  `create_date` datetime NOT NULL
) ENGINE=InnoDB DEFAULT CHARSET=utf8 COLLATE=utf8_unicode_ci;

--
-- Volcado de datos para la tabla `contracts`
--

INSERT INTO `contracts` (`id_contract`, `name_contract`, `description_contract`, `id_status`, `id_user`, `create_date`) VALUES
(2, 'Nuevo', '<p>Entre BEE INSURANCE CORP, que en lo sucesivo y los fines del presente contrato se denominará \"LA COMPAÑÍA\" y {{Nombres}} , que en lo sucesivo y a los fines del presente contrato se denominará \"EL AGENTE\", se ha convenido en celebrar el presente contrato de Alianza Comercial en base a las cláusulas y condiciones que seguidamente se detallan:</p><p>I. Identificación de las partes: BEE INSURANCE COMPANY es una<br>compañía que se dedica a la comercialización de productos de asistencia en<br>viajes.<br>EL AGENTE es un representante independiente y no afiliado que puede<br>comercializar, adquirir y presentar solicitudes para ciertos planes de<br>asistencia, en nombre como apoderado para su cliente, según lo autorizado<br>por este acuerdo.<br></p><br><p>{{Firma_digital}}</p>', 1, 1, '2022-05-28 19:34:43');

-- --------------------------------------------------------

--
-- Estructura de tabla para la tabla `countries`
--

CREATE TABLE `countries` (
  `id_country` int(11) NOT NULL,
  `iso` varchar(2) CHARACTER SET utf8 COLLATE utf8_unicode_ci DEFAULT NULL,
  `name_country` varchar(80) CHARACTER SET utf8 COLLATE utf8_unicode_ci DEFAULT NULL,
  `name_country2` varchar(50) CHARACTER SET utf8 COLLATE utf8_unicode_ci NOT NULL,
  `phone_code` varchar(6) CHARACTER SET utf8 COLLATE utf8_unicode_ci NOT NULL,
  `id_status` int(11) NOT NULL DEFAULT 1,
  `id_user` int(11) NOT NULL DEFAULT 1,
  `create_date` int(11) DEFAULT NULL
) ENGINE=MyISAM DEFAULT CHARSET=utf8;

--
-- Volcado de datos para la tabla `countries`
--

INSERT INTO `countries` (`id_country`, `iso`, `name_country`, `name_country2`, `phone_code`, `id_status`, `id_user`, `create_date`) VALUES
(1, 'AF', 'Afganistán', 'Afghanistan', '93', 2, 5, 2022),
(2, 'AX', 'Islas Gland', 'Åland Islands', '358', 1, 1, NULL),
(3, 'AL', 'Albania', 'Albania', '355', 2, 5, 2022),
(4, 'DE', 'Alemania', 'Germany', '49', 1, 1, NULL),
(5, 'AD', 'Andorra', 'Andorra', '376', 1, 1, NULL),
(6, 'AO', 'Angola', 'Angola', '244', 1, 1, NULL),
(7, 'AI', 'Anguilla', 'Anguilla', '1 264', 1, 1, NULL),
(8, 'AQ', 'Antártida', 'Antarctica', '672', 1, 1, NULL),
(9, 'AG', 'Antigua y Barbuda', 'Antigua and Barbuda', '1 268', 1, 1, NULL),
(10, 'AN', 'Antillas Holandesas', '', '', 1, 1, NULL),
(11, 'SA', 'Arabia Saudí', 'Saudi Arabia', '966', 1, 1, NULL),
(12, 'DZ', 'Argelia', 'Algeria', '213', 1, 1, NULL),
(13, 'AR', 'Argentina', 'Argentina', '54', 1, 1, NULL),
(14, 'AM', 'Armenia', 'Armenia', '374', 1, 1, NULL),
(15, 'AW', 'Aruba', 'Aruba', '297', 1, 1, NULL),
(16, 'AU', 'Australia', 'Australia', '61', 1, 1, NULL),
(17, 'AT', 'Austria', 'Austria', '43', 1, 1, NULL),
(18, 'AZ', 'Azerbaiyán', 'Azerbaijan', '994', 1, 1, NULL),
(19, 'BS', 'Bahamas', 'Bahamas', '1 242', 1, 1, NULL),
(20, 'BH', 'Bahréin', 'Bahrain', '973', 1, 1, NULL),
(21, 'BD', 'Bangladesh', 'Bangladesh', '880', 1, 1, NULL),
(22, 'BB', 'Barbados', 'Barbados', '1 246', 1, 1, NULL),
(23, 'BY', 'Bielorrusia', 'Belarus', '375', 2, 5, 2022),
(24, 'BE', 'Bélgica', 'Belgium', '32', 1, 1, NULL),
(25, 'BZ', 'Belice', 'Belize', '501', 1, 1, NULL),
(26, 'BJ', 'Benin', 'Benin', '229', 1, 1, NULL),
(27, 'BM', 'Bermudas', 'Bermuda Islands', '1 441', 1, 1, NULL),
(28, 'BT', 'Bhután', 'Bhutan', '975', 1, 1, NULL),
(29, 'BO', 'Bolivia', 'Bolivia', '591', 1, 1, NULL),
(30, 'BA', 'Bosnia y Herzegovina', 'Bosnia and Herzegovina', '387', 2, 5, 2022),
(31, 'BW', 'Botsuana', 'Botswana', '267', 1, 1, NULL),
(32, 'BV', 'Isla Bouvet', 'Bouvet Island', '', 1, 1, NULL),
(33, 'BR', 'Brasil', 'Brazil', '55', 1, 1, NULL),
(34, 'BN', 'Brunéi', 'Brunei', '673', 1, 1, NULL),
(35, 'BG', 'Bulgaria', 'Bulgaria', '359', 2, 5, 2022),
(36, 'BF', 'Burkina Faso', 'Burkina Faso', '226', 1, 1, NULL),
(37, 'BI', 'Burundi', 'Burundi', '257', 1, 1, NULL),
(38, 'CV', 'Cabo Verde', 'Cape Verde', '238', 1, 1, NULL),
(39, 'KY', 'Islas Caimán', 'Cayman Islands', '1 345', 1, 1, NULL),
(40, 'KH', 'Camboya', 'Cambodia', '855', 1, 1, NULL),
(41, 'CM', 'Camerún', 'Cameroon', '237', 1, 1, NULL),
(42, 'CA', 'Canadá', 'Canada', '1', 1, 1, NULL),
(43, 'CF', 'República Centroafricana', 'Central African Republic', '236', 1, 1, NULL),
(44, 'TD', 'Chad', 'Chad', '235', 1, 1, NULL),
(45, 'CZ', 'República Checa', 'Czech Republic', '420', 1, 1, NULL),
(46, 'CL', 'Chile', 'Chile', '56', 1, 1, NULL),
(47, 'CN', 'China', 'China', '86', 1, 1, NULL),
(48, 'CY', 'Chipre', 'Cyprus', '357', 1, 1, NULL),
(49, 'CX', 'Isla de Navidad', 'Christmas Island', '61', 1, 1, NULL),
(50, 'VA', 'Ciudad del Vaticano', 'Vatican City State', '39', 1, 1, NULL),
(51, 'CC', 'Islas Cocos', 'Cocos (Keeling) Islands', '61', 1, 1, NULL),
(52, 'CO', 'Colombia', 'Colombia', '57', 1, 1, NULL),
(53, 'KM', 'Comoras', 'Comoros', '269', 1, 1, NULL),
(54, 'CD', 'República Democrática del Congo', 'Democratic Republic of the Congo', '243', 2, 5, 2022),
(55, 'CG', 'Congo', 'Republic of the Congo', '242', 2, 5, 2022),
(56, 'CK', 'Islas Cook', 'Cook Islands', '682', 1, 1, NULL),
(57, 'KP', 'Corea del Norte', 'North Korea', '850', 2, 5, 2022),
(58, 'KR', 'Corea del Sur', 'South Korea', '82', 1, 1, NULL),
(59, 'CI', 'Costa de Marfil', 'Ivory Coast', '225', 1, 1, NULL),
(60, 'CR', 'Costa Rica', 'Costa Rica', '506', 1, 1, NULL),
(61, 'HR', 'Croacia', 'Croatia', '385', 2, 5, 2022),
(62, 'CU', 'Cuba', 'Cuba', '53', 2, 5, 2022),
(63, 'DK', 'Dinamarca', 'Denmark', '45', 1, 1, NULL),
(64, 'DM', 'Dominica', 'Dominica', '1 767', 1, 1, NULL),
(65, 'DO', 'República Dominicana', 'Dominican Republic', '1 809', 1, 1, NULL),
(66, 'EC', 'Ecuador', 'Ecuador', '593', 1, 1, NULL),
(67, 'EG', 'Egipto', 'Egypt', '20', 1, 1, NULL),
(68, 'SV', 'El Salvador', 'El Salvador', '503', 1, 1, NULL),
(69, 'AE', 'Emiratos Árabes Unidos', 'United Arab Emirates', '971', 1, 1, NULL),
(70, 'ER', 'Eritrea', 'Eritrea', '291', 1, 1, NULL),
(71, 'SK', 'Eslovaquia', 'Slovakia', '421', 1, 1, NULL),
(72, 'SI', 'Eslovenia', 'Slovenia', '386', 2, 5, 2022),
(73, 'ES', 'España', 'Spain', '34', 1, 1, NULL),
(74, 'UM', 'Islas ultramarinas de Estados Unidos', 'United States Minor Outlying Islands', '246', 2, 5, 2022),
(75, 'US', 'Estados Unidos', 'United States of America', '1', 2, 5, 2022),
(76, 'EE', 'Estonia', 'Estonia', '372', 1, 1, NULL),
(77, 'ET', 'Etiopía', 'Ethiopia', '251', 1, 1, NULL),
(78, 'FO', 'Islas Feroe', 'Faroe Islands', '298', 1, 1, NULL),
(79, 'PH', 'Filipinas', 'Philippines', '63', 1, 1, NULL),
(80, 'FI', 'Finlandia', 'Finland', '358', 1, 1, NULL),
(81, 'FJ', 'Fiyi', 'Fiji', '679', 1, 1, NULL),
(82, 'FR', 'Francia', 'France', '33', 1, 1, NULL),
(83, 'GA', 'Gabón', 'Gabon', '241', 1, 1, NULL),
(84, 'GM', 'Gambia', 'Gambia', '220', 1, 1, NULL),
(85, 'GE', 'Georgia', 'Georgia', '995', 1, 1, NULL),
(86, 'GS', 'Islas Georgias del Sur y Sandwich del Sur', 'South Georgia and the South Sandwich Islands', '500', 1, 1, NULL),
(87, 'GH', 'Ghana', 'Ghana', '233', 1, 1, NULL),
(88, 'GI', 'Gibraltar', 'Gibraltar', '350', 1, 1, NULL),
(89, 'GD', 'Granada', 'Grenada', '1 473', 1, 1, NULL),
(90, 'GR', 'Grecia', 'Greece', '30', 1, 1, NULL),
(91, 'GL', 'Groenlandia', 'Greenland', '299', 1, 1, NULL),
(92, 'GP', 'Guadalupe', 'Guadeloupe', '590', 1, 1, NULL),
(93, 'GU', 'Guam', 'Guam', '1 671', 1, 1, NULL),
(94, 'GT', 'Guatemala', 'Guatemala', '502', 1, 1, NULL),
(95, 'GF', 'Guayana Francesa', 'French Guiana', '594', 1, 1, NULL),
(96, 'GN', 'Guinea', 'Guinea', '224', 1, 1, NULL),
(97, 'GQ', 'Guinea Ecuatorial', 'Equatorial Guinea', '240', 1, 1, NULL),
(98, 'GW', 'Guinea-Bissau', 'Guinea-Bissau', '245', 1, 1, NULL),
(99, 'GY', 'Guyana', 'Guyana', '592', 1, 1, NULL),
(100, 'HT', 'Haití', 'Haiti', '509', 1, 1, NULL),
(101, 'HM', 'Islas Heard y McDonald', 'Heard Island and McDonald Islands', '', 1, 1, NULL),
(102, 'HN', 'Honduras', 'Honduras', '504', 1, 1, NULL),
(103, 'HK', 'Hong Kong', 'Hong Kong', '852', 1, 1, NULL),
(104, 'HU', 'Hungría', 'Hungary', '36', 1, 1, NULL),
(105, 'IN', 'India', 'India', '91', 1, 1, NULL),
(106, 'ID', 'Indonesia', 'Indonesia', '62', 1, 1, NULL),
(107, 'IR', 'Irán', 'Iran', '98', 2, 5, 2022),
(108, 'IQ', 'Iraq', 'Iraq', '964', 1, 1, NULL),
(109, 'IE', 'Irlanda', 'Ireland', '353', 1, 1, NULL),
(110, 'IS', 'Islandia', 'Iceland', '354', 1, 1, NULL),
(111, 'IL', 'Israel', 'Israel', '972', 1, 1, NULL),
(112, 'IT', 'Italia', 'Italy', '39', 1, 1, NULL),
(113, 'JM', 'Jamaica', 'Jamaica', '1 876', 1, 1, NULL),
(114, 'JP', 'Japón', 'Japan', '81', 1, 1, NULL),
(115, 'JO', 'Jordania', 'Jordan', '962', 1, 1, NULL),
(116, 'KZ', 'Kazajstán', 'Kazakhstan', '7', 1, 1, NULL),
(117, 'KE', 'Kenia', 'Kenya', '254', 1, 1, NULL),
(118, 'KG', 'Kirguistán', 'Kyrgyzstan', '996', 1, 1, NULL),
(119, 'KI', 'Kiribati', 'Kiribati', '686', 1, 1, NULL),
(120, 'KW', 'Kuwait', 'Kuwait', '965', 1, 1, NULL),
(121, 'LA', 'Laos', 'Laos', '856', 1, 1, NULL),
(122, 'LS', 'Lesotho', 'Lesotho', '266', 1, 1, NULL),
(123, 'LV', 'Letonia', 'Latvia', '371', 1, 1, NULL),
(124, 'LB', 'Líbano', 'Lebanon', '961', 1, 1, NULL),
(125, 'LR', 'Liberia', 'Liberia', '231', 1, 1, NULL),
(126, 'LY', 'Libia', 'Libya', '218', 2, 5, 2022),
(127, 'LI', 'Liechtenstein', 'Liechtenstein', '423', 1, 1, NULL),
(128, 'LT', 'Lituania', 'Lithuania', '370', 1, 1, NULL),
(129, 'LU', 'Luxemburgo', 'Luxembourg', '352', 1, 1, NULL),
(130, 'MO', 'Macao', 'Macao', '853', 1, 1, NULL),
(131, 'MK', 'ARY Macedonia', 'Macedonia', '389', 2, 5, 2022),
(132, 'MG', 'Madagascar', 'Madagascar', '261', 1, 1, NULL),
(133, 'MY', 'Malasia', 'Malaysia', '60', 1, 1, NULL),
(134, 'MW', 'Malawi', 'Malawi', '265', 1, 1, NULL),
(135, 'MV', 'Maldivas', 'Maldives', '960', 1, 1, NULL),
(136, 'ML', 'Malí', 'Mali', '223', 1, 1, NULL),
(137, 'MT', 'Malta', 'Malta', '356', 1, 1, NULL),
(138, 'FK', 'Islas Malvinas', 'Falkland Islands (Malvinas)', '500', 1, 1, NULL),
(139, 'MP', 'Islas Marianas del Norte', 'Northern Mariana Islands', '1 670', 1, 1, NULL),
(140, 'MA', 'Marruecos', 'Morocco', '212', 1, 1, NULL),
(141, 'MH', 'Islas Marshall', 'Marshall Islands', '692', 1, 1, NULL),
(142, 'MQ', 'Martinica', 'Martinique', '596', 1, 1, NULL),
(143, 'MU', 'Mauricio', 'Mauritius', '230', 1, 1, NULL),
(144, 'MR', 'Mauritania', 'Mauritania', '222', 1, 1, NULL),
(145, 'YT', 'Mayotte', 'Mayotte', '262', 1, 1, NULL),
(146, 'MX', 'México', 'Mexico', '52', 1, 1, NULL),
(147, 'FM', 'Micronesia', 'Estados Federados de', '691', 1, 1, NULL),
(148, 'MD', 'Moldavia', 'Moldova', '373', 1, 1, NULL),
(149, 'MC', 'Mónaco', 'Monaco', '377', 1, 1, NULL),
(150, 'MN', 'Mongolia', 'Mongolia', '976', 1, 1, NULL),
(151, 'MS', 'Montserrat', 'Montserrat', '1 664', 1, 1, NULL),
(152, 'MZ', 'Mozambique', 'Mozambique', '258', 1, 1, NULL),
(153, 'MM', 'Myanmar', 'Myanmar', '95', 1, 1, NULL),
(154, 'NA', 'Namibia', 'Namibia', '264', 1, 1, NULL),
(155, 'NR', 'Nauru', 'Nauru', '674', 1, 1, NULL),
(156, 'NP', 'Nepal', 'Nepal', '977', 1, 1, NULL),
(157, 'NI', 'Nicaragua', 'Nicaragua', '505', 1, 1, NULL),
(158, 'NE', 'Níger', 'Niger', '227', 1, 1, NULL),
(159, 'NG', 'Nigeria', 'Nigeria', '234', 1, 1, NULL),
(160, 'NU', 'Niue', 'Niue', '683', 1, 1, NULL),
(161, 'NF', 'Isla Norfolk', 'Norfolk Island', '672', 1, 1, NULL),
(162, 'NO', 'Noruega', 'Norway', '47', 1, 1, NULL),
(163, 'NC', 'Nueva Caledonia', 'New Caledonia', '687', 1, 1, NULL),
(164, 'NZ', 'Nueva Zelanda', 'New Zealand', '64', 1, 1, NULL),
(165, 'OM', 'Omán', 'Oman', '968', 1, 1, NULL),
(166, 'NL', 'Países Bajos', 'Netherlands', '31', 1, 1, NULL),
(167, 'PK', 'Pakistán', 'Pakistan', '92', 1, 1, NULL),
(168, 'PW', 'Palau', 'Palau', '680', 1, 1, NULL),
(169, 'PS', 'Palestina', 'Palestine', '970', 1, 1, NULL),
(170, 'PA', 'Panamá', 'Panama', '507', 1, 1, NULL),
(171, 'PG', 'Papúa Nueva Guinea', 'Papua New Guinea', '675', 1, 1, NULL),
(172, 'PY', 'Paraguay', 'Paraguay', '595', 1, 1, NULL),
(173, 'PE', 'Perú', 'Peru', '51', 1, 1, NULL),
(174, 'PN', 'Islas Pitcairn', 'Pitcairn Islands', '870', 1, 1, NULL),
(175, 'PF', 'Polinesia Francesa', 'French Polynesia', '689', 1, 1, NULL),
(176, 'PL', 'Polonia', 'Poland', '48', 1, 1, NULL),
(177, 'PT', 'Portugal', 'Portugal', '351', 1, 1, NULL),
(178, 'PR', 'Puerto Rico', 'Puerto Rico', '1', 1, 1, NULL),
(179, 'QA', 'Qatar', 'Qatar', '974', 1, 1, NULL),
(180, 'GB', 'Reino Unido', 'United Kingdom', '44', 1, 1, NULL),
(181, 'RE', 'Reunión', 'Réunion', '262', 1, 1, NULL),
(182, 'RW', 'Ruanda', 'Rwanda', '250', 1, 1, NULL),
(183, 'RO', 'Rumania', 'Romania', '40', 2, 5, 2022),
(184, 'RU', 'Rusia', 'Russia', '7', 2, 5, 2022),
(185, 'EH', 'Sahara Occidental', 'Western Sahara', '212', 1, 1, NULL),
(186, 'SB', 'Islas Salomón', 'Solomon Islands', '677', 1, 1, NULL),
(187, 'WS', 'Samoa', 'Samoa', '685', 1, 1, NULL),
(188, 'AS', 'Samoa Americana', 'American Samoa', '1 684', 1, 1, NULL),
(189, 'KN', 'San Cristóbal y Nevis', 'Saint Kitts and Nevis', '1 869', 1, 1, NULL),
(190, 'SM', 'San Marino', 'San Marino', '378', 1, 1, NULL),
(191, 'PM', 'San Pedro y Miquelón', 'Saint Pierre and Miquelon', '508', 1, 1, NULL),
(192, 'VC', 'San Vicente y las Granadinas', 'Saint Vincent and the Grenadines', '1 784', 1, 1, NULL),
(193, 'SH', 'Santa Helena', 'Ascensión y Tristán de Acuña', '290', 1, 1, NULL),
(194, 'LC', 'Santa Lucía', 'Saint Lucia', '1 758', 1, 1, NULL),
(195, 'ST', 'Santo Tomé y Príncipe', 'Sao Tome and Principe', '239', 1, 1, NULL),
(196, 'SN', 'Senegal', 'Senegal', '221', 1, 1, NULL),
(197, 'CS', 'Serbia y Montenegro', '', '', 2, 5, 2022),
(198, 'SC', 'Seychelles', 'Seychelles', '248', 1, 1, NULL),
(199, 'SL', 'Sierra Leona', 'Sierra Leone', '232', 1, 1, NULL),
(200, 'SG', 'Singapur', 'Singapore', '65', 1, 1, NULL),
(201, 'SY', 'Siria', 'Syria', '963', 2, 5, 2022),
(202, 'SO', 'Somalia', 'Somalia', '252', 2, 5, 2022),
(203, 'LK', 'Sri Lanka', 'Sri Lanka', '94', 1, 1, NULL),
(204, 'SZ', 'Suazilandia', 'Swaziland', '268', 1, 1, NULL),
(205, 'ZA', 'Sudáfrica', 'South Africa', '27', 1, 1, NULL),
(206, 'SD', 'Sudán', 'Sudan', '249', 2, 5, 2022),
(207, 'SE', 'Suecia', 'Sweden', '46', 1, 1, NULL),
(208, 'CH', 'Suiza', 'Switzerland', '41', 1, 1, NULL),
(209, 'SR', 'Surinam', 'Suriname', '597', 1, 1, NULL),
(210, 'SJ', 'Svalbard y Jan Mayen', 'Svalbard and Jan Mayen', '47', 1, 1, NULL),
(211, 'TH', 'Tailandia', 'Thailand', '66', 1, 1, NULL),
(212, 'TW', 'Taiwán', 'Taiwan', '886', 1, 1, NULL),
(213, 'TZ', 'Tanzania', 'Tanzania', '255', 1, 1, NULL),
(214, 'TJ', 'Tayikistán', 'Tajikistan', '992', 1, 1, NULL),
(215, 'IO', 'Territorio Británico del Océano Índico', 'British Indian Ocean Territory', '246', 1, 1, NULL),
(216, 'TF', 'Territorios Australes Franceses', 'French Southern Territories', '', 1, 1, NULL),
(217, 'TL', 'Timor Oriental', 'East Timor', '670', 1, 1, NULL),
(218, 'TG', 'Togo', 'Togo', '228', 1, 1, NULL),
(219, 'TK', 'Tokelau', 'Tokelau', '690', 1, 1, NULL),
(220, 'TO', 'Tonga', 'Tonga', '676', 1, 1, NULL),
(221, 'TT', 'Trinidad y Tobago', 'Trinidad and Tobago', '1 868', 1, 1, NULL),
(222, 'TN', 'Túnez', 'Tunisia', '216', 1, 1, NULL),
(223, 'TC', 'Islas Turcas y Caicos', 'Turks and Caicos Islands', '1 649', 1, 1, NULL),
(224, 'TM', 'Turkmenistán', 'Turkmenistan', '993', 1, 1, NULL),
(225, 'TR', 'Turquía', 'Turkey', '90', 1, 1, NULL),
(226, 'TV', 'Tuvalu', 'Tuvalu', '688', 1, 1, NULL),
(227, 'UA', 'Ucrania', 'Ukraine', '380', 1, 1, NULL),
(228, 'UG', 'Uganda', 'Uganda', '256', 1, 1, NULL),
(229, 'UY', 'Uruguay', 'Uruguay', '598', 1, 1, NULL),
(230, 'UZ', 'Uzbekistán', 'Uzbekistan', '998', 1, 1, NULL),
(231, 'VU', 'Vanuatu', 'Vanuatu', '678', 1, 1, NULL),
(232, 'VE', 'Venezuela', 'Venezuela', '58', 1, 1, NULL),
(233, 'VN', 'Vietnam', 'Vietnam', '84', 1, 1, NULL),
(234, 'VG', 'Islas Vírgenes Británicas', 'Virgin Islands', '1 284', 1, 1, NULL),
(235, 'VI', 'Islas Vírgenes de los Estados Unidos', 'United States Virgin Islands', '1 340', 1, 5, 2022),
(236, 'WF', 'Wallis y Futuna', 'Wallis and Futuna', '681', 1, 1, NULL),
(237, 'YE', 'Yemen', 'Yemen', '967', 2, 5, 2022),
(238, 'DJ', 'Yibuti', 'Djibouti', '253', 1, 1, NULL),
(239, 'ZM', 'Zambia', 'Zambia', '260', 1, 1, NULL),
(240, 'ZW', 'Zimbabue', 'Zimbabwe', '263', 2, 5, 2022);

-- --------------------------------------------------------

--
-- Estructura de tabla para la tabla `declaration_age_groups`
--

CREATE TABLE `declaration_age_groups` (
  `id_setting` int(11) NOT NULL,
  `id_declaration_health` int(11) NOT NULL,
  `id_group` int(11) NOT NULL,
  `points` int(11) NOT NULL,
  `id_status` int(11) NOT NULL DEFAULT 1,
  `id_user` int(11) NOT NULL,
  `create_date` datetime NOT NULL
) ENGINE=InnoDB DEFAULT CHARSET=utf8 COLLATE=utf8_unicode_ci;

--
-- Volcado de datos para la tabla `declaration_age_groups`
--

INSERT INTO `declaration_age_groups` (`id_setting`, `id_declaration_health`, `id_group`, `points`, `id_status`, `id_user`, `create_date`) VALUES
(2, 5, 1, 20, 1, 5, '2022-06-08 14:43:22'),
(5, 5, 2, 25, 1, 5, '2022-06-09 08:06:43'),
(6, 6, 1, 25, 1, 5, '2022-06-09 08:07:38'),
(7, 6, 2, 30, 1, 5, '2022-06-09 08:07:44'),
(8, 7, 1, 25, 1, 5, '2022-06-09 08:08:04'),
(9, 7, 2, 30, 1, 5, '2022-06-09 08:08:10'),
(10, 3, 1, 20, 1, 5, '2022-06-09 08:10:01'),
(11, 3, 2, 20, 1, 5, '2022-06-09 08:10:05'),
(12, 1, 1, 100, 1, 5, '2022-06-09 08:10:33'),
(13, 1, 2, 100, 1, 5, '2022-06-09 08:10:53'),
(14, 4, 1, 100, 1, 5, '2022-06-09 08:11:14'),
(15, 4, 2, 100, 1, 5, '2022-06-09 08:11:20'),
(16, 8, 1, 20, 1, 5, '2022-06-09 08:11:34'),
(17, 8, 2, 20, 1, 5, '2022-06-09 08:11:41'),
(18, 2, 1, 100, 1, 3, '2023-01-27 13:01:58'),
(19, 2, 2, 100, 1, 3, '2023-01-27 13:02:05');

-- --------------------------------------------------------

--
-- Estructura de tabla para la tabla `declaration_health`
--

CREATE TABLE `declaration_health` (
  `id_declaration_health` int(11) NOT NULL,
  `name_declaration_health` text COLLATE utf8_unicode_ci NOT NULL,
  `option_detail` int(11) NOT NULL DEFAULT 1,
  `id_status` int(11) NOT NULL DEFAULT 1,
  `id_user` int(11) NOT NULL,
  `create_date` datetime NOT NULL
) ENGINE=InnoDB DEFAULT CHARSET=utf8 COLLATE=utf8_unicode_ci;

--
-- Volcado de datos para la tabla `declaration_health`
--

INSERT INTO `declaration_health` (`id_declaration_health`, `name_declaration_health`, `option_detail`, `id_status`, `id_user`, `create_date`) VALUES
(1, 'Declaro  que todos los datos proporcionados son ciertos, completos, libres de falsificación, reticencia y omisión. y Autorizo  a cualquier institución u organismo público o privado para que antes o después de un evento cubierto por la póliza suministre cualquier dato de interés para el asegurador.', 2, 1, 5, '2022-07-13 13:51:37'),
(2, 'Declaro que no conozco, ni he sido diagnosticado con alguna enfermedad o condición grave de salud que ponga en riesgo mi  integridad física o mi  vida.  Por lo afirmo  que me  encuentro en buen Estado de Salud.', 2, 1, 5, '2022-07-13 13:52:01'),
(3, 'Declaro  que no practico deportes o actividades recreativas o profesionales u ocupación de riesgo que pongan en peligro mi integridad física o mi  vida\n\n', 2, 1, 5, '2022-07-13 13:51:18'),
(4, 'Doy  fe que el dinero utilizado para el pago de la prima de la Póliza cuya suscripción en este acto solicito, proviene de una fuente lícita y por lo tanto, no tiene relación alguna con dinero, capitales, bienes, haberes, títulos o beneficios derivados de las actividades ilícitas o de los delitos de Legitimación de Capitales y Financiamiento del Terrorismo.', 2, 1, 5, '2022-07-13 13:52:16'),
(5, ' ¿Ha padecido enfermedades cardiovasculares: hipertensión arterial, infarto al miocardio, arritmia cardíaca, angina de pecho, fiebre reumática, arteriosclerosis, trastornos valvulares, tromboflebitis? \n\nEn caso de afirmativo, indique detalles: Fecha de diagnóstico, Médico tratante, Estado de salud actual.\n', 1, 1, 5, '2022-07-13 13:49:25'),
(6, ' ¿Ha padecido Enfermedades endocrinas: diabetes, obesidad, alteraciones del colesterol y triglicéridos? \n\nEn caso de afirmativo, proporcione detalles: Fecha de Diagnóstico, Médico Tratante, estado de salud actual', 1, 1, 5, '2022-07-13 13:49:44'),
(7, ' ¿Ha padecido enfermedades Hematológicas?\n\nEn caso de afirmativo, proporcione detalles: Diagnostico, Fecha de inicio, Médico Tratante, Estado de salud actual ', 1, 1, 5, '2022-07-13 13:50:08'),
(8, '¿Consume: Tabaco o cigarrillo o cualquier otra droga adictiva?\nEn caso de afirmativo, proporcione detalles: Fecha de inicio del hábito, Cantidad diaria', 1, 1, 5, '2022-02-16 12:26:21');

-- --------------------------------------------------------

--
-- Estructura de tabla para la tabla `declaration_pathology`
--

CREATE TABLE `declaration_pathology` (
  `id_declaration_pathology` int(11) NOT NULL,
  `name_declaration_pathology` text COLLATE utf8_unicode_ci NOT NULL,
  `id_status` int(11) NOT NULL DEFAULT 1,
  `id_user` int(11) NOT NULL,
  `create_date` datetime NOT NULL
) ENGINE=InnoDB DEFAULT CHARSET=utf8 COLLATE=utf8_unicode_ci;

--
-- Volcado de datos para la tabla `declaration_pathology`
--

INSERT INTO `declaration_pathology` (`id_declaration_pathology`, `name_declaration_pathology`, `id_status`, `id_user`, `create_date`) VALUES
(1, 'Declaro que no he sido diagnosticado con tensión arterial alta ni estoy bajo medicación relacionada ', 1, 1, '2022-01-01 00:00:00'),
(3, 'Declaro que no he sido diagnosticado con diabetes ni estoy bajo medicación relacionada', 1, 3, '2022-01-15 17:49:25');

-- --------------------------------------------------------

--
-- Estructura de tabla para la tabla `downloadable_files`
--

CREATE TABLE `downloadable_files` (
  `id_file` int(11) NOT NULL,
  `title_file` varchar(100) COLLATE utf8_unicode_ci NOT NULL,
  `name_file` varchar(100) COLLATE utf8_unicode_ci NOT NULL,
  `description_file` text COLLATE utf8_unicode_ci NOT NULL,
  `opcion_file` int(11) NOT NULL DEFAULT 1,
  `id_status` int(11) NOT NULL DEFAULT 1,
  `id_user` int(11) NOT NULL,
  `create_date` datetime NOT NULL
) ENGINE=InnoDB DEFAULT CHARSET=utf8 COLLATE=utf8_unicode_ci;

--
-- Volcado de datos para la tabla `downloadable_files`
--

INSERT INTO `downloadable_files` (`id_file`, `title_file`, `name_file`, `description_file`, `opcion_file`, `id_status`, `id_user`, `create_date`) VALUES
(4, 'Condiciones Generales y Particulares de Bee Life', 'Condiciones_Generales_y_Particulares_de_Bee_Life.pdf', 'Contiene las condiciones del producto ', 1, 1, 5, '2022-03-29 14:43:19'),
(5, 'Condiciones Generales y Particulares Bee Travel', 'Condiciones_Generales_y_Particulares_Bee_Travel.pdf', 'condicionado del producto.', 1, 1, 5, '2022-03-29 15:32:29'),
(6, 'Condiciones Generales y Particulares 4in1', 'Condiciones_Generales_y_Particulares_4in1.pdf', 'condiciones de la póliza 4in1', 1, 1, 5, '2022-02-25 08:48:30'),
(8, 'Rc va contigo', 'Rc_va_contigo.pdf', 'Condiciones Generales y particulares ', 1, 1, 5, '2022-07-15 12:17:56'),
(9, 'Condicionado 4in1', 'Condicionado_4in1.pdf', 'Condiciones Generales y Particulares Seguro Combinado de Personas 4in1', 2, 1, 6, '2022-09-14 09:31:34'),
(10, 'Condicionados Póliza de RCV', 'Condicionados_Póliza_de_RCV.pdf', 'Condiciones Generales y Particulares', 1, 1, 5, '2022-12-20 10:00:43'),
(11, 'Condicionado de Servicio Funerario', 'Condicionado_de_Servicio_Funerario.pdf', 'Condiciones Generales y particulares póliza', 1, 1, 5, '2022-12-20 10:59:54'),
(12, 'Condicionado Vida', 'Condicionado_Vida.pdf', 'condicionado ', 1, 1, 5, '2022-12-21 09:38:15'),
(13, 'condiciondo emergencias medicas ', 'condiciondo_emergencias_medicas_.pdf', 'condicionado', 1, 1, 5, '2023-01-13 09:24:02'),
(14, 'condicionado emergencias medicas ', 'condicionado_emergencias_medicas_.pdf', 'Condicionado emergencias medicas', 1, 1, 5, '2023-01-16 15:47:56');

-- --------------------------------------------------------

--
-- Estructura de tabla para la tabla `events`
--

CREATE TABLE `events` (
  `id_event` int(11) NOT NULL,
  `id_product` int(11) NOT NULL,
  `name_event` varchar(100) COLLATE utf8_unicode_ci NOT NULL,
  `id_status` int(11) NOT NULL DEFAULT 1,
  `id_user` int(11) NOT NULL,
  `create_date` datetime NOT NULL
) ENGINE=InnoDB DEFAULT CHARSET=utf8 COLLATE=utf8_unicode_ci;

--
-- Volcado de datos para la tabla `events`
--

INSERT INTO `events` (`id_event`, `id_product`, `name_event`, `id_status`, `id_user`, `create_date`) VALUES
(1, 3, 'Muerte Cualquier  Causa', 1, 5, '2022-03-04 16:06:44'),
(2, 5, 'Solicitud de Reembolso Gastos Funerarios', 1, 5, '2022-03-04 16:06:20'),
(3, 5, 'Muerte Accidental', 1, 5, '2022-03-04 16:07:10'),
(4, 5, 'Muerte Cualquier Causa', 1, 5, '2022-03-04 16:07:31'),
(5, 5, 'Invalidez total o Parcial', 1, 5, '2022-03-04 16:07:54'),
(6, 4, 'Solicitud de indemnización ', 1, 5, '2022-03-04 16:08:35'),
(8, 6, 'Reembolso por gastos de Fianza', 1, 5, '2022-04-20 14:38:40'),
(9, 6, 'Reembolso por Asistencia Legal', 1, 5, '2022-04-20 14:38:59'),
(10, 6, 'Indemnización a terceros por Daños a cosas o Daños a Personas', 1, 5, '2022-04-20 14:39:34'),
(11, 7, 'Muerte por cualuier causa', 1, 5, '2022-07-19 09:29:46'),
(12, 8, 'Muerte por cualquier causa', 1, 5, '2022-07-19 09:30:16'),
(13, 8, 'Muerte Accidental', 1, 5, '2022-07-19 09:30:29'),
(14, 8, 'Invalidéz parcial o total', 1, 5, '2022-07-19 09:31:12'),
(15, 6, 'Reembolso por pago de multas', 1, 5, '2022-07-19 09:31:44'),
(16, 8, 'Solicitud de Reembolso por pago de gastos funerarios', 1, 5, '2022-07-19 09:32:34'),
(17, 9, 'Indemnización a terceros por Daños a cosas o Daños a Personas (RCV)', 1, 5, '2022-12-20 10:07:32');

-- --------------------------------------------------------

--
-- Estructura de tabla para la tabla `exchange_rate`
--

CREATE TABLE `exchange_rate` (
  `id_rate` int(11) NOT NULL,
  `amount_rate` double(20,2) NOT NULL,
  `id_user` int(11) NOT NULL,
  `create_date` datetime NOT NULL
) ENGINE=InnoDB DEFAULT CHARSET=utf8 COLLATE=utf8_unicode_ci;

--
-- Volcado de datos para la tabla `exchange_rate`
--

INSERT INTO `exchange_rate` (`id_rate`, `amount_rate`, `id_user`, `create_date`) VALUES
(1, 31.61, 5, '2023-08-17 13:33:46');

-- --------------------------------------------------------

--
-- Estructura de tabla para la tabla `faqs`
--

CREATE TABLE `faqs` (
  `id_faq` int(11) NOT NULL,
  `question` text COLLATE utf8_unicode_ci NOT NULL,
  `reply` longtext COLLATE utf8_unicode_ci NOT NULL,
  `id_status` int(11) NOT NULL DEFAULT 1
) ENGINE=InnoDB DEFAULT CHARSET=utf8 COLLATE=utf8_unicode_ci;

--
-- Volcado de datos para la tabla `faqs`
--

INSERT INTO `faqs` (`id_faq`, `question`, `reply`, `id_status`) VALUES
(1, 'Hasta qué edad puedo contratar un seguro de vida? ', '<p>Bee Life es el producto con la mayor amplitud para la admisibilidad; ya que podrías adquirir el producto siempre que tengas hasta 74 años de edad</p>', 1),
(2, 'Hasta qué edad se mantiene vigente el seguro de vida?', '<p>La edad tope para renovaciones es 75 años</p>', 1),
(3, 'Cuantas pólizas Puedo llegar a contratar?', 'Puedes tener una póliza por producto; pero la cobertura de Vida sólo una vez. (no se admite doble seguro en Bee Life)', 1),
(4, 'Qué otros beneficios obtengo al contrtar un seguo con Bee?', '<p>Confiamos en ti, no se requiere realización de examenes médicos.</p><p>La cobertura de nuestros productos es<b> </b>portable, significa que te sigue a donde quieras que vayas, sin limitación territorial.</p><p>Nuestras tarifas son las mas competitivas del mercado latinoaméricano.</p><p>La suma asegurada es contratada en moneda dura, lo que garantiza el valor real de la misma.</p><p>Para mas detalles, consulta las Condiciones Generales y Particulares de cada producto.</p><p><br></p>', 1),
(5, 'Qué factores influyen al contratar mi póliza de seguros?', '<p>Es importante te encuentres en buen estado de salud, Responde las preguntas relacionadas en cada producto y nosotros nos encargamos del resto.</p>', 1),
(6, 'En caso de fallecer, cómo hace mi familia para solicitar el pago?', 'El beneficiario debe dirigirse a nuestra web, identificar la sección Servicio, completar el formulario y nostros haremos que tus beneficiarios reciban el capital que dejaste pensando en su bienestar.', 1);

-- --------------------------------------------------------

--
-- Estructura de tabla para la tabla `fees`
--

CREATE TABLE `fees` (
  `id_fee` int(11) NOT NULL,
  `name_fee` varchar(50) NOT NULL,
  `description_fee` text NOT NULL,
  `number_fee` int(11) NOT NULL,
  `id_status` int(11) NOT NULL,
  `id_user` int(11) NOT NULL,
  `create_date` datetime NOT NULL
) ENGINE=InnoDB DEFAULT CHARSET=utf8mb4;

--
-- Volcado de datos para la tabla `fees`
--

INSERT INTO `fees` (`id_fee`, `name_fee`, `description_fee`, `number_fee`, `id_status`, `id_user`, `create_date`) VALUES
(1, 'Anual', 'Pago anual', 12, 1, 1, '2022-11-15 18:27:00'),
(2, 'Semestral', 'Pago Semestra', 6, 1, 1, '2022-11-15 18:27:16'),
(3, 'Trimestral', 'Pago Trimestral', 3, 1, 1, '2022-11-15 18:27:16'),
(4, 'Mensual', 'Pago Mensual ', 1, 1, 1, '2022-11-15 18:27:48');

-- --------------------------------------------------------

--
-- Estructura de tabla para la tabla `fee_insurances`
--

CREATE TABLE `fee_insurances` (
  `id_fee` int(11) NOT NULL,
  `id_insurance` int(11) NOT NULL
) ENGINE=InnoDB DEFAULT CHARSET=utf8mb4;

--
-- Volcado de datos para la tabla `fee_insurances`
--

INSERT INTO `fee_insurances` (`id_fee`, `id_insurance`) VALUES
(1, 5),
(2, 5),
(3, 5),
(4, 5),
(1, 3),
(2, 3),
(3, 3),
(4, 3),
(1, 5),
(2, 5),
(3, 5),
(4, 5),
(1, 7),
(2, 7),
(3, 7),
(4, 7),
(1, 9),
(2, 9),
(3, 9),
(4, 9),
(1, 10),
(2, 10),
(3, 10),
(4, 10),
(1, 11),
(2, 11),
(3, 11),
(4, 11),
(1, 12),
(2, 12),
(3, 12),
(4, 12),
(1, 13),
(2, 13),
(3, 13),
(4, 13),
(1, 14),
(2, 14),
(3, 14),
(4, 14),
(1, 15),
(2, 15),
(3, 15),
(4, 15),
(1, 16),
(2, 16),
(3, 16),
(4, 16),
(1, 17),
(2, 17),
(3, 17),
(4, 17),
(1, 22),
(2, 22),
(3, 22),
(4, 22),
(1, 24),
(2, 24),
(3, 24),
(4, 24),
(1, 23),
(2, 23),
(3, 23),
(4, 23);

-- --------------------------------------------------------

--
-- Estructura de tabla para la tabla `fee_percentages`
--

CREATE TABLE `fee_percentages` (
  `id_percentage` int(11) NOT NULL,
  `id_fee` int(11) NOT NULL,
  `percentage` float(20,2) NOT NULL,
  `fee_initial` int(11) NOT NULL
) ENGINE=InnoDB DEFAULT CHARSET=utf8mb4;

--
-- Volcado de datos para la tabla `fee_percentages`
--

INSERT INTO `fee_percentages` (`id_percentage`, `id_fee`, `percentage`, `fee_initial`) VALUES
(1, 1, 100.00, 1),
(2, 2, 50.00, 1),
(3, 2, 50.00, 0),
(4, 3, 25.00, 1),
(5, 3, 25.00, 0),
(6, 3, 25.00, 0),
(7, 3, 25.00, 0),
(8, 4, 8.34, 1),
(9, 4, 8.34, 0),
(10, 4, 8.34, 0),
(11, 4, 8.34, 0),
(12, 4, 8.34, 0),
(13, 4, 8.34, 0),
(14, 4, 8.34, 0),
(15, 4, 8.34, 0),
(16, 4, 8.34, 0),
(17, 4, 8.34, 0),
(18, 4, 8.34, 0),
(19, 4, 8.34, 0);

-- --------------------------------------------------------

--
-- Estructura de tabla para la tabla `fee_receipts`
--

CREATE TABLE `fee_receipts` (
  `id_receipt` int(11) NOT NULL,
  `id_buy` int(11) NOT NULL,
  `id_payment` int(11) DEFAULT NULL,
  `id_percentage` int(11) NOT NULL,
  `id_status` int(11) NOT NULL,
  `start_date` date DEFAULT NULL,
  `end_date` date DEFAULT NULL,
  `number_fee` int(11) NOT NULL,
  `create_date` datetime NOT NULL
) ENGINE=InnoDB DEFAULT CHARSET=utf8mb4;

--
-- Volcado de datos para la tabla `fee_receipts`
--

INSERT INTO `fee_receipts` (`id_receipt`, `id_buy`, `id_payment`, `id_percentage`, `id_status`, `start_date`, `end_date`, `number_fee`, `create_date`) VALUES
(1, 46, 50, 1, 8, '2022-12-29', '2023-12-29', 1, '2022-12-29 10:27:07'),
(2, 47, 51, 1, 8, '2022-12-29', '2023-12-29', 1, '2022-12-29 10:36:01'),
(3, 48, 52, 1, 8, '2022-12-30', '2023-12-30', 1, '2022-12-30 02:12:05'),
(4, 49, 53, 1, 8, '2022-12-30', '2023-12-30', 1, '2022-12-30 02:25:42'),
(5, 50, 54, 1, 8, '2022-12-30', '2023-12-30', 1, '2022-12-30 02:27:55'),
(6, 51, 55, 1, 8, '2022-12-30', '2023-12-30', 1, '2022-12-30 09:45:03'),
(7, 52, 56, 1, 8, '2022-12-30', '2023-12-30', 1, '2022-12-30 09:45:08'),
(8, 53, 57, 8, 8, '2023-01-04', '2023-02-04', 1, '2023-01-04 13:02:50'),
(9, 53, NULL, 9, 9, '2023-02-04', '2023-03-04', 2, '2023-01-04 13:02:50'),
(10, 53, NULL, 10, 9, '2023-03-04', '2023-04-04', 3, '2023-01-04 13:02:50'),
(11, 53, NULL, 11, 9, '2023-04-04', '2023-05-04', 4, '2023-01-04 13:02:50'),
(12, 53, NULL, 12, 9, '2023-05-04', '2023-06-04', 5, '2023-01-04 13:02:50'),
(13, 53, NULL, 13, 9, '2023-06-04', '2023-07-04', 6, '2023-01-04 13:02:50'),
(14, 53, NULL, 14, 9, '2023-07-04', '2023-08-04', 7, '2023-01-04 13:02:50'),
(15, 53, NULL, 15, 9, '2023-08-04', '2023-09-04', 8, '2023-01-04 13:02:50'),
(16, 53, NULL, 16, 9, '2023-09-04', '2023-10-04', 9, '2023-01-04 13:02:50'),
(17, 53, NULL, 17, 9, '2023-10-04', '2023-11-04', 10, '2023-01-04 13:02:50'),
(18, 53, NULL, 18, 9, '2023-11-04', '2023-12-04', 11, '2023-01-04 13:02:50'),
(19, 53, NULL, 19, 9, '2023-12-04', '2024-01-04', 12, '2023-01-04 13:02:50'),
(20, 54, 58, 1, 8, '2023-01-04', '2024-01-04', 1, '2023-01-04 14:49:08'),
(21, 55, 59, 1, 8, '2023-01-04', '2024-01-04', 1, '2023-01-04 15:11:50'),
(22, 56, 60, 8, 8, '2023-01-09', '2023-02-09', 1, '2023-01-09 08:45:08'),
(23, 56, NULL, 9, 9, '2023-02-09', '2023-03-09', 2, '2023-01-09 08:45:08'),
(24, 56, NULL, 10, 9, '2023-03-09', '2023-04-09', 3, '2023-01-09 08:45:08'),
(25, 56, NULL, 11, 9, '2023-04-09', '2023-05-09', 4, '2023-01-09 08:45:08'),
(26, 56, NULL, 12, 9, '2023-05-09', '2023-06-09', 5, '2023-01-09 08:45:08'),
(27, 56, NULL, 13, 9, '2023-06-09', '2023-07-09', 6, '2023-01-09 08:45:08'),
(28, 56, NULL, 14, 9, '2023-07-09', '2023-08-09', 7, '2023-01-09 08:45:08'),
(29, 56, NULL, 15, 9, '2023-08-09', '2023-09-09', 8, '2023-01-09 08:45:08'),
(30, 56, NULL, 16, 9, '2023-09-09', '2023-10-09', 9, '2023-01-09 08:45:08'),
(31, 56, NULL, 17, 9, '2023-10-09', '2023-11-09', 10, '2023-01-09 08:45:08'),
(32, 56, NULL, 18, 9, '2023-11-09', '2023-12-09', 11, '2023-01-09 08:45:08'),
(33, 56, NULL, 19, 9, '2023-12-09', '2024-01-09', 12, '2023-01-09 08:45:08'),
(34, 57, 61, 8, 8, '2023-01-09', '2023-02-09', 1, '2023-01-09 08:47:41'),
(35, 57, NULL, 9, 9, '2023-02-09', '2023-03-09', 2, '2023-01-09 08:47:41'),
(36, 57, NULL, 10, 9, '2023-03-09', '2023-04-09', 3, '2023-01-09 08:47:41'),
(37, 57, NULL, 11, 9, '2023-04-09', '2023-05-09', 4, '2023-01-09 08:47:41'),
(38, 57, NULL, 12, 9, '2023-05-09', '2023-06-09', 5, '2023-01-09 08:47:41'),
(39, 57, NULL, 13, 9, '2023-06-09', '2023-07-09', 6, '2023-01-09 08:47:41'),
(40, 57, NULL, 14, 9, '2023-07-09', '2023-08-09', 7, '2023-01-09 08:47:41'),
(41, 57, NULL, 15, 9, '2023-08-09', '2023-09-09', 8, '2023-01-09 08:47:41'),
(42, 57, NULL, 16, 9, '2023-09-09', '2023-10-09', 9, '2023-01-09 08:47:41'),
(43, 57, NULL, 17, 9, '2023-10-09', '2023-11-09', 10, '2023-01-09 08:47:41'),
(44, 57, NULL, 18, 9, '2023-11-09', '2023-12-09', 11, '2023-01-09 08:47:41'),
(45, 57, NULL, 19, 9, '2023-12-09', '2024-01-09', 12, '2023-01-09 08:47:41'),
(46, 58, 62, 1, 8, '2023-01-09', '2024-01-09', 1, '2023-01-09 08:50:46'),
(47, 59, 63, 8, 8, '2023-01-09', '2023-02-09', 1, '2023-01-09 09:05:35'),
(48, 59, NULL, 9, 9, '2023-02-09', '2023-03-09', 2, '2023-01-09 09:05:35'),
(49, 59, NULL, 10, 9, '2023-03-09', '2023-04-09', 3, '2023-01-09 09:05:35'),
(50, 59, NULL, 11, 9, '2023-04-09', '2023-05-09', 4, '2023-01-09 09:05:35'),
(51, 59, NULL, 12, 9, '2023-05-09', '2023-06-09', 5, '2023-01-09 09:05:35'),
(52, 59, NULL, 13, 9, '2023-06-09', '2023-07-09', 6, '2023-01-09 09:05:35'),
(53, 59, NULL, 14, 9, '2023-07-09', '2023-08-09', 7, '2023-01-09 09:05:35'),
(54, 59, NULL, 15, 9, '2023-08-09', '2023-09-09', 8, '2023-01-09 09:05:35'),
(55, 59, NULL, 16, 9, '2023-09-09', '2023-10-09', 9, '2023-01-09 09:05:35'),
(56, 59, NULL, 17, 9, '2023-10-09', '2023-11-09', 10, '2023-01-09 09:05:35'),
(57, 59, NULL, 18, 9, '2023-11-09', '2023-12-09', 11, '2023-01-09 09:05:35'),
(58, 59, NULL, 19, 9, '2023-12-09', '2024-01-09', 12, '2023-01-09 09:05:35'),
(59, 60, 64, 8, 8, '2023-01-16', '2023-02-16', 1, '2023-01-16 10:19:33'),
(60, 60, NULL, 9, 9, '2023-02-16', '2023-03-16', 2, '2023-01-16 10:19:33'),
(61, 60, NULL, 10, 9, '2023-03-16', '2023-04-16', 3, '2023-01-16 10:19:33'),
(62, 60, NULL, 11, 9, '2023-04-16', '2023-05-16', 4, '2023-01-16 10:19:33'),
(63, 60, NULL, 12, 9, '2023-05-16', '2023-06-16', 5, '2023-01-16 10:19:33'),
(64, 60, NULL, 13, 9, '2023-06-16', '2023-07-16', 6, '2023-01-16 10:19:33'),
(65, 60, NULL, 14, 9, '2023-07-16', '2023-08-16', 7, '2023-01-16 10:19:33'),
(66, 60, NULL, 15, 9, '2023-08-16', '2023-09-16', 8, '2023-01-16 10:19:33'),
(67, 60, NULL, 16, 9, '2023-09-16', '2023-10-16', 9, '2023-01-16 10:19:33'),
(68, 60, NULL, 17, 9, '2023-10-16', '2023-11-16', 10, '2023-01-16 10:19:33'),
(69, 60, NULL, 18, 9, '2023-11-16', '2023-12-16', 11, '2023-01-16 10:19:33'),
(70, 60, NULL, 19, 9, '2023-12-16', '2024-01-16', 12, '2023-01-16 10:19:33'),
(71, 61, 65, 8, 8, '2023-01-16', '2023-02-16', 1, '2023-01-16 10:19:55'),
(72, 61, NULL, 9, 9, '2023-02-16', '2023-03-16', 2, '2023-01-16 10:19:55'),
(73, 61, NULL, 10, 9, '2023-03-16', '2023-04-16', 3, '2023-01-16 10:19:55'),
(74, 61, NULL, 11, 9, '2023-04-16', '2023-05-16', 4, '2023-01-16 10:19:55'),
(75, 61, NULL, 12, 9, '2023-05-16', '2023-06-16', 5, '2023-01-16 10:19:55'),
(76, 61, NULL, 13, 9, '2023-06-16', '2023-07-16', 6, '2023-01-16 10:19:55'),
(77, 61, NULL, 14, 9, '2023-07-16', '2023-08-16', 7, '2023-01-16 10:19:55'),
(78, 61, NULL, 15, 9, '2023-08-16', '2023-09-16', 8, '2023-01-16 10:19:55'),
(79, 61, NULL, 16, 9, '2023-09-16', '2023-10-16', 9, '2023-01-16 10:19:55'),
(80, 61, NULL, 17, 9, '2023-10-16', '2023-11-16', 10, '2023-01-16 10:19:55'),
(81, 61, NULL, 18, 9, '2023-11-16', '2023-12-16', 11, '2023-01-16 10:19:55'),
(82, 61, NULL, 19, 9, '2023-12-16', '2024-01-16', 12, '2023-01-16 10:19:55'),
(83, 62, 66, 8, 8, '2023-01-17', '2023-02-17', 1, '2023-01-17 14:14:10'),
(84, 62, NULL, 9, 9, '2023-02-17', '2023-03-17', 2, '2023-01-17 14:14:10'),
(85, 62, NULL, 10, 9, '2023-03-17', '2023-04-17', 3, '2023-01-17 14:14:10'),
(86, 62, NULL, 11, 9, '2023-04-17', '2023-05-17', 4, '2023-01-17 14:14:10'),
(87, 62, NULL, 12, 9, '2023-05-17', '2023-06-17', 5, '2023-01-17 14:14:10'),
(88, 62, NULL, 13, 9, '2023-06-17', '2023-07-17', 6, '2023-01-17 14:14:10'),
(89, 62, NULL, 14, 9, '2023-07-17', '2023-08-17', 7, '2023-01-17 14:14:10'),
(90, 62, NULL, 15, 9, '2023-08-17', '2023-09-17', 8, '2023-01-17 14:14:10'),
(91, 62, NULL, 16, 9, '2023-09-17', '2023-10-17', 9, '2023-01-17 14:14:10'),
(92, 62, NULL, 17, 9, '2023-10-17', '2023-11-17', 10, '2023-01-17 14:14:10'),
(93, 62, NULL, 18, 9, '2023-11-17', '2023-12-17', 11, '2023-01-17 14:14:10'),
(94, 62, NULL, 19, 9, '2023-12-17', '2024-01-17', 12, '2023-01-17 14:14:10'),
(95, 63, 67, 8, 8, '2023-01-24', '2023-02-24', 1, '2023-01-24 09:45:18'),
(96, 63, NULL, 9, 9, '2023-02-24', '2023-03-24', 2, '2023-01-24 09:45:18'),
(97, 63, NULL, 10, 9, '2023-03-24', '2023-04-24', 3, '2023-01-24 09:45:18'),
(98, 63, NULL, 11, 9, '2023-04-24', '2023-05-24', 4, '2023-01-24 09:45:18'),
(99, 63, NULL, 12, 9, '2023-05-24', '2023-06-24', 5, '2023-01-24 09:45:18'),
(100, 63, NULL, 13, 9, '2023-06-24', '2023-07-24', 6, '2023-01-24 09:45:18'),
(101, 63, NULL, 14, 9, '2023-07-24', '2023-08-24', 7, '2023-01-24 09:45:18'),
(102, 63, NULL, 15, 9, '2023-08-24', '2023-09-24', 8, '2023-01-24 09:45:18'),
(103, 63, NULL, 16, 9, '2023-09-24', '2023-10-24', 9, '2023-01-24 09:45:18'),
(104, 63, NULL, 17, 9, '2023-10-24', '2023-11-24', 10, '2023-01-24 09:45:18'),
(105, 63, NULL, 18, 9, '2023-11-24', '2023-12-24', 11, '2023-01-24 09:45:18'),
(106, 63, NULL, 19, 9, '2023-12-24', '2024-01-24', 12, '2023-01-24 09:45:18'),
(107, 64, 68, 1, 8, '2023-01-25', '2024-01-25', 1, '2023-01-25 16:08:19'),
(108, 65, 69, 1, 8, '2023-01-26', '2024-01-26', 1, '2023-01-26 15:09:29'),
(109, 66, 70, 1, 8, '2023-01-26', '2024-01-26', 1, '2023-01-26 15:11:09'),
(110, 67, 71, 1, 8, '2023-01-26', '2024-01-26', 1, '2023-01-26 15:12:03'),
(111, 68, 72, 1, 8, '2023-01-26', '2024-01-26', 1, '2023-01-26 15:32:01'),
(112, 69, 73, 1, 8, '2023-01-27', '2024-01-27', 1, '2023-01-27 09:38:55'),
(113, 70, 74, 1, 8, '2023-01-27', '2024-01-27', 1, '2023-01-27 09:54:45'),
(114, 71, 75, 1, 8, '2023-01-27', '2024-01-27', 1, '2023-01-27 10:05:32'),
(115, 72, 76, 8, 8, '2023-01-27', '2023-02-27', 1, '2023-01-27 12:27:43'),
(116, 72, NULL, 9, 9, '2023-02-27', '2023-03-27', 2, '2023-01-27 12:27:43'),
(117, 72, NULL, 10, 9, '2023-03-27', '2023-04-27', 3, '2023-01-27 12:27:43'),
(118, 72, NULL, 11, 9, '2023-04-27', '2023-05-27', 4, '2023-01-27 12:27:43'),
(119, 72, NULL, 12, 9, '2023-05-27', '2023-06-27', 5, '2023-01-27 12:27:43'),
(120, 72, NULL, 13, 9, '2023-06-27', '2023-07-27', 6, '2023-01-27 12:27:43'),
(121, 72, NULL, 14, 9, '2023-07-27', '2023-08-27', 7, '2023-01-27 12:27:43'),
(122, 72, NULL, 15, 9, '2023-08-27', '2023-09-27', 8, '2023-01-27 12:27:43'),
(123, 72, NULL, 16, 9, '2023-09-27', '2023-10-27', 9, '2023-01-27 12:27:43'),
(124, 72, NULL, 17, 9, '2023-10-27', '2023-11-27', 10, '2023-01-27 12:27:43'),
(125, 72, NULL, 18, 9, '2023-11-27', '2023-12-27', 11, '2023-01-27 12:27:43'),
(126, 72, NULL, 19, 9, '2023-12-27', '2024-01-27', 12, '2023-01-27 12:27:43'),
(127, 73, 77, 1, 8, '2023-01-28', '2024-01-28', 1, '2023-01-28 12:30:17'),
(128, 74, 78, 1, 8, '2023-01-28', '2024-01-28', 1, '2023-01-28 12:36:57'),
(129, 75, 79, 8, 8, '2023-01-30', '2023-03-02', 1, '2023-01-30 10:16:39'),
(130, 75, NULL, 9, 9, '2023-03-02', '2023-04-02', 2, '2023-01-30 10:16:39'),
(131, 75, NULL, 10, 9, '2023-04-02', '2023-05-02', 3, '2023-01-30 10:16:39'),
(132, 75, NULL, 11, 9, '2023-05-02', '2023-06-02', 4, '2023-01-30 10:16:39'),
(133, 75, NULL, 12, 9, '2023-06-02', '2023-07-02', 5, '2023-01-30 10:16:39'),
(134, 75, NULL, 13, 9, '2023-07-02', '2023-08-02', 6, '2023-01-30 10:16:39'),
(135, 75, NULL, 14, 9, '2023-08-02', '2023-09-02', 7, '2023-01-30 10:16:39'),
(136, 75, NULL, 15, 9, '2023-09-02', '2023-10-02', 8, '2023-01-30 10:16:39'),
(137, 75, NULL, 16, 9, '2023-10-02', '2023-11-02', 9, '2023-01-30 10:16:39'),
(138, 75, NULL, 17, 9, '2023-11-02', '2023-12-02', 10, '2023-01-30 10:16:39'),
(139, 75, NULL, 18, 9, '2023-12-02', '2024-01-02', 11, '2023-01-30 10:16:39'),
(140, 75, NULL, 19, 9, '2024-01-02', '2024-02-02', 12, '2023-01-30 10:16:39'),
(141, 76, 80, 8, 8, '2023-01-30', '2023-03-02', 1, '2023-01-30 10:23:31'),
(142, 76, 81, 9, 8, '2023-03-02', '2023-04-02', 2, '2023-01-30 10:23:31'),
(143, 76, 81, 10, 8, '2023-04-02', '2023-05-02', 3, '2023-01-30 10:23:31'),
(144, 76, 81, 11, 8, '2023-05-02', '2023-06-02', 4, '2023-01-30 10:23:31'),
(145, 76, NULL, 12, 9, '2023-06-02', '2023-07-02', 5, '2023-01-30 10:23:31'),
(146, 76, NULL, 13, 9, '2023-07-02', '2023-08-02', 6, '2023-01-30 10:23:31'),
(147, 76, NULL, 14, 9, '2023-08-02', '2023-09-02', 7, '2023-01-30 10:23:31'),
(148, 76, NULL, 15, 9, '2023-09-02', '2023-10-02', 8, '2023-01-30 10:23:31'),
(149, 76, NULL, 16, 9, '2023-10-02', '2023-11-02', 9, '2023-01-30 10:23:31'),
(150, 76, NULL, 17, 9, '2023-11-02', '2023-12-02', 10, '2023-01-30 10:23:31'),
(151, 76, NULL, 18, 9, '2023-12-02', '2024-01-02', 11, '2023-01-30 10:23:31'),
(152, 76, NULL, 19, 9, '2024-01-02', '2024-02-02', 12, '2023-01-30 10:23:31'),
(153, 77, 82, 8, 8, '2023-01-30', '2023-03-02', 1, '2023-01-30 10:59:06'),
(154, 77, NULL, 9, 9, '2023-03-02', '2023-04-02', 2, '2023-01-30 10:59:06'),
(155, 77, NULL, 10, 9, '2023-04-02', '2023-05-02', 3, '2023-01-30 10:59:06'),
(156, 77, NULL, 11, 9, '2023-05-02', '2023-06-02', 4, '2023-01-30 10:59:06'),
(157, 77, NULL, 12, 9, '2023-06-02', '2023-07-02', 5, '2023-01-30 10:59:06'),
(158, 77, NULL, 13, 9, '2023-07-02', '2023-08-02', 6, '2023-01-30 10:59:06'),
(159, 77, NULL, 14, 9, '2023-08-02', '2023-09-02', 7, '2023-01-30 10:59:06'),
(160, 77, NULL, 15, 9, '2023-09-02', '2023-10-02', 8, '2023-01-30 10:59:06'),
(161, 77, NULL, 16, 9, '2023-10-02', '2023-11-02', 9, '2023-01-30 10:59:06'),
(162, 77, NULL, 17, 9, '2023-11-02', '2023-12-02', 10, '2023-01-30 10:59:06'),
(163, 77, NULL, 18, 9, '2023-12-02', '2024-01-02', 11, '2023-01-30 10:59:06'),
(164, 77, NULL, 19, 9, '2024-01-02', '2024-02-02', 12, '2023-01-30 10:59:06'),
(165, 78, 83, 1, 8, '2023-02-01', '2024-02-01', 1, '2023-02-01 13:44:20'),
(166, 79, 84, 1, 8, '2023-02-02', '2024-02-02', 1, '2023-02-02 16:57:51'),
(167, 80, 85, 8, 8, '2023-03-17', '2023-04-17', 1, '2023-03-17 14:44:52'),
(168, 80, NULL, 9, 9, '2023-04-17', '2023-05-17', 2, '2023-03-17 14:44:52'),
(169, 80, NULL, 10, 9, '2023-05-17', '2023-06-17', 3, '2023-03-17 14:44:52'),
(170, 80, NULL, 11, 9, '2023-06-17', '2023-07-17', 4, '2023-03-17 14:44:52'),
(171, 80, NULL, 12, 9, '2023-07-17', '2023-08-17', 5, '2023-03-17 14:44:52'),
(172, 80, NULL, 13, 9, '2023-08-17', '2023-09-17', 6, '2023-03-17 14:44:52'),
(173, 80, NULL, 14, 9, '2023-09-17', '2023-10-17', 7, '2023-03-17 14:44:52'),
(174, 80, NULL, 15, 9, '2023-10-17', '2023-11-17', 8, '2023-03-17 14:44:52'),
(175, 80, NULL, 16, 9, '2023-11-17', '2023-12-17', 9, '2023-03-17 14:44:52'),
(176, 80, NULL, 17, 9, '2023-12-17', '2024-01-17', 10, '2023-03-17 14:44:52'),
(177, 80, NULL, 18, 9, '2024-01-17', '2024-02-17', 11, '2023-03-17 14:44:52'),
(178, 80, NULL, 19, 9, '2024-02-17', '2024-03-17', 12, '2023-03-17 14:44:52'),
(179, 81, 86, 8, 8, '2023-03-21', '2023-04-21', 1, '2023-03-21 15:11:55'),
(180, 81, NULL, 9, 9, '2023-04-21', '2023-05-21', 2, '2023-03-21 15:11:55'),
(181, 81, NULL, 10, 9, '2023-05-21', '2023-06-21', 3, '2023-03-21 15:11:55'),
(182, 81, NULL, 11, 9, '2023-06-21', '2023-07-21', 4, '2023-03-21 15:11:55'),
(183, 81, NULL, 12, 9, '2023-07-21', '2023-08-21', 5, '2023-03-21 15:11:55'),
(184, 81, NULL, 13, 9, '2023-08-21', '2023-09-21', 6, '2023-03-21 15:11:55'),
(185, 81, NULL, 14, 9, '2023-09-21', '2023-10-21', 7, '2023-03-21 15:11:55'),
(186, 81, NULL, 15, 9, '2023-10-21', '2023-11-21', 8, '2023-03-21 15:11:55'),
(187, 81, NULL, 16, 9, '2023-11-21', '2023-12-21', 9, '2023-03-21 15:11:55'),
(188, 81, NULL, 17, 9, '2023-12-21', '2024-01-21', 10, '2023-03-21 15:11:55'),
(189, 81, NULL, 18, 9, '2024-01-21', '2024-02-21', 11, '2023-03-21 15:11:55'),
(190, 81, NULL, 19, 9, '2024-02-21', '2024-03-21', 12, '2023-03-21 15:11:55'),
(191, 82, 87, 8, 8, '2023-03-21', '2023-04-21', 1, '2023-03-21 15:21:08'),
(192, 82, NULL, 9, 9, '2023-04-21', '2023-05-21', 2, '2023-03-21 15:21:08'),
(193, 82, NULL, 10, 9, '2023-05-21', '2023-06-21', 3, '2023-03-21 15:21:08'),
(194, 82, NULL, 11, 9, '2023-06-21', '2023-07-21', 4, '2023-03-21 15:21:08'),
(195, 82, NULL, 12, 9, '2023-07-21', '2023-08-21', 5, '2023-03-21 15:21:08'),
(196, 82, NULL, 13, 9, '2023-08-21', '2023-09-21', 6, '2023-03-21 15:21:08'),
(197, 82, NULL, 14, 9, '2023-09-21', '2023-10-21', 7, '2023-03-21 15:21:08'),
(198, 82, NULL, 15, 9, '2023-10-21', '2023-11-21', 8, '2023-03-21 15:21:08'),
(199, 82, NULL, 16, 9, '2023-11-21', '2023-12-21', 9, '2023-03-21 15:21:08'),
(200, 82, NULL, 17, 9, '2023-12-21', '2024-01-21', 10, '2023-03-21 15:21:08'),
(201, 82, NULL, 18, 9, '2024-01-21', '2024-02-21', 11, '2023-03-21 15:21:08'),
(202, 82, NULL, 19, 9, '2024-02-21', '2024-03-21', 12, '2023-03-21 15:21:08'),
(203, 83, 88, 8, 8, '2023-03-24', '2023-04-24', 1, '2023-03-24 13:35:22'),
(204, 83, NULL, 9, 9, '2023-04-24', '2023-05-24', 2, '2023-03-24 13:35:22'),
(205, 83, NULL, 10, 9, '2023-05-24', '2023-06-24', 3, '2023-03-24 13:35:22'),
(206, 83, NULL, 11, 9, '2023-06-24', '2023-07-24', 4, '2023-03-24 13:35:22'),
(207, 83, NULL, 12, 9, '2023-07-24', '2023-08-24', 5, '2023-03-24 13:35:22'),
(208, 83, NULL, 13, 9, '2023-08-24', '2023-09-24', 6, '2023-03-24 13:35:22'),
(209, 83, NULL, 14, 9, '2023-09-24', '2023-10-24', 7, '2023-03-24 13:35:22'),
(210, 83, NULL, 15, 9, '2023-10-24', '2023-11-24', 8, '2023-03-24 13:35:22'),
(211, 83, NULL, 16, 9, '2023-11-24', '2023-12-24', 9, '2023-03-24 13:35:22'),
(212, 83, NULL, 17, 9, '2023-12-24', '2024-01-24', 10, '2023-03-24 13:35:22'),
(213, 83, NULL, 18, 9, '2024-01-24', '2024-02-24', 11, '2023-03-24 13:35:22'),
(214, 83, NULL, 19, 9, '2024-02-24', '2024-03-24', 12, '2023-03-24 13:35:22'),
(215, 84, 89, 8, 8, '2023-03-24', '2023-04-24', 1, '2023-03-24 14:18:28'),
(216, 84, NULL, 9, 9, '2023-04-24', '2023-05-24', 2, '2023-03-24 14:18:28'),
(217, 84, NULL, 10, 9, '2023-05-24', '2023-06-24', 3, '2023-03-24 14:18:28'),
(218, 84, NULL, 11, 9, '2023-06-24', '2023-07-24', 4, '2023-03-24 14:18:28'),
(219, 84, NULL, 12, 9, '2023-07-24', '2023-08-24', 5, '2023-03-24 14:18:28'),
(220, 84, NULL, 13, 9, '2023-08-24', '2023-09-24', 6, '2023-03-24 14:18:28'),
(221, 84, NULL, 14, 9, '2023-09-24', '2023-10-24', 7, '2023-03-24 14:18:28'),
(222, 84, NULL, 15, 9, '2023-10-24', '2023-11-24', 8, '2023-03-24 14:18:28'),
(223, 84, NULL, 16, 9, '2023-11-24', '2023-12-24', 9, '2023-03-24 14:18:28'),
(224, 84, NULL, 17, 9, '2023-12-24', '2024-01-24', 10, '2023-03-24 14:18:28'),
(225, 84, NULL, 18, 9, '2024-01-24', '2024-02-24', 11, '2023-03-24 14:18:28'),
(226, 84, NULL, 19, 9, '2024-02-24', '2024-03-24', 12, '2023-03-24 14:18:28'),
(227, 85, 90, 8, 8, '2023-03-24', '2023-04-24', 1, '2023-03-24 15:03:45'),
(228, 85, NULL, 9, 9, '2023-04-24', '2023-05-24', 2, '2023-03-24 15:03:45'),
(229, 85, NULL, 10, 9, '2023-05-24', '2023-06-24', 3, '2023-03-24 15:03:45'),
(230, 85, NULL, 11, 9, '2023-06-24', '2023-07-24', 4, '2023-03-24 15:03:45'),
(231, 85, NULL, 12, 9, '2023-07-24', '2023-08-24', 5, '2023-03-24 15:03:45'),
(232, 85, NULL, 13, 9, '2023-08-24', '2023-09-24', 6, '2023-03-24 15:03:45'),
(233, 85, NULL, 14, 9, '2023-09-24', '2023-10-24', 7, '2023-03-24 15:03:45'),
(234, 85, NULL, 15, 9, '2023-10-24', '2023-11-24', 8, '2023-03-24 15:03:45'),
(235, 85, NULL, 16, 9, '2023-11-24', '2023-12-24', 9, '2023-03-24 15:03:45'),
(236, 85, NULL, 17, 9, '2023-12-24', '2024-01-24', 10, '2023-03-24 15:03:45'),
(237, 85, NULL, 18, 9, '2024-01-24', '2024-02-24', 11, '2023-03-24 15:03:45'),
(238, 85, NULL, 19, 9, '2024-02-24', '2024-03-24', 12, '2023-03-24 15:03:45'),
(239, 86, 91, 8, 8, '2023-03-25', '2023-04-25', 1, '2023-03-25 10:02:01'),
(240, 86, NULL, 9, 9, '2023-04-25', '2023-05-25', 2, '2023-03-25 10:02:01'),
(241, 86, NULL, 10, 9, '2023-05-25', '2023-06-25', 3, '2023-03-25 10:02:01'),
(242, 86, NULL, 11, 9, '2023-06-25', '2023-07-25', 4, '2023-03-25 10:02:01'),
(243, 86, NULL, 12, 9, '2023-07-25', '2023-08-25', 5, '2023-03-25 10:02:01'),
(244, 86, NULL, 13, 9, '2023-08-25', '2023-09-25', 6, '2023-03-25 10:02:01'),
(245, 86, NULL, 14, 9, '2023-09-25', '2023-10-25', 7, '2023-03-25 10:02:01'),
(246, 86, NULL, 15, 9, '2023-10-25', '2023-11-25', 8, '2023-03-25 10:02:01'),
(247, 86, NULL, 16, 9, '2023-11-25', '2023-12-25', 9, '2023-03-25 10:02:01'),
(248, 86, NULL, 17, 9, '2023-12-25', '2024-01-25', 10, '2023-03-25 10:02:01'),
(249, 86, NULL, 18, 9, '2024-01-25', '2024-02-25', 11, '2023-03-25 10:02:01'),
(250, 86, NULL, 19, 9, '2024-02-25', '2024-03-25', 12, '2023-03-25 10:02:01'),
(251, 87, 92, 8, 8, '2023-03-25', '2023-04-25', 1, '2023-03-25 22:12:56'),
(252, 87, NULL, 9, 9, '2023-04-25', '2023-05-25', 2, '2023-03-25 22:12:56'),
(253, 87, NULL, 10, 9, '2023-05-25', '2023-06-25', 3, '2023-03-25 22:12:56'),
(254, 87, NULL, 11, 9, '2023-06-25', '2023-07-25', 4, '2023-03-25 22:12:56'),
(255, 87, NULL, 12, 9, '2023-07-25', '2023-08-25', 5, '2023-03-25 22:12:56'),
(256, 87, NULL, 13, 9, '2023-08-25', '2023-09-25', 6, '2023-03-25 22:12:56'),
(257, 87, NULL, 14, 9, '2023-09-25', '2023-10-25', 7, '2023-03-25 22:12:56'),
(258, 87, NULL, 15, 9, '2023-10-25', '2023-11-25', 8, '2023-03-25 22:12:56'),
(259, 87, NULL, 16, 9, '2023-11-25', '2023-12-25', 9, '2023-03-25 22:12:56'),
(260, 87, NULL, 17, 9, '2023-12-25', '2024-01-25', 10, '2023-03-25 22:12:56'),
(261, 87, NULL, 18, 9, '2024-01-25', '2024-02-25', 11, '2023-03-25 22:12:56'),
(262, 87, NULL, 19, 9, '2024-02-25', '2024-03-25', 12, '2023-03-25 22:12:56'),
(263, 88, 93, 8, 8, '2023-03-25', '2023-04-25', 1, '2023-03-25 22:42:32'),
(264, 88, NULL, 9, 9, '2023-04-25', '2023-05-25', 2, '2023-03-25 22:42:32'),
(265, 88, NULL, 10, 9, '2023-05-25', '2023-06-25', 3, '2023-03-25 22:42:32'),
(266, 88, NULL, 11, 9, '2023-06-25', '2023-07-25', 4, '2023-03-25 22:42:32'),
(267, 88, NULL, 12, 9, '2023-07-25', '2023-08-25', 5, '2023-03-25 22:42:32'),
(268, 88, NULL, 13, 9, '2023-08-25', '2023-09-25', 6, '2023-03-25 22:42:32'),
(269, 88, NULL, 14, 9, '2023-09-25', '2023-10-25', 7, '2023-03-25 22:42:32'),
(270, 88, NULL, 15, 9, '2023-10-25', '2023-11-25', 8, '2023-03-25 22:42:32'),
(271, 88, NULL, 16, 9, '2023-11-25', '2023-12-25', 9, '2023-03-25 22:42:32'),
(272, 88, NULL, 17, 9, '2023-12-25', '2024-01-25', 10, '2023-03-25 22:42:32'),
(273, 88, NULL, 18, 9, '2024-01-25', '2024-02-25', 11, '2023-03-25 22:42:32'),
(274, 88, NULL, 19, 9, '2024-02-25', '2024-03-25', 12, '2023-03-25 22:42:32'),
(275, 89, 94, 8, 8, '2023-03-30', '2023-04-30', 1, '2023-03-30 15:52:12'),
(276, 89, NULL, 9, 9, '2023-04-30', '2023-05-30', 2, '2023-03-30 15:52:12'),
(277, 89, NULL, 10, 9, '2023-05-30', '2023-06-30', 3, '2023-03-30 15:52:12'),
(278, 89, NULL, 11, 9, '2023-06-30', '2023-07-30', 4, '2023-03-30 15:52:12'),
(279, 89, NULL, 12, 9, '2023-07-30', '2023-08-30', 5, '2023-03-30 15:52:12'),
(280, 89, NULL, 13, 9, '2023-08-30', '2023-09-30', 6, '2023-03-30 15:52:12'),
(281, 89, NULL, 14, 9, '2023-09-30', '2023-10-30', 7, '2023-03-30 15:52:12'),
(282, 89, NULL, 15, 9, '2023-10-30', '2023-11-30', 8, '2023-03-30 15:52:12'),
(283, 89, NULL, 16, 9, '2023-11-30', '2023-12-30', 9, '2023-03-30 15:52:12'),
(284, 89, NULL, 17, 9, '2023-12-30', '2024-01-30', 10, '2023-03-30 15:52:12'),
(285, 89, NULL, 18, 9, '2024-01-30', '2024-03-01', 11, '2023-03-30 15:52:12'),
(286, 89, NULL, 19, 9, '2024-03-01', '2024-04-01', 12, '2023-03-30 15:52:12'),
(287, 90, 95, 1, 8, '2023-03-31', '2024-03-31', 1, '2023-03-31 16:06:32'),
(288, 91, 96, 8, 8, '2023-03-31', '2023-05-01', 1, '2023-03-31 16:27:16'),
(289, 91, NULL, 9, 9, '2023-05-01', '2023-06-01', 2, '2023-03-31 16:27:16'),
(290, 91, NULL, 10, 9, '2023-06-01', '2023-07-01', 3, '2023-03-31 16:27:16'),
(291, 91, NULL, 11, 9, '2023-07-01', '2023-08-01', 4, '2023-03-31 16:27:16'),
(292, 91, NULL, 12, 9, '2023-08-01', '2023-09-01', 5, '2023-03-31 16:27:16'),
(293, 91, NULL, 13, 9, '2023-09-01', '2023-10-01', 6, '2023-03-31 16:27:16'),
(294, 91, NULL, 14, 9, '2023-10-01', '2023-11-01', 7, '2023-03-31 16:27:16'),
(295, 91, NULL, 15, 9, '2023-11-01', '2023-12-01', 8, '2023-03-31 16:27:16'),
(296, 91, NULL, 16, 9, '2023-12-01', '2024-01-01', 9, '2023-03-31 16:27:16'),
(297, 91, NULL, 17, 9, '2024-01-01', '2024-02-01', 10, '2023-03-31 16:27:16'),
(298, 91, NULL, 18, 9, '2024-02-01', '2024-03-01', 11, '2023-03-31 16:27:16'),
(299, 91, NULL, 19, 9, '2024-03-01', '2024-04-01', 12, '2023-03-31 16:27:16'),
(300, 92, 97, 2, 8, '2023-04-04', '2023-10-04', 1, '2023-04-04 17:11:24'),
(301, 92, NULL, 3, 9, '2023-10-04', '2024-04-04', 2, '2023-04-04 17:11:24'),
(302, 93, 98, 1, 8, '2023-04-10', '2024-04-10', 1, '2023-04-10 17:58:04'),
(303, 94, 99, 1, 8, '2023-04-13', '2024-04-13', 1, '2023-04-13 12:44:34'),
(304, 95, 100, 1, 8, '2023-04-14', '2024-04-14', 1, '2023-04-14 08:10:58'),
(305, 96, 101, 1, 8, '2023-04-25', '2024-04-25', 1, '2023-04-25 10:49:34'),
(306, 97, 102, 1, 8, '2023-04-27', '2024-04-27', 1, '2023-04-27 07:00:14'),
(307, 98, 103, 1, 8, '2023-04-27', '2024-04-27', 1, '2023-04-27 12:05:57'),
(308, 99, 104, 8, 8, '2023-04-28', '2023-05-28', 1, '2023-04-28 12:22:51'),
(309, 99, NULL, 9, 9, '2023-05-28', '2023-06-28', 2, '2023-04-28 12:22:51'),
(310, 99, NULL, 10, 9, '2023-06-28', '2023-07-28', 3, '2023-04-28 12:22:51'),
(311, 99, NULL, 11, 9, '2023-07-28', '2023-08-28', 4, '2023-04-28 12:22:51'),
(312, 99, NULL, 12, 9, '2023-08-28', '2023-09-28', 5, '2023-04-28 12:22:51'),
(313, 99, NULL, 13, 9, '2023-09-28', '2023-10-28', 6, '2023-04-28 12:22:51'),
(314, 99, NULL, 14, 9, '2023-10-28', '2023-11-28', 7, '2023-04-28 12:22:51'),
(315, 99, NULL, 15, 9, '2023-11-28', '2023-12-28', 8, '2023-04-28 12:22:51'),
(316, 99, NULL, 16, 9, '2023-12-28', '2024-01-28', 9, '2023-04-28 12:22:51'),
(317, 99, NULL, 17, 9, '2024-01-28', '2024-02-28', 10, '2023-04-28 12:22:51'),
(318, 99, NULL, 18, 9, '2024-02-28', '2024-03-28', 11, '2023-04-28 12:22:51'),
(319, 99, NULL, 19, 9, '2024-03-28', '2024-04-28', 12, '2023-04-28 12:22:51'),
(320, 100, 105, 8, 8, '2023-05-03', '2023-06-03', 1, '2023-05-03 14:51:03'),
(321, 100, NULL, 9, 9, '2023-06-03', '2023-07-03', 2, '2023-05-03 14:51:03'),
(322, 100, NULL, 10, 9, '2023-07-03', '2023-08-03', 3, '2023-05-03 14:51:03'),
(323, 100, NULL, 11, 9, '2023-08-03', '2023-09-03', 4, '2023-05-03 14:51:03'),
(324, 100, NULL, 12, 9, '2023-09-03', '2023-10-03', 5, '2023-05-03 14:51:03'),
(325, 100, NULL, 13, 9, '2023-10-03', '2023-11-03', 6, '2023-05-03 14:51:03'),
(326, 100, NULL, 14, 9, '2023-11-03', '2023-12-03', 7, '2023-05-03 14:51:03'),
(327, 100, NULL, 15, 9, '2023-12-03', '2024-01-03', 8, '2023-05-03 14:51:03'),
(328, 100, NULL, 16, 9, '2024-01-03', '2024-02-03', 9, '2023-05-03 14:51:03'),
(329, 100, NULL, 17, 9, '2024-02-03', '2024-03-03', 10, '2023-05-03 14:51:03'),
(330, 100, NULL, 18, 9, '2024-03-03', '2024-04-03', 11, '2023-05-03 14:51:03'),
(331, 100, NULL, 19, 9, '2024-04-03', '2024-05-03', 12, '2023-05-03 14:51:03'),
(332, 101, 106, 1, 8, '2023-05-05', '2024-05-05', 1, '2023-05-05 16:30:07'),
(333, 102, 107, 1, 8, '2023-05-12', '2024-05-12', 1, '2023-05-12 13:06:48'),
(334, 103, 108, 1, 8, '2023-05-12', '2024-05-12', 1, '2023-05-12 13:07:13'),
(335, 104, 109, 8, 8, '2023-05-21', '2023-06-21', 1, '2023-05-21 20:26:40'),
(336, 104, NULL, 9, 9, '2023-06-21', '2023-07-21', 2, '2023-05-21 20:26:40'),
(337, 104, NULL, 10, 9, '2023-07-21', '2023-08-21', 3, '2023-05-21 20:26:40'),
(338, 104, NULL, 11, 9, '2023-08-21', '2023-09-21', 4, '2023-05-21 20:26:40'),
(339, 104, NULL, 12, 9, '2023-09-21', '2023-10-21', 5, '2023-05-21 20:26:40'),
(340, 104, NULL, 13, 9, '2023-10-21', '2023-11-21', 6, '2023-05-21 20:26:40'),
(341, 104, NULL, 14, 9, '2023-11-21', '2023-12-21', 7, '2023-05-21 20:26:40'),
(342, 104, NULL, 15, 9, '2023-12-21', '2024-01-21', 8, '2023-05-21 20:26:40'),
(343, 104, NULL, 16, 9, '2024-01-21', '2024-02-21', 9, '2023-05-21 20:26:40'),
(344, 104, NULL, 17, 9, '2024-02-21', '2024-03-21', 10, '2023-05-21 20:26:40'),
(345, 104, NULL, 18, 9, '2024-03-21', '2024-04-21', 11, '2023-05-21 20:26:40'),
(346, 104, NULL, 19, 9, '2024-04-21', '2024-05-21', 12, '2023-05-21 20:26:40'),
(347, 105, 110, 8, 8, '2023-05-22', '2023-06-22', 1, '2023-05-22 19:38:59'),
(348, 105, NULL, 9, 9, '2023-06-22', '2023-07-22', 2, '2023-05-22 19:38:59'),
(349, 105, NULL, 10, 9, '2023-07-22', '2023-08-22', 3, '2023-05-22 19:38:59'),
(350, 105, NULL, 11, 9, '2023-08-22', '2023-09-22', 4, '2023-05-22 19:38:59'),
(351, 105, NULL, 12, 9, '2023-09-22', '2023-10-22', 5, '2023-05-22 19:38:59'),
(352, 105, NULL, 13, 9, '2023-10-22', '2023-11-22', 6, '2023-05-22 19:38:59'),
(353, 105, NULL, 14, 9, '2023-11-22', '2023-12-22', 7, '2023-05-22 19:38:59'),
(354, 105, NULL, 15, 9, '2023-12-22', '2024-01-22', 8, '2023-05-22 19:38:59'),
(355, 105, NULL, 16, 9, '2024-01-22', '2024-02-22', 9, '2023-05-22 19:38:59'),
(356, 105, NULL, 17, 9, '2024-02-22', '2024-03-22', 10, '2023-05-22 19:38:59'),
(357, 105, NULL, 18, 9, '2024-03-22', '2024-04-22', 11, '2023-05-22 19:38:59'),
(358, 105, NULL, 19, 9, '2024-04-22', '2024-05-22', 12, '2023-05-22 19:38:59'),
(359, 106, 111, 8, 8, '2023-05-24', '2023-06-24', 1, '2023-05-24 10:34:51'),
(360, 106, NULL, 9, 9, '2023-06-24', '2023-07-24', 2, '2023-05-24 10:34:51'),
(361, 106, NULL, 10, 9, '2023-07-24', '2023-08-24', 3, '2023-05-24 10:34:51'),
(362, 106, NULL, 11, 9, '2023-08-24', '2023-09-24', 4, '2023-05-24 10:34:51'),
(363, 106, NULL, 12, 9, '2023-09-24', '2023-10-24', 5, '2023-05-24 10:34:51'),
(364, 106, NULL, 13, 9, '2023-10-24', '2023-11-24', 6, '2023-05-24 10:34:51'),
(365, 106, NULL, 14, 9, '2023-11-24', '2023-12-24', 7, '2023-05-24 10:34:51'),
(366, 106, NULL, 15, 9, '2023-12-24', '2024-01-24', 8, '2023-05-24 10:34:51'),
(367, 106, NULL, 16, 9, '2024-01-24', '2024-02-24', 9, '2023-05-24 10:34:51'),
(368, 106, NULL, 17, 9, '2024-02-24', '2024-03-24', 10, '2023-05-24 10:34:51'),
(369, 106, NULL, 18, 9, '2024-03-24', '2024-04-24', 11, '2023-05-24 10:34:51'),
(370, 106, NULL, 19, 9, '2024-04-24', '2024-05-24', 12, '2023-05-24 10:34:51'),
(371, 107, 112, 8, 8, '2023-05-25', '2023-06-25', 1, '2023-05-25 12:39:29'),
(372, 107, NULL, 9, 9, '2023-06-25', '2023-07-25', 2, '2023-05-25 12:39:29'),
(373, 107, NULL, 10, 9, '2023-07-25', '2023-08-25', 3, '2023-05-25 12:39:29'),
(374, 107, NULL, 11, 9, '2023-08-25', '2023-09-25', 4, '2023-05-25 12:39:29'),
(375, 107, NULL, 12, 9, '2023-09-25', '2023-10-25', 5, '2023-05-25 12:39:29'),
(376, 107, NULL, 13, 9, '2023-10-25', '2023-11-25', 6, '2023-05-25 12:39:29'),
(377, 107, NULL, 14, 9, '2023-11-25', '2023-12-25', 7, '2023-05-25 12:39:29'),
(378, 107, NULL, 15, 9, '2023-12-25', '2024-01-25', 8, '2023-05-25 12:39:29'),
(379, 107, NULL, 16, 9, '2024-01-25', '2024-02-25', 9, '2023-05-25 12:39:29'),
(380, 107, NULL, 17, 9, '2024-02-25', '2024-03-25', 10, '2023-05-25 12:39:29'),
(381, 107, NULL, 18, 9, '2024-03-25', '2024-04-25', 11, '2023-05-25 12:39:29'),
(382, 107, NULL, 19, 9, '2024-04-25', '2024-05-25', 12, '2023-05-25 12:39:29'),
(383, 108, 113, 8, 8, '2023-05-25', '2023-06-25', 1, '2023-05-25 12:46:41'),
(384, 108, NULL, 9, 9, '2023-06-25', '2023-07-25', 2, '2023-05-25 12:46:41'),
(385, 108, NULL, 10, 9, '2023-07-25', '2023-08-25', 3, '2023-05-25 12:46:41'),
(386, 108, NULL, 11, 9, '2023-08-25', '2023-09-25', 4, '2023-05-25 12:46:41'),
(387, 108, NULL, 12, 9, '2023-09-25', '2023-10-25', 5, '2023-05-25 12:46:41'),
(388, 108, NULL, 13, 9, '2023-10-25', '2023-11-25', 6, '2023-05-25 12:46:41'),
(389, 108, NULL, 14, 9, '2023-11-25', '2023-12-25', 7, '2023-05-25 12:46:41'),
(390, 108, NULL, 15, 9, '2023-12-25', '2024-01-25', 8, '2023-05-25 12:46:41'),
(391, 108, NULL, 16, 9, '2024-01-25', '2024-02-25', 9, '2023-05-25 12:46:41'),
(392, 108, NULL, 17, 9, '2024-02-25', '2024-03-25', 10, '2023-05-25 12:46:41'),
(393, 108, NULL, 18, 9, '2024-03-25', '2024-04-25', 11, '2023-05-25 12:46:41'),
(394, 108, NULL, 19, 9, '2024-04-25', '2024-05-25', 12, '2023-05-25 12:46:41'),
(395, 109, 114, 8, 8, '2023-05-25', '2023-06-25', 1, '2023-05-25 12:53:41'),
(396, 109, NULL, 9, 9, '2023-06-25', '2023-07-25', 2, '2023-05-25 12:53:41'),
(397, 109, NULL, 10, 9, '2023-07-25', '2023-08-25', 3, '2023-05-25 12:53:41'),
(398, 109, NULL, 11, 9, '2023-08-25', '2023-09-25', 4, '2023-05-25 12:53:41'),
(399, 109, NULL, 12, 9, '2023-09-25', '2023-10-25', 5, '2023-05-25 12:53:41'),
(400, 109, NULL, 13, 9, '2023-10-25', '2023-11-25', 6, '2023-05-25 12:53:41'),
(401, 109, NULL, 14, 9, '2023-11-25', '2023-12-25', 7, '2023-05-25 12:53:41'),
(402, 109, NULL, 15, 9, '2023-12-25', '2024-01-25', 8, '2023-05-25 12:53:41'),
(403, 109, NULL, 16, 9, '2024-01-25', '2024-02-25', 9, '2023-05-25 12:53:41'),
(404, 109, NULL, 17, 9, '2024-02-25', '2024-03-25', 10, '2023-05-25 12:53:41'),
(405, 109, NULL, 18, 9, '2024-03-25', '2024-04-25', 11, '2023-05-25 12:53:41'),
(406, 109, NULL, 19, 9, '2024-04-25', '2024-05-25', 12, '2023-05-25 12:53:41'),
(407, 110, 115, 8, 8, '2023-05-25', '2023-06-25', 1, '2023-05-25 13:02:17'),
(408, 110, NULL, 9, 9, '2023-06-25', '2023-07-25', 2, '2023-05-25 13:02:17'),
(409, 110, NULL, 10, 9, '2023-07-25', '2023-08-25', 3, '2023-05-25 13:02:17'),
(410, 110, NULL, 11, 9, '2023-08-25', '2023-09-25', 4, '2023-05-25 13:02:17'),
(411, 110, NULL, 12, 9, '2023-09-25', '2023-10-25', 5, '2023-05-25 13:02:17'),
(412, 110, NULL, 13, 9, '2023-10-25', '2023-11-25', 6, '2023-05-25 13:02:17'),
(413, 110, NULL, 14, 9, '2023-11-25', '2023-12-25', 7, '2023-05-25 13:02:17'),
(414, 110, NULL, 15, 9, '2023-12-25', '2024-01-25', 8, '2023-05-25 13:02:17'),
(415, 110, NULL, 16, 9, '2024-01-25', '2024-02-25', 9, '2023-05-25 13:02:17'),
(416, 110, NULL, 17, 9, '2024-02-25', '2024-03-25', 10, '2023-05-25 13:02:17'),
(417, 110, NULL, 18, 9, '2024-03-25', '2024-04-25', 11, '2023-05-25 13:02:17'),
(418, 110, NULL, 19, 9, '2024-04-25', '2024-05-25', 12, '2023-05-25 13:02:17'),
(419, 111, 116, 8, 8, '2023-05-26', '2023-06-26', 1, '2023-05-26 11:36:48'),
(420, 111, NULL, 9, 9, '2023-06-26', '2023-07-26', 2, '2023-05-26 11:36:48'),
(421, 111, NULL, 10, 9, '2023-07-26', '2023-08-26', 3, '2023-05-26 11:36:48'),
(422, 111, NULL, 11, 9, '2023-08-26', '2023-09-26', 4, '2023-05-26 11:36:48'),
(423, 111, NULL, 12, 9, '2023-09-26', '2023-10-26', 5, '2023-05-26 11:36:48'),
(424, 111, NULL, 13, 9, '2023-10-26', '2023-11-26', 6, '2023-05-26 11:36:48'),
(425, 111, NULL, 14, 9, '2023-11-26', '2023-12-26', 7, '2023-05-26 11:36:48'),
(426, 111, NULL, 15, 9, '2023-12-26', '2024-01-26', 8, '2023-05-26 11:36:48'),
(427, 111, NULL, 16, 9, '2024-01-26', '2024-02-26', 9, '2023-05-26 11:36:48'),
(428, 111, NULL, 17, 9, '2024-02-26', '2024-03-26', 10, '2023-05-26 11:36:48'),
(429, 111, NULL, 18, 9, '2024-03-26', '2024-04-26', 11, '2023-05-26 11:36:48'),
(430, 111, NULL, 19, 9, '2024-04-26', '2024-05-26', 12, '2023-05-26 11:36:48'),
(431, 112, 117, 2, 8, '2023-05-29', '2023-11-29', 1, '2023-05-29 13:11:08'),
(432, 112, NULL, 3, 9, '2023-11-29', '2024-05-29', 2, '2023-05-29 13:11:08'),
(433, 113, 118, 1, 8, '2023-05-30', '2024-05-30', 1, '2023-05-30 15:24:46'),
(434, 114, 119, 1, 8, '2023-05-30', '2024-05-30', 1, '2023-05-30 15:27:37'),
(435, 115, 120, 1, 8, '2023-05-31', '2024-05-31', 1, '2023-05-31 10:50:48'),
(436, 116, 121, 1, 8, '2023-06-06', '2024-06-06', 1, '2023-06-06 14:26:36'),
(437, 117, 122, 4, 8, '2023-06-06', '2023-09-06', 1, '2023-06-06 14:35:20'),
(438, 117, NULL, 5, 9, '2023-09-06', '2023-12-06', 2, '2023-06-06 14:35:20'),
(439, 117, NULL, 6, 9, '2023-12-06', '2024-03-06', 3, '2023-06-06 14:35:20'),
(440, 117, NULL, 7, 9, '2024-03-06', '2024-06-06', 4, '2023-06-06 14:35:20'),
(441, 118, 123, 8, 8, '2023-06-07', '2023-07-07', 1, '2023-06-07 14:21:58'),
(442, 118, NULL, 9, 9, '2023-07-07', '2023-08-07', 2, '2023-06-07 14:21:58'),
(443, 118, NULL, 10, 9, '2023-08-07', '2023-09-07', 3, '2023-06-07 14:21:58'),
(444, 118, NULL, 11, 9, '2023-09-07', '2023-10-07', 4, '2023-06-07 14:21:58'),
(445, 118, NULL, 12, 9, '2023-10-07', '2023-11-07', 5, '2023-06-07 14:21:58'),
(446, 118, NULL, 13, 9, '2023-11-07', '2023-12-07', 6, '2023-06-07 14:21:58'),
(447, 118, NULL, 14, 9, '2023-12-07', '2024-01-07', 7, '2023-06-07 14:21:58'),
(448, 118, NULL, 15, 9, '2024-01-07', '2024-02-07', 8, '2023-06-07 14:21:58'),
(449, 118, NULL, 16, 9, '2024-02-07', '2024-03-07', 9, '2023-06-07 14:21:58'),
(450, 118, NULL, 17, 9, '2024-03-07', '2024-04-07', 10, '2023-06-07 14:21:58'),
(451, 118, NULL, 18, 9, '2024-04-07', '2024-05-07', 11, '2023-06-07 14:21:58'),
(452, 118, NULL, 19, 9, '2024-05-07', '2024-06-07', 12, '2023-06-07 14:21:58'),
(453, 119, 124, 8, 8, '2023-06-08', '2023-07-08', 1, '2023-06-08 15:06:46'),
(454, 119, NULL, 9, 9, '2023-07-08', '2023-08-08', 2, '2023-06-08 15:06:46'),
(455, 119, NULL, 10, 9, '2023-08-08', '2023-09-08', 3, '2023-06-08 15:06:46'),
(456, 119, NULL, 11, 9, '2023-09-08', '2023-10-08', 4, '2023-06-08 15:06:46'),
(457, 119, NULL, 12, 9, '2023-10-08', '2023-11-08', 5, '2023-06-08 15:06:46'),
(458, 119, NULL, 13, 9, '2023-11-08', '2023-12-08', 6, '2023-06-08 15:06:46'),
(459, 119, NULL, 14, 9, '2023-12-08', '2024-01-08', 7, '2023-06-08 15:06:46'),
(460, 119, NULL, 15, 9, '2024-01-08', '2024-02-08', 8, '2023-06-08 15:06:46'),
(461, 119, NULL, 16, 9, '2024-02-08', '2024-03-08', 9, '2023-06-08 15:06:46'),
(462, 119, NULL, 17, 9, '2024-03-08', '2024-04-08', 10, '2023-06-08 15:06:46'),
(463, 119, NULL, 18, 9, '2024-04-08', '2024-05-08', 11, '2023-06-08 15:06:46'),
(464, 119, NULL, 19, 9, '2024-05-08', '2024-06-08', 12, '2023-06-08 15:06:46'),
(465, 120, 125, 1, 8, '2023-06-09', '2024-06-09', 1, '2023-06-09 14:28:41'),
(466, 121, 126, 1, 8, '2023-06-14', '2024-06-14', 1, '2023-06-14 12:53:03'),
(467, 122, 127, 1, 8, '2023-06-16', '2024-06-16', 1, '2023-06-16 12:31:45'),
(468, 123, 128, 1, 8, '2023-06-21', '2024-06-21', 1, '2023-06-21 06:15:50'),
(469, 124, 129, 1, 8, '2023-06-21', '2024-06-21', 1, '2023-06-21 06:19:22'),
(470, 125, 130, 2, 8, '2023-06-21', '2023-12-21', 1, '2023-06-21 12:16:32'),
(471, 125, NULL, 3, 9, '2023-12-21', '2024-06-21', 2, '2023-06-21 12:16:32'),
(472, 126, 131, 1, 8, '2023-06-21', '2024-06-21', 1, '2023-06-21 14:34:15'),
(473, 127, 132, 1, 8, '2023-06-26', '2024-06-26', 1, '2023-06-26 14:55:57'),
(474, 128, 133, 8, 8, '2023-06-27', '2023-07-27', 1, '2023-06-27 12:31:02'),
(475, 128, NULL, 9, 9, '2023-07-27', '2023-08-27', 2, '2023-06-27 12:31:02'),
(476, 128, NULL, 10, 9, '2023-08-27', '2023-09-27', 3, '2023-06-27 12:31:02'),
(477, 128, NULL, 11, 9, '2023-09-27', '2023-10-27', 4, '2023-06-27 12:31:02'),
(478, 128, NULL, 12, 9, '2023-10-27', '2023-11-27', 5, '2023-06-27 12:31:02'),
(479, 128, NULL, 13, 9, '2023-11-27', '2023-12-27', 6, '2023-06-27 12:31:02'),
(480, 128, NULL, 14, 9, '2023-12-27', '2024-01-27', 7, '2023-06-27 12:31:02'),
(481, 128, NULL, 15, 9, '2024-01-27', '2024-02-27', 8, '2023-06-27 12:31:02'),
(482, 128, NULL, 16, 9, '2024-02-27', '2024-03-27', 9, '2023-06-27 12:31:02'),
(483, 128, NULL, 17, 9, '2024-03-27', '2024-04-27', 10, '2023-06-27 12:31:02'),
(484, 128, NULL, 18, 9, '2024-04-27', '2024-05-27', 11, '2023-06-27 12:31:02'),
(485, 128, NULL, 19, 9, '2024-05-27', '2024-06-27', 12, '2023-06-27 12:31:02'),
(486, 129, 134, 8, 8, '2023-06-28', '2023-07-28', 1, '2023-06-28 07:22:00'),
(487, 129, NULL, 9, 9, '2023-07-28', '2023-08-28', 2, '2023-06-28 07:22:00'),
(488, 129, NULL, 10, 9, '2023-08-28', '2023-09-28', 3, '2023-06-28 07:22:00'),
(489, 129, NULL, 11, 9, '2023-09-28', '2023-10-28', 4, '2023-06-28 07:22:00'),
(490, 129, NULL, 12, 9, '2023-10-28', '2023-11-28', 5, '2023-06-28 07:22:00'),
(491, 129, NULL, 13, 9, '2023-11-28', '2023-12-28', 6, '2023-06-28 07:22:00'),
(492, 129, NULL, 14, 9, '2023-12-28', '2024-01-28', 7, '2023-06-28 07:22:00'),
(493, 129, NULL, 15, 9, '2024-01-28', '2024-02-28', 8, '2023-06-28 07:22:00'),
(494, 129, NULL, 16, 9, '2024-02-28', '2024-03-28', 9, '2023-06-28 07:22:00'),
(495, 129, NULL, 17, 9, '2024-03-28', '2024-04-28', 10, '2023-06-28 07:22:00'),
(496, 129, NULL, 18, 9, '2024-04-28', '2024-05-28', 11, '2023-06-28 07:22:00'),
(497, 129, NULL, 19, 9, '2024-05-28', '2024-06-28', 12, '2023-06-28 07:22:00'),
(498, 130, 135, 8, 8, '2023-06-29', '2023-07-29', 1, '2023-06-29 13:03:22'),
(499, 130, 168, 9, 8, '2023-07-29', '2023-08-29', 2, '2023-06-29 13:03:22'),
(500, 130, 168, 10, 8, '2023-08-29', '2023-09-29', 3, '2023-06-29 13:03:22'),
(501, 130, NULL, 11, 9, '2023-09-29', '2023-10-29', 4, '2023-06-29 13:03:22'),
(502, 130, NULL, 12, 9, '2023-10-29', '2023-11-29', 5, '2023-06-29 13:03:22'),
(503, 130, NULL, 13, 9, '2023-11-29', '2023-12-29', 6, '2023-06-29 13:03:22'),
(504, 130, NULL, 14, 9, '2023-12-29', '2024-01-29', 7, '2023-06-29 13:03:22'),
(505, 130, NULL, 15, 9, '2024-01-29', '2024-02-29', 8, '2023-06-29 13:03:22'),
(506, 130, NULL, 16, 9, '2024-02-29', '2024-03-29', 9, '2023-06-29 13:03:22'),
(507, 130, NULL, 17, 9, '2024-03-29', '2024-04-29', 10, '2023-06-29 13:03:22'),
(508, 130, NULL, 18, 9, '2024-04-29', '2024-05-29', 11, '2023-06-29 13:03:22'),
(509, 130, NULL, 19, 9, '2024-05-29', '2024-06-29', 12, '2023-06-29 13:03:22'),
(510, 131, 136, 8, 8, '2023-07-02', '2023-08-02', 1, '2023-07-02 18:52:08'),
(511, 131, 170, 9, 8, '2023-08-02', '2023-09-02', 2, '2023-07-02 18:52:08'),
(512, 131, NULL, 10, 9, '2023-09-02', '2023-10-02', 3, '2023-07-02 18:52:08'),
(513, 131, NULL, 11, 9, '2023-10-02', '2023-11-02', 4, '2023-07-02 18:52:08'),
(514, 131, NULL, 12, 9, '2023-11-02', '2023-12-02', 5, '2023-07-02 18:52:08'),
(515, 131, NULL, 13, 9, '2023-12-02', '2024-01-02', 6, '2023-07-02 18:52:08'),
(516, 131, NULL, 14, 9, '2024-01-02', '2024-02-02', 7, '2023-07-02 18:52:08'),
(517, 131, NULL, 15, 9, '2024-02-02', '2024-03-02', 8, '2023-07-02 18:52:08'),
(518, 131, NULL, 16, 9, '2024-03-02', '2024-04-02', 9, '2023-07-02 18:52:08'),
(519, 131, NULL, 17, 9, '2024-04-02', '2024-05-02', 10, '2023-07-02 18:52:08'),
(520, 131, NULL, 18, 9, '2024-05-02', '2024-06-02', 11, '2023-07-02 18:52:08'),
(521, 131, NULL, 19, 9, '2024-06-02', '2024-07-02', 12, '2023-07-02 18:52:08'),
(522, 132, 137, 8, 8, '2023-07-03', '2023-08-03', 1, '2023-07-03 18:21:47'),
(523, 132, NULL, 9, 9, '2023-08-03', '2023-09-03', 2, '2023-07-03 18:21:47'),
(524, 132, NULL, 10, 9, '2023-09-03', '2023-10-03', 3, '2023-07-03 18:21:47'),
(525, 132, NULL, 11, 9, '2023-10-03', '2023-11-03', 4, '2023-07-03 18:21:47'),
(526, 132, NULL, 12, 9, '2023-11-03', '2023-12-03', 5, '2023-07-03 18:21:47'),
(527, 132, NULL, 13, 9, '2023-12-03', '2024-01-03', 6, '2023-07-03 18:21:47'),
(528, 132, NULL, 14, 9, '2024-01-03', '2024-02-03', 7, '2023-07-03 18:21:47'),
(529, 132, NULL, 15, 9, '2024-02-03', '2024-03-03', 8, '2023-07-03 18:21:47'),
(530, 132, NULL, 16, 9, '2024-03-03', '2024-04-03', 9, '2023-07-03 18:21:47'),
(531, 132, NULL, 17, 9, '2024-04-03', '2024-05-03', 10, '2023-07-03 18:21:47'),
(532, 132, NULL, 18, 9, '2024-05-03', '2024-06-03', 11, '2023-07-03 18:21:47'),
(533, 132, NULL, 19, 9, '2024-06-03', '2024-07-03', 12, '2023-07-03 18:21:47'),
(534, 133, 138, 8, 8, '2023-07-03', '2023-08-03', 1, '2023-07-03 18:38:55'),
(535, 133, NULL, 9, 9, '2023-08-03', '2023-09-03', 2, '2023-07-03 18:38:55'),
(536, 133, NULL, 10, 9, '2023-09-03', '2023-10-03', 3, '2023-07-03 18:38:55'),
(537, 133, NULL, 11, 9, '2023-10-03', '2023-11-03', 4, '2023-07-03 18:38:55'),
(538, 133, NULL, 12, 9, '2023-11-03', '2023-12-03', 5, '2023-07-03 18:38:55'),
(539, 133, NULL, 13, 9, '2023-12-03', '2024-01-03', 6, '2023-07-03 18:38:55'),
(540, 133, NULL, 14, 9, '2024-01-03', '2024-02-03', 7, '2023-07-03 18:38:55'),
(541, 133, NULL, 15, 9, '2024-02-03', '2024-03-03', 8, '2023-07-03 18:38:55'),
(542, 133, NULL, 16, 9, '2024-03-03', '2024-04-03', 9, '2023-07-03 18:38:55'),
(543, 133, NULL, 17, 9, '2024-04-03', '2024-05-03', 10, '2023-07-03 18:38:55'),
(544, 133, NULL, 18, 9, '2024-05-03', '2024-06-03', 11, '2023-07-03 18:38:55'),
(545, 133, NULL, 19, 9, '2024-06-03', '2024-07-03', 12, '2023-07-03 18:38:55'),
(546, 134, 139, 1, 8, '2023-07-04', '2024-07-04', 1, '2023-07-04 13:09:48'),
(547, 135, 140, 1, 8, '2023-07-08', '2024-07-08', 1, '2023-07-08 09:43:37'),
(548, 136, 141, 8, 8, '2023-07-12', '2023-08-12', 1, '2023-07-12 12:39:34'),
(549, 136, NULL, 9, 9, '2023-08-12', '2023-09-12', 2, '2023-07-12 12:39:34'),
(550, 136, NULL, 10, 9, '2023-09-12', '2023-10-12', 3, '2023-07-12 12:39:34'),
(551, 136, NULL, 11, 9, '2023-10-12', '2023-11-12', 4, '2023-07-12 12:39:34'),
(552, 136, NULL, 12, 9, '2023-11-12', '2023-12-12', 5, '2023-07-12 12:39:34'),
(553, 136, NULL, 13, 9, '2023-12-12', '2024-01-12', 6, '2023-07-12 12:39:34'),
(554, 136, NULL, 14, 9, '2024-01-12', '2024-02-12', 7, '2023-07-12 12:39:34'),
(555, 136, NULL, 15, 9, '2024-02-12', '2024-03-12', 8, '2023-07-12 12:39:34'),
(556, 136, NULL, 16, 9, '2024-03-12', '2024-04-12', 9, '2023-07-12 12:39:34'),
(557, 136, NULL, 17, 9, '2024-04-12', '2024-05-12', 10, '2023-07-12 12:39:34'),
(558, 136, NULL, 18, 9, '2024-05-12', '2024-06-12', 11, '2023-07-12 12:39:34'),
(559, 136, NULL, 19, 9, '2024-06-12', '2024-07-12', 12, '2023-07-12 12:39:34'),
(560, 137, 142, 1, 8, '2023-07-12', '2024-07-12', 1, '2023-07-12 16:32:49'),
(561, 138, 143, 8, 8, '2023-07-13', '2023-08-13', 1, '2023-07-13 10:11:33'),
(562, 138, 175, 9, 8, '2023-08-13', '2023-09-13', 2, '2023-07-13 10:11:33'),
(563, 138, NULL, 10, 9, '2023-09-13', '2023-10-13', 3, '2023-07-13 10:11:33'),
(564, 138, NULL, 11, 9, '2023-10-13', '2023-11-13', 4, '2023-07-13 10:11:33'),
(565, 138, NULL, 12, 9, '2023-11-13', '2023-12-13', 5, '2023-07-13 10:11:33'),
(566, 138, NULL, 13, 9, '2023-12-13', '2024-01-13', 6, '2023-07-13 10:11:33'),
(567, 138, NULL, 14, 9, '2024-01-13', '2024-02-13', 7, '2023-07-13 10:11:33'),
(568, 138, NULL, 15, 9, '2024-02-13', '2024-03-13', 8, '2023-07-13 10:11:33'),
(569, 138, NULL, 16, 9, '2024-03-13', '2024-04-13', 9, '2023-07-13 10:11:33'),
(570, 138, NULL, 17, 9, '2024-04-13', '2024-05-13', 10, '2023-07-13 10:11:33'),
(571, 138, NULL, 18, 9, '2024-05-13', '2024-06-13', 11, '2023-07-13 10:11:33'),
(572, 138, NULL, 19, 9, '2024-06-13', '2024-07-13', 12, '2023-07-13 10:11:33'),
(573, 139, 144, 4, 8, '2023-07-14', '2023-10-14', 1, '2023-07-14 14:35:58'),
(574, 139, NULL, 5, 9, '2023-10-14', '2024-01-14', 2, '2023-07-14 14:35:58'),
(575, 139, NULL, 6, 9, '2024-01-14', '2024-04-14', 3, '2023-07-14 14:35:58'),
(576, 139, NULL, 7, 9, '2024-04-14', '2024-07-14', 4, '2023-07-14 14:35:58'),
(577, 140, 145, 1, 8, '2023-07-17', '2024-07-17', 1, '2023-07-17 11:42:57'),
(578, 141, 146, 1, 8, '2023-07-18', '2024-07-18', 1, '2023-07-18 11:27:27'),
(579, 142, 147, 1, 8, '2023-07-18', '2024-07-18', 1, '2023-07-18 12:17:49'),
(580, 143, 148, 8, 8, '2023-07-19', '2023-08-19', 1, '2023-07-19 10:39:01'),
(581, 143, NULL, 9, 9, '2023-08-19', '2023-09-19', 2, '2023-07-19 10:39:01'),
(582, 143, NULL, 10, 9, '2023-09-19', '2023-10-19', 3, '2023-07-19 10:39:01'),
(583, 143, NULL, 11, 9, '2023-10-19', '2023-11-19', 4, '2023-07-19 10:39:01'),
(584, 143, NULL, 12, 9, '2023-11-19', '2023-12-19', 5, '2023-07-19 10:39:01'),
(585, 143, NULL, 13, 9, '2023-12-19', '2024-01-19', 6, '2023-07-19 10:39:01'),
(586, 143, NULL, 14, 9, '2024-01-19', '2024-02-19', 7, '2023-07-19 10:39:01'),
(587, 143, NULL, 15, 9, '2024-02-19', '2024-03-19', 8, '2023-07-19 10:39:01'),
(588, 143, NULL, 16, 9, '2024-03-19', '2024-04-19', 9, '2023-07-19 10:39:01'),
(589, 143, NULL, 17, 9, '2024-04-19', '2024-05-19', 10, '2023-07-19 10:39:01'),
(590, 143, NULL, 18, 9, '2024-05-19', '2024-06-19', 11, '2023-07-19 10:39:01'),
(591, 143, NULL, 19, 9, '2024-06-19', '2024-07-19', 12, '2023-07-19 10:39:01'),
(592, 144, 149, 1, 8, '2023-07-20', '2024-07-20', 1, '2023-07-20 16:15:02'),
(593, 145, 150, 1, 8, '2023-07-21', '2024-07-21', 1, '2023-07-21 08:04:35'),
(594, 146, 151, 1, 8, '2023-07-21', '2024-07-21', 1, '2023-07-21 08:06:21'),
(595, 147, 152, 1, 8, '2023-07-21', '2024-07-21', 1, '2023-07-21 08:07:13'),
(596, 148, 153, 1, 8, '2023-07-21', '2024-07-21', 1, '2023-07-21 08:07:55'),
(597, 149, 154, 1, 8, '2023-07-21', '2024-07-21', 1, '2023-07-21 08:08:27'),
(598, 150, 155, 1, 8, '2023-07-21', '2024-07-21', 1, '2023-07-21 14:39:41'),
(599, 151, 156, 8, 8, '2023-07-25', '2023-08-25', 1, '2023-07-25 09:07:32'),
(600, 151, NULL, 9, 9, '2023-08-25', '2023-09-25', 2, '2023-07-25 09:07:32'),
(601, 151, NULL, 10, 9, '2023-09-25', '2023-10-25', 3, '2023-07-25 09:07:32'),
(602, 151, NULL, 11, 9, '2023-10-25', '2023-11-25', 4, '2023-07-25 09:07:32'),
(603, 151, NULL, 12, 9, '2023-11-25', '2023-12-25', 5, '2023-07-25 09:07:32'),
(604, 151, NULL, 13, 9, '2023-12-25', '2024-01-25', 6, '2023-07-25 09:07:32'),
(605, 151, NULL, 14, 9, '2024-01-25', '2024-02-25', 7, '2023-07-25 09:07:32'),
(606, 151, NULL, 15, 9, '2024-02-25', '2024-03-25', 8, '2023-07-25 09:07:32'),
(607, 151, NULL, 16, 9, '2024-03-25', '2024-04-25', 9, '2023-07-25 09:07:32'),
(608, 151, NULL, 17, 9, '2024-04-25', '2024-05-25', 10, '2023-07-25 09:07:32'),
(609, 151, NULL, 18, 9, '2024-05-25', '2024-06-25', 11, '2023-07-25 09:07:32'),
(610, 151, NULL, 19, 9, '2024-06-25', '2024-07-25', 12, '2023-07-25 09:07:32'),
(611, 152, 157, 8, 8, '2023-07-26', '2023-08-26', 1, '2023-07-26 07:40:01'),
(612, 152, NULL, 9, 9, '2023-08-26', '2023-09-26', 2, '2023-07-26 07:40:01'),
(613, 152, NULL, 10, 9, '2023-09-26', '2023-10-26', 3, '2023-07-26 07:40:01'),
(614, 152, NULL, 11, 9, '2023-10-26', '2023-11-26', 4, '2023-07-26 07:40:01'),
(615, 152, NULL, 12, 9, '2023-11-26', '2023-12-26', 5, '2023-07-26 07:40:01'),
(616, 152, NULL, 13, 9, '2023-12-26', '2024-01-26', 6, '2023-07-26 07:40:01'),
(617, 152, NULL, 14, 9, '2024-01-26', '2024-02-26', 7, '2023-07-26 07:40:01'),
(618, 152, NULL, 15, 9, '2024-02-26', '2024-03-26', 8, '2023-07-26 07:40:01'),
(619, 152, NULL, 16, 9, '2024-03-26', '2024-04-26', 9, '2023-07-26 07:40:01'),
(620, 152, NULL, 17, 9, '2024-04-26', '2024-05-26', 10, '2023-07-26 07:40:01'),
(621, 152, NULL, 18, 9, '2024-05-26', '2024-06-26', 11, '2023-07-26 07:40:01'),
(622, 152, NULL, 19, 9, '2024-06-26', '2024-07-26', 12, '2023-07-26 07:40:01'),
(623, 153, 158, 8, 8, '2023-07-26', '2023-08-26', 1, '2023-07-26 09:20:00'),
(624, 153, NULL, 9, 9, '2023-08-26', '2023-09-26', 2, '2023-07-26 09:20:00'),
(625, 153, NULL, 10, 9, '2023-09-26', '2023-10-26', 3, '2023-07-26 09:20:00'),
(626, 153, NULL, 11, 9, '2023-10-26', '2023-11-26', 4, '2023-07-26 09:20:00'),
(627, 153, NULL, 12, 9, '2023-11-26', '2023-12-26', 5, '2023-07-26 09:20:00'),
(628, 153, NULL, 13, 9, '2023-12-26', '2024-01-26', 6, '2023-07-26 09:20:00'),
(629, 153, NULL, 14, 9, '2024-01-26', '2024-02-26', 7, '2023-07-26 09:20:00'),
(630, 153, NULL, 15, 9, '2024-02-26', '2024-03-26', 8, '2023-07-26 09:20:00'),
(631, 153, NULL, 16, 9, '2024-03-26', '2024-04-26', 9, '2023-07-26 09:20:00'),
(632, 153, NULL, 17, 9, '2024-04-26', '2024-05-26', 10, '2023-07-26 09:20:00'),
(633, 153, NULL, 18, 9, '2024-05-26', '2024-06-26', 11, '2023-07-26 09:20:00'),
(634, 153, NULL, 19, 9, '2024-06-26', '2024-07-26', 12, '2023-07-26 09:20:00'),
(635, 154, 159, 2, 8, '2023-07-26', '2024-01-26', 1, '2023-07-26 09:47:41'),
(636, 154, NULL, 3, 9, '2024-01-26', '2024-07-26', 2, '2023-07-26 09:47:41'),
(637, 155, 160, 8, 8, '2023-07-26', '2023-08-26', 1, '2023-07-26 09:52:01'),
(638, 155, NULL, 9, 9, '2023-08-26', '2023-09-26', 2, '2023-07-26 09:52:01'),
(639, 155, NULL, 10, 9, '2023-09-26', '2023-10-26', 3, '2023-07-26 09:52:01'),
(640, 155, NULL, 11, 9, '2023-10-26', '2023-11-26', 4, '2023-07-26 09:52:01'),
(641, 155, NULL, 12, 9, '2023-11-26', '2023-12-26', 5, '2023-07-26 09:52:01'),
(642, 155, NULL, 13, 9, '2023-12-26', '2024-01-26', 6, '2023-07-26 09:52:01'),
(643, 155, NULL, 14, 9, '2024-01-26', '2024-02-26', 7, '2023-07-26 09:52:01'),
(644, 155, NULL, 15, 9, '2024-02-26', '2024-03-26', 8, '2023-07-26 09:52:01'),
(645, 155, NULL, 16, 9, '2024-03-26', '2024-04-26', 9, '2023-07-26 09:52:01'),
(646, 155, NULL, 17, 9, '2024-04-26', '2024-05-26', 10, '2023-07-26 09:52:01'),
(647, 155, NULL, 18, 9, '2024-05-26', '2024-06-26', 11, '2023-07-26 09:52:01'),
(648, 155, NULL, 19, 9, '2024-06-26', '2024-07-26', 12, '2023-07-26 09:52:01'),
(649, 156, 161, 4, 8, '2023-07-26', '2023-10-26', 1, '2023-07-26 10:30:07'),
(650, 156, NULL, 5, 9, '2023-10-26', '2024-01-26', 2, '2023-07-26 10:30:07'),
(651, 156, NULL, 6, 9, '2024-01-26', '2024-04-26', 3, '2023-07-26 10:30:07'),
(652, 156, NULL, 7, 9, '2024-04-26', '2024-07-26', 4, '2023-07-26 10:30:07'),
(653, 157, 162, 8, 8, '2023-07-27', '2023-08-27', 1, '2023-07-27 20:37:24'),
(654, 157, NULL, 9, 9, '2023-08-27', '2023-09-27', 2, '2023-07-27 20:37:24'),
(655, 157, NULL, 10, 9, '2023-09-27', '2023-10-27', 3, '2023-07-27 20:37:24');
INSERT INTO `fee_receipts` (`id_receipt`, `id_buy`, `id_payment`, `id_percentage`, `id_status`, `start_date`, `end_date`, `number_fee`, `create_date`) VALUES
(656, 157, NULL, 11, 9, '2023-10-27', '2023-11-27', 4, '2023-07-27 20:37:24'),
(657, 157, NULL, 12, 9, '2023-11-27', '2023-12-27', 5, '2023-07-27 20:37:24'),
(658, 157, NULL, 13, 9, '2023-12-27', '2024-01-27', 6, '2023-07-27 20:37:24'),
(659, 157, NULL, 14, 9, '2024-01-27', '2024-02-27', 7, '2023-07-27 20:37:24'),
(660, 157, NULL, 15, 9, '2024-02-27', '2024-03-27', 8, '2023-07-27 20:37:24'),
(661, 157, NULL, 16, 9, '2024-03-27', '2024-04-27', 9, '2023-07-27 20:37:24'),
(662, 157, NULL, 17, 9, '2024-04-27', '2024-05-27', 10, '2023-07-27 20:37:24'),
(663, 157, NULL, 18, 9, '2024-05-27', '2024-06-27', 11, '2023-07-27 20:37:24'),
(664, 157, NULL, 19, 9, '2024-06-27', '2024-07-27', 12, '2023-07-27 20:37:24'),
(665, 158, 163, 1, 8, '2023-07-28', '2024-07-28', 1, '2023-07-28 07:23:44'),
(666, 159, 164, 1, 8, '2023-07-28', '2024-07-28', 1, '2023-07-28 10:54:10'),
(667, 160, 165, 8, 8, '2023-07-28', '2023-08-28', 1, '2023-07-28 16:37:38'),
(668, 160, NULL, 9, 9, '2023-08-28', '2023-09-28', 2, '2023-07-28 16:37:38'),
(669, 160, NULL, 10, 9, '2023-09-28', '2023-10-28', 3, '2023-07-28 16:37:38'),
(670, 160, NULL, 11, 9, '2023-10-28', '2023-11-28', 4, '2023-07-28 16:37:38'),
(671, 160, NULL, 12, 9, '2023-11-28', '2023-12-28', 5, '2023-07-28 16:37:38'),
(672, 160, NULL, 13, 9, '2023-12-28', '2024-01-28', 6, '2023-07-28 16:37:38'),
(673, 160, NULL, 14, 9, '2024-01-28', '2024-02-28', 7, '2023-07-28 16:37:38'),
(674, 160, NULL, 15, 9, '2024-02-28', '2024-03-28', 8, '2023-07-28 16:37:38'),
(675, 160, NULL, 16, 9, '2024-03-28', '2024-04-28', 9, '2023-07-28 16:37:38'),
(676, 160, NULL, 17, 9, '2024-04-28', '2024-05-28', 10, '2023-07-28 16:37:38'),
(677, 160, NULL, 18, 9, '2024-05-28', '2024-06-28', 11, '2023-07-28 16:37:38'),
(678, 160, NULL, 19, 9, '2024-06-28', '2024-07-28', 12, '2023-07-28 16:37:38'),
(679, 161, 166, 8, 8, '2023-08-01', '2023-09-01', 1, '2023-08-01 11:58:23'),
(680, 161, NULL, 9, 9, '2023-09-01', '2023-10-01', 2, '2023-08-01 11:58:23'),
(681, 161, NULL, 10, 9, '2023-10-01', '2023-11-01', 3, '2023-08-01 11:58:23'),
(682, 161, NULL, 11, 9, '2023-11-01', '2023-12-01', 4, '2023-08-01 11:58:23'),
(683, 161, NULL, 12, 9, '2023-12-01', '2024-01-01', 5, '2023-08-01 11:58:23'),
(684, 161, NULL, 13, 9, '2024-01-01', '2024-02-01', 6, '2023-08-01 11:58:23'),
(685, 161, NULL, 14, 9, '2024-02-01', '2024-03-01', 7, '2023-08-01 11:58:23'),
(686, 161, NULL, 15, 9, '2024-03-01', '2024-04-01', 8, '2023-08-01 11:58:23'),
(687, 161, NULL, 16, 9, '2024-04-01', '2024-05-01', 9, '2023-08-01 11:58:23'),
(688, 161, NULL, 17, 9, '2024-05-01', '2024-06-01', 10, '2023-08-01 11:58:23'),
(689, 161, NULL, 18, 9, '2024-06-01', '2024-07-01', 11, '2023-08-01 11:58:23'),
(690, 161, NULL, 19, 9, '2024-07-01', '2024-08-01', 12, '2023-08-01 11:58:23'),
(691, 162, 167, 8, 8, '2023-08-03', '2023-09-03', 1, '2023-08-03 19:21:03'),
(692, 162, NULL, 9, 9, '2023-09-03', '2023-10-03', 2, '2023-08-03 19:21:03'),
(693, 162, NULL, 10, 9, '2023-10-03', '2023-11-03', 3, '2023-08-03 19:21:03'),
(694, 162, NULL, 11, 9, '2023-11-03', '2023-12-03', 4, '2023-08-03 19:21:03'),
(695, 162, NULL, 12, 9, '2023-12-03', '2024-01-03', 5, '2023-08-03 19:21:03'),
(696, 162, NULL, 13, 9, '2024-01-03', '2024-02-03', 6, '2023-08-03 19:21:03'),
(697, 162, NULL, 14, 9, '2024-02-03', '2024-03-03', 7, '2023-08-03 19:21:03'),
(698, 162, NULL, 15, 9, '2024-03-03', '2024-04-03', 8, '2023-08-03 19:21:03'),
(699, 162, NULL, 16, 9, '2024-04-03', '2024-05-03', 9, '2023-08-03 19:21:03'),
(700, 162, NULL, 17, 9, '2024-05-03', '2024-06-03', 10, '2023-08-03 19:21:03'),
(701, 162, NULL, 18, 9, '2024-06-03', '2024-07-03', 11, '2023-08-03 19:21:03'),
(702, 162, NULL, 19, 9, '2024-07-03', '2024-08-03', 12, '2023-08-03 19:21:03'),
(703, 163, 169, 8, 8, '2023-08-04', '2023-09-04', 1, '2023-08-04 15:50:36'),
(704, 163, NULL, 9, 9, '2023-09-04', '2023-10-04', 2, '2023-08-04 15:50:36'),
(705, 163, NULL, 10, 9, '2023-10-04', '2023-11-04', 3, '2023-08-04 15:50:36'),
(706, 163, NULL, 11, 9, '2023-11-04', '2023-12-04', 4, '2023-08-04 15:50:36'),
(707, 163, NULL, 12, 9, '2023-12-04', '2024-01-04', 5, '2023-08-04 15:50:36'),
(708, 163, NULL, 13, 9, '2024-01-04', '2024-02-04', 6, '2023-08-04 15:50:36'),
(709, 163, NULL, 14, 9, '2024-02-04', '2024-03-04', 7, '2023-08-04 15:50:36'),
(710, 163, NULL, 15, 9, '2024-03-04', '2024-04-04', 8, '2023-08-04 15:50:36'),
(711, 163, NULL, 16, 9, '2024-04-04', '2024-05-04', 9, '2023-08-04 15:50:36'),
(712, 163, NULL, 17, 9, '2024-05-04', '2024-06-04', 10, '2023-08-04 15:50:36'),
(713, 163, NULL, 18, 9, '2024-06-04', '2024-07-04', 11, '2023-08-04 15:50:36'),
(714, 163, NULL, 19, 9, '2024-07-04', '2024-08-04', 12, '2023-08-04 15:50:36'),
(715, 164, 171, 4, 8, '2023-08-09', '2023-11-09', 1, '2023-08-09 09:58:39'),
(716, 164, NULL, 5, 9, '2023-11-09', '2024-02-09', 2, '2023-08-09 09:58:39'),
(717, 164, NULL, 6, 9, '2024-02-09', '2024-05-09', 3, '2023-08-09 09:58:39'),
(718, 164, NULL, 7, 9, '2024-05-09', '2024-08-09', 4, '2023-08-09 09:58:39'),
(719, 165, 172, 1, 8, '2023-08-11', '2024-08-11', 1, '2023-08-11 09:50:48'),
(720, 166, 173, 1, 8, '2023-08-11', '2024-08-11', 1, '2023-08-11 09:53:43'),
(721, 167, 174, 1, 8, '2023-08-11', '2024-08-11', 1, '2023-08-11 09:56:03'),
(722, 168, 176, 1, 8, '2023-08-15', '2024-08-15', 1, '2023-08-15 16:28:05');

-- --------------------------------------------------------

--
-- Estructura de tabla para la tabla `files`
--

CREATE TABLE `files` (
  `id_file` int(11) NOT NULL,
  `id_agency` int(11) DEFAULT NULL,
  `id_adviser` int(11) DEFAULT NULL,
  `type_file` int(11) NOT NULL,
  `name_file` varchar(50) COLLATE utf8_unicode_ci NOT NULL,
  `id_status` int(11) NOT NULL DEFAULT 11,
  `create_date` datetime NOT NULL
) ENGINE=InnoDB DEFAULT CHARSET=utf8 COLLATE=utf8_unicode_ci;

--
-- Volcado de datos para la tabla `files`
--

INSERT INTO `files` (`id_file`, `id_agency`, `id_adviser`, `type_file`, `name_file`, `id_status`, `create_date`) VALUES
(1, NULL, 7, 1, 'digital_signatureag7.png', 11, '2022-08-18 15:20:58'),
(2, NULL, 7, 2, 'file_wag7.pdf', 11, '2022-08-18 15:24:17');

-- --------------------------------------------------------

--
-- Estructura de tabla para la tabla `incident_files`
--

CREATE TABLE `incident_files` (
  `id_file_incident` int(11) NOT NULL,
  `id_incident` int(11) NOT NULL,
  `name_file` varchar(100) COLLATE utf8_unicode_ci NOT NULL,
  `extension_file` varchar(5) COLLATE utf8_unicode_ci NOT NULL
) ENGINE=InnoDB DEFAULT CHARSET=utf8 COLLATE=utf8_unicode_ci;

--
-- Volcado de datos para la tabla `incident_files`
--

INSERT INTO `incident_files` (`id_file_incident`, `id_incident`, `name_file`, `extension_file`) VALUES
(1, 1, 'file_incidents1704170_1.pdf', 'pdf'),
(2, 2, 'file_incidents1315460_2.pdf', 'pdf'),
(3, 3, 'file_incidents1942070_3.pdf', 'pdf');

-- --------------------------------------------------------

--
-- Estructura de tabla para la tabla `incident_service`
--

CREATE TABLE `incident_service` (
  `id_incident` int(11) NOT NULL,
  `id_event` int(11) NOT NULL,
  `option_identification` int(11) NOT NULL,
  `n_identification` varchar(20) COLLATE utf8_unicode_ci NOT NULL,
  `date_incident` date NOT NULL,
  `description_incident` text COLLATE utf8_unicode_ci NOT NULL,
  `names_user` varchar(100) COLLATE utf8_unicode_ci DEFAULT NULL,
  `surnames_user` varchar(100) COLLATE utf8_unicode_ci DEFAULT NULL,
  `email_user` varchar(100) COLLATE utf8_unicode_ci DEFAULT NULL,
  `phone_user` varchar(40) COLLATE utf8_unicode_ci DEFAULT NULL,
  `identification_user` varchar(30) COLLATE utf8_unicode_ci DEFAULT NULL,
  `id_user` int(11) DEFAULT NULL,
  `id_status` int(11) NOT NULL DEFAULT 1,
  `create_date` datetime NOT NULL,
  `modify_date` datetime DEFAULT NULL
) ENGINE=InnoDB DEFAULT CHARSET=utf8 COLLATE=utf8_unicode_ci;

--
-- Volcado de datos para la tabla `incident_service`
--

INSERT INTO `incident_service` (`id_incident`, `id_event`, `option_identification`, `n_identification`, `date_incident`, `description_incident`, `names_user`, `surnames_user`, `email_user`, `phone_user`, `identification_user`, `id_user`, `id_status`, `create_date`, `modify_date`) VALUES
(1, 1, 1, '2020', '2022-03-04', 'Prueba', NULL, NULL, NULL, NULL, NULL, 5, 11, '2022-03-04 17:04:17', '2022-08-11 08:59:37'),
(2, 1, 2, '13382771', '2022-02-07', 'muerte natural', NULL, NULL, NULL, NULL, NULL, 5, 11, '2022-03-08 13:15:46', '2022-08-11 08:59:32'),
(3, 3, 2, '5530967', '2022-02-25', 'gbebenen', NULL, NULL, NULL, NULL, NULL, 5, 11, '2022-03-10 19:42:07', '2022-08-11 08:59:27');

-- --------------------------------------------------------

--
-- Estructura de tabla para la tabla `information`
--

CREATE TABLE `information` (
  `id_information` int(11) NOT NULL,
  `logo_primary` varchar(50) COLLATE utf8_unicode_ci DEFAULT NULL,
  `logo_secondary` varchar(50) COLLATE utf8_unicode_ci DEFAULT NULL,
  `id_user` int(11) NOT NULL,
  `create_date` datetime NOT NULL
) ENGINE=InnoDB DEFAULT CHARSET=utf8 COLLATE=utf8_unicode_ci;

--
-- Volcado de datos para la tabla `information`
--

INSERT INTO `information` (`id_information`, `logo_primary`, `logo_secondary`, `id_user`, `create_date`) VALUES
(1, 'logo_primario.png', 'logo_secundario.png', 3, '2022-01-27 00:00:00');

-- --------------------------------------------------------

--
-- Estructura de tabla para la tabla `insurances`
--

CREATE TABLE `insurances` (
  `id_insurance` int(11) NOT NULL,
  `name_insurance` varchar(100) COLLATE utf8_unicode_ci DEFAULT NULL,
  `title_pdf` varchar(100) COLLATE utf8_unicode_ci NOT NULL,
  `description_insurance` text COLLATE utf8_unicode_ci NOT NULL,
  `id_status` int(11) NOT NULL DEFAULT 1,
  `id_user` int(11) NOT NULL,
  `create_date` datetime NOT NULL,
  `option_extension` int(11) NOT NULL DEFAULT 2,
  `extension_husbands` double(20,2) NOT NULL DEFAULT 0.00,
  `extension_sons` double(20,2) NOT NULL DEFAULT 0.00,
  `extension_fathers` double(20,2) NOT NULL DEFAULT 0.00,
  `extension_spouse` double(20,2) NOT NULL DEFAULT 0.00,
  `approval_number` varchar(200) COLLATE utf8_unicode_ci DEFAULT NULL,
  `beneficiaries` int(11) NOT NULL DEFAULT 1
) ENGINE=InnoDB DEFAULT CHARSET=utf8 COLLATE=utf8_unicode_ci;

--
-- Volcado de datos para la tabla `insurances`
--

INSERT INTO `insurances` (`id_insurance`, `name_insurance`, `title_pdf`, `description_insurance`, `id_status`, `id_user`, `create_date`, `option_extension`, `extension_husbands`, `extension_sons`, `extension_fathers`, `extension_spouse`, `approval_number`, `beneficiaries`) VALUES
(3, 'Póliza de Seguro de Vida Temporal', 'Póliza de Seguro de Vida Temporal Renovable', 'Formulario con datos requeridos para la cotización de póliza de vida', 1, 5, '2023-02-15 11:51:09', 2, 0.00, 0.00, 0.00, 0.00, 'FSAA-1-1-0468-2022 de fecha 26/09/2022', 1),
(4, 'Cotizador Travel', 'travel', 'Cotizador planes de seguro de viajero', 2, 5, '2023-06-12 11:10:21', 2, 0.00, 0.00, 0.00, 0.00, 'APPP', 1),
(5, 'Seguro combinado de personas 4en1', 'Póliza de Seguro Combinada de Personas 4in1', 'Combo de coberturas AP+Vida+funerario+telemedicina', 1, 5, '2023-04-18 13:41:43', 1, 0.00, 134.00, 134.00, 134.00, 'FSAA-1-1-0433-2022, FSAA-1-1-0438-2022 y  FSAA-1-1-0468-2022', 1),
(7, 'RC goes with you', 'Póliza de Responsabilidad Civil Privada - Bee Va Contigo', 'Póliza de Responsabilidad Civil Privada - Bee goes with you', 2, 5, '2023-04-17 10:10:13', 2, 0.00, 0.00, 0.00, 0.00, 'a', 1),
(8, 'Promoción Póliza de Seguro de Vida Temporal ', 'Póliza de Seguro de Vida Temporal Renovable ', 'Producto masivo de vida  (vida 10k - 20k - 30k)', 2, 5, '2023-02-15 15:11:42', 2, 0.00, 0.00, 0.00, 0.00, 'FSAA-1-1-0468-2022 de fecha 26/09/2022', 1),
(9, 'Seguro combinado de personas 3en1', 'Seguro combinado de personas 3en1', 'Vida + Funerario + AP', 2, 5, '2023-03-07 21:48:30', 2, 0.00, 0.00, 0.00, 0.00, 'FSAA-1-1-0433-2022, FSAA-1-1-0438-2022 y  FSAA-1-1-0468-2022', 1),
(10, 'Seguro Masivo de RCV', 'Póliza de Seguro de Responsabilidad Civil de Vehículos Terrestres', 'RCV masivo ChinChin', 2, 5, '2023-03-07 21:50:18', 2, 0.00, 0.00, 0.00, 0.00, 'FSAA-1-1-0363-2022 de fecha 5/8/2022', 2),
(11, 'Seguro de Servicios Funerarios para Grupo Familiar', 'Póliza de Seguro de Servicios Funerarios para Grupo Familiar', 'Grupo Familiar hasta 6 personas', 1, 5, '2023-06-27 16:46:46', 1, 0.00, 0.00, 0.00, 0.00, 'FSAA-1-1-0433-2022 de fecha 21/9/2022', 2),
(12, 'Seguro combinado de Vida y Funerario', 'Póliza de Seguro de Vida y Servicios Funerarios', 'combinado Vida+ fun loteria ', 2, 5, '2023-03-07 21:49:55', 2, 0.00, 0.00, 0.00, 0.00, 'FSAA-1-1-0468-2022de fecha 26/9/2022 y FSAA-1-1-0433-2022 de fecha 21/9/2022', 1),
(13, 'Póliza de Seguro Temporal de Vida', 'Póliza de Seguro Temporal de Vida', 'Masivo Chinchin', 2, 5, '2023-06-02 16:36:58', 2, 0.00, 134.00, 134.00, 134.00, 'FSAA-1-1-0468-2022 de fecha 26/9/2022', 1),
(14, 'Póliza de Seguro de Salud Individual', 'Póliza de Seguro de Salud Individual Emergencias Médicas', 'Seguro de emergencias médicas ', 1, 5, '2023-02-28 14:31:47', 2, 0.00, 0.00, 0.00, 0.00, 'FSAA-I -1-0655, de fecha 28/12/2022', 1),
(15, 'Póliza de Seguros de Salud para Grupo Familiar', 'Póliza de Seguros de Salud para Grupo Familiar Emergencias Médicas', 'Seguro de emergencias médicas ', 1, 5, '2023-06-15 08:36:51', 1, 0.00, 134.00, 134.00, 134.00, 'FSAA-1-1-0655-2022 de fecha 28/12/2022', 1),
(16, 'Póliza de Seguro de RCV', 'Póliza de Seguro de Responsabilidad Civil de Vehículos Terrestres', 'RCV individual Front LM', 1, 5, '2023-02-09 08:53:29', 2, 0.00, 0.00, 0.00, 0.00, 'FSAA-1-10363-2022 de fecha 05/08/2022', 2),
(17, 'Vida y Asistencia al viajero internacional', 'Póliza de Vida y Asistencia al viajero internacional', 'producto para bancamiga', 1, 5, '2023-03-24 11:26:53', 1, 0.00, 39.00, 39.00, 39.00, 'FSAA-1-1-0468-2022 de fecha 26-09-2022', 1),
(18, 'Vida y Asistencia al viajero doméstico', 'Póliza de Vida y Asistencia al viajero doméstico ', 'producto para bancamiga', 1, 5, '2023-03-27 08:23:01', 1, 0.00, 500.00, 500.00, 500.00, 'FSAA-1-1-0468-2022 de fecha 26-09-2022', 1),
(19, 'Servicios Funerarios + Atención Primaria de Salud', 'Póliza de seguro de Servicios Funerarios + Atención Primaria de Salud', 'Servicios Funerarios + Atención Primaria de Salud (Masivo)', 2, 5, '2023-06-09 14:55:04', 2, 0.00, 0.00, 0.00, 0.00, 'FSAA-1-1-0433-2022 de fecha 21/09/2022', 2),
(20, 'Servicio Funerario Grupo Familiar', 'Póliza Servicio Funerario Grupo Familiar', 'Servicio Funerario Grupo Familiar (Masivo)', 2, 5, '2023-07-25 11:37:25', 1, 0.00, 0.00, 0.00, 0.00, 'FSAA-1-1-0433-2022 de fecha 21/09/2022', 2),
(21, 'Combinado 3in1 (Masivo)', 'Póliza Combinado 3in1', 'Vida + Funerario + AP', 2, 5, '2023-06-09 15:27:23', 2, 0.00, 0.00, 0.00, 0.00, 'FSAA-1-1-0433-2022, FSAA-1-1-0438-2022 y  FSAA-1-1-0468-2022', 2),
(22, 'Póliza de Seguros RCV Moto', 'Pólizas de Seguros de Responsabilidad Civil de Vehículos Terrestre', 'RCV individual Motos', 1, 5, '2023-07-10 09:29:23', 2, 0.00, 0.00, 0.00, 0.00, 'FSAA-1-10363-2022 de fecha 05/08/2022', 2),
(23, 'AP + Telemedicina', 'Seguros de Accidentes Personales', 'AP + Telemedicina (Ninja Park)', 2, 5, '2023-07-26 13:54:42', 2, 0.00, 0.00, 0.00, 0.00, 'FSAA-1-1-0438-2022', 2),
(24, 'Póliza de Seguro RCV', 'Póliza de Seguros Responsabilidad Civil de Vehículos Terrestres (Particulares)', 'RCV individual Vehículos Particulares', 2, 5, '2023-07-10 09:27:01', 2, 0.00, 0.00, 0.00, 0.00, 'FSAA-1-10363-2022 de fecha 05/08/2022', 2),
(25, 'Lidotel 4in1', 'Póliza Combinada 4in1', 'Lidotel Combinado AP+Vida+funerario+telemedicina', 2, 5, '2023-07-27 10:23:35', 2, 0.00, 0.00, 0.00, 0.00, 'FSAA-1-1-0433-2022, FSAA-1-1-0438-2022 y  FSAA-1-1-0468-2022', 2),
(26, 'Seguro combinado de personas 4en1 (C.C)', 'Póliza de Seguro Combinada de Personas 4in1 (C.C)', 'Combo de coberturas AP+Vida+funerario+telemedicina', 1, 5, '2023-08-11 15:26:55', 2, 0.00, 0.00, 0.00, 0.00, 'FSAA-1-1-0433-2022, FSAA-1-1-0438-2022 y  FSAA-1-1-0468-2022', 1);

-- --------------------------------------------------------

--
-- Estructura de tabla para la tabla `insurance_beneficiaries`
--

CREATE TABLE `insurance_beneficiaries` (
  `id_beneficiary` int(11) NOT NULL,
  `id_buy` int(11) NOT NULL,
  `identification` varchar(20) COLLATE utf8_unicode_ci NOT NULL,
  `name_beneficiary` varchar(150) COLLATE utf8_unicode_ci NOT NULL,
  `percentage_beneficiary` int(11) NOT NULL,
  `id_relationship` int(11) NOT NULL,
  `date_birth` date DEFAULT NULL,
  `create_date` datetime DEFAULT NULL
) ENGINE=InnoDB DEFAULT CHARSET=utf8 COLLATE=utf8_unicode_ci;

--
-- Volcado de datos para la tabla `insurance_beneficiaries`
--

INSERT INTO `insurance_beneficiaries` (`id_beneficiary`, `id_buy`, `identification`, `name_beneficiary`, `percentage_beneficiary`, `id_relationship`, `date_birth`, `create_date`) VALUES
(76, 80, '24655661', 'HECTOR LUIS SOJO MENDOZA', 100, 3, NULL, NULL),
(77, 81, '14485322', 'ALMARY VALERA', 100, 3, NULL, NULL),
(78, 82, '17452694', 'CAROLINA GUERRA GIL', 100, 3, NULL, NULL),
(79, 83, '17124810', 'ALEJANDRA PEREZ', 100, 3, NULL, NULL),
(80, 84, 'YUSMAIRA ', 'PEREZ', 100, 3, NULL, NULL),
(81, 85, '17124810', 'ALEJANDRA PEREZ', 100, 7, NULL, NULL),
(82, 86, '12399533', 'SOLANGE MADRIZ', 100, 2, NULL, NULL),
(83, 87, '18754798', 'HECTOR LOPEZ', 100, 5, NULL, NULL),
(84, 88, '16855469', 'LIGIA CARRILLO', 100, 5, NULL, NULL),
(85, 89, '6196752', 'MICHELL DEL CARMEN', 100, 6, NULL, NULL),
(86, 91, ' ', 'GENESIS MARIANA PEREZ CAÑIZALES', 100, 3, NULL, NULL),
(87, 99, '12377538', 'SHEILA RAMIREZ', 25, 5, NULL, NULL),
(88, 99, '16704683', 'JERR GIL', 25, 3, NULL, NULL),
(89, 99, '22494950', 'KRISBELIS GIL', 25, 3, NULL, NULL),
(90, 99, '25237045', 'JILBEYKE GIL', 25, 3, NULL, NULL),
(94, 104, '10484625', 'MIREYA BAZAN QUINTERO', 100, 5, NULL, NULL),
(95, 105, '11486277', 'BARBRA GONZALEZ ', 50, 2, NULL, NULL),
(96, 105, '34781348', 'SAMANTHA ALVAREZ ', 50, 3, NULL, NULL),
(98, 106, '24982332', 'WALTER ALBURQUEQUE', 100, 3, NULL, NULL),
(99, 107, '12084712', 'FRANCISCO ROJAS', 100, 5, NULL, NULL),
(100, 108, '13903137', 'YELITZA REINA', 100, 5, NULL, NULL),
(101, 109, '12084712', 'FRANCISCO ROJAS', 100, 2, NULL, NULL),
(102, 110, '12084712', 'FRANCISCO ROJAS', 100, 2, NULL, NULL),
(103, 111, '12213027', 'Ruth Batte', 100, 5, NULL, NULL),
(104, 115, '12143797', 'NAYIN CARRILLO', 15, 7, NULL, NULL),
(105, 115, '4366649', 'ARACELIS MARGARITA ESAA RIVAS', 85, 2, NULL, NULL),
(107, 117, '9666102', 'Carmencita Pereira Macedo', 100, 5, NULL, NULL),
(111, 125, '17031028', 'YUBIRI SUAREZ', 100, 7, NULL, NULL),
(112, 128, '20751981', 'GUILLERMO SANCHEZ', 100, 3, NULL, NULL),
(113, 130, '638673', 'Luis Alfonzo', 100, 5, NULL, NULL),
(114, 131, '24327080', 'ALFONSO DE J. GUTIERREZ M.', 100, 3, NULL, NULL),
(115, 132, '19396421-1', 'JAIME MATHIAS MACHADO', 100, 3, NULL, NULL),
(116, 133, '19396421', 'MARIA LOPEZ MARTINEZ', 100, 3, NULL, NULL),
(117, 136, '11682920', 'GUSTAVO VARGAS', 100, 5, NULL, NULL),
(118, 138, '103383071', 'Marcelo Lopez', 100, 3, NULL, NULL),
(120, 118, '13316893', 'GRENDYS DEL VALLE FARIAS GOMEZ', 100, 5, NULL, NULL),
(121, 157, '7834421', 'SOLANGEL RAMIREZ', 100, 5, NULL, NULL),
(122, 161, '16246437', 'VICTORIA BERNAL', 100, 5, NULL, NULL),
(123, 162, '6067554', 'MORAIMA CAMACHO', 50, 5, NULL, NULL),
(124, 162, '17146811', 'WANERGE IRIARTE CAMACHO', 25, 3, NULL, NULL),
(125, 162, '27985578', 'VICTORIA IRIARTE CAMACHO', 25, 3, NULL, NULL),
(126, 163, '30841785', 'GABRIELIS GIL', 100, 3, NULL, NULL),
(127, 164, '13157839', 'FERREIRA MARIA', 100, 2, NULL, NULL),
(128, 139, '11032310', 'nancy elena yanes hernandez ', 100, 5, NULL, NULL);

-- --------------------------------------------------------

--
-- Estructura de tabla para la tabla `insurance_beneficiaries_temp`
--

CREATE TABLE `insurance_beneficiaries_temp` (
  `id_beneficiary_temp` int(11) NOT NULL,
  `id_buy_temp` int(11) NOT NULL,
  `identification` varchar(20) COLLATE utf8_unicode_ci NOT NULL,
  `name_beneficiary` varchar(150) COLLATE utf8_unicode_ci NOT NULL,
  `percentage_beneficiary` int(11) NOT NULL,
  `id_relationship` int(11) NOT NULL,
  `date_birth` date DEFAULT NULL
) ENGINE=InnoDB DEFAULT CHARSET=utf8 COLLATE=utf8_unicode_ci;

--
-- Volcado de datos para la tabla `insurance_beneficiaries_temp`
--

INSERT INTO `insurance_beneficiaries_temp` (`id_beneficiary_temp`, `id_buy_temp`, `identification`, `name_beneficiary`, `percentage_beneficiary`, `id_relationship`, `date_birth`) VALUES
(2, 2, '30433268', 'ELIESKA S', 100, 3, NULL),
(3, 3, '9100122', 'GREGORIANA', 100, 2, NULL),
(4, 4, '25562174', 'DIANA CASTRO', 100, 3, NULL),
(5, 10, '55555555', 'NP', 100, 5, NULL),
(6, 13, 'sebastian', 'orta', 100, 3, NULL),
(7, 14, '19941550', 'GISSEL MORA REDONDO', 30, 7, NULL),
(8, 14, '15394644', 'KAREL CARRIZALEZ', 70, 5, NULL),
(9, 18, '18457958', 'Estefania Araujo', 100, 5, NULL),
(10, 19, 'Estefania Araujo', '18457958', 100, 5, NULL),
(11, 20, '12438494', 'Maria Torres', 100, 2, NULL),
(12, 25, '7196222', 'Ruben Rivas', 100, 5, NULL),
(13, 40, '15394644', 'KAREL CARRIZALES', 60, 5, NULL),
(14, 40, '19941550', 'GISSEL MORA REDONDO', 40, 7, NULL),
(15, 42, '27671346', 'Gabriel Alejandro Arroyo Alegria', 60, 3, NULL),
(16, 42, '6258502', 'Maria Gracia Garcia Martin', 40, 5, NULL),
(17, 46, '31047043', 'ANA PANTOJA', 100, 3, NULL),
(18, 47, '7777777777', 'Np', 100, 5, NULL),
(19, 48, 'Alexandra', 'Acosta', 100, 3, NULL),
(20, 50, '1', 'Alexandra Acosta', 100, 3, NULL),
(21, 52, '3240565', 'LUIS AGUSTIN GONZALEZ SARABIA', 50, 5, NULL),
(22, 52, '7662973', 'MARIA MAGDALENA ARAUJO', 25, 6, NULL),
(23, 52, '6348912', 'LUIS ALEMBERT GONZALEZ', 25, 7, NULL),
(24, 63, '6430256', 'MARLENE RUTH CARRION DE PEREZ', 17, 6, NULL),
(25, 63, '6430257', 'SONIA ESPERANZA CARRION MENDEZ', 17, 6, NULL),
(26, 63, '6142312', 'GLADYS YOLANDA CARRION MENDEZ', 17, 6, NULL),
(27, 63, '6142226', 'NANCY GLORIA CARRION MENDEZ', 17, 6, NULL),
(28, 63, '6868934', 'MARITZA CARRION DE LOYO', 16, 6, NULL),
(29, 63, '6961173', 'CARLOS ALBERTO GONZALEZ BAUTE', 16, 7, NULL),
(30, 65, '10119292', 'BELKIS INES CARRION MENDEZ', 50, 7, NULL),
(31, 65, '19720468', 'MOISES ALBERTO GONZALEZ CORTEZ', 25, 3, NULL),
(32, 65, '20596853', 'GENESIS ANDREINA GONZALEZ CORTEZ', 25, 3, NULL),
(33, 66, '23693781', 'Luis Guillermo Larez Garcia', 50, 3, NULL),
(34, 66, '19209288', 'Marianna Lorena Larez Garcia', 50, 3, NULL),
(35, 67, '11740377', 'Daniela olivo ', 100, 5, NULL),
(36, 68, '9100122', 'GREGORIANA VALERA', 100, 2, NULL),
(37, 71, 'V13019667', 'PAULA ', 100, 7, NULL),
(38, 72, '7979066', 'Maria C Pina', 50, 5, NULL),
(39, 72, '30373978', 'Maria E Guisandes', 50, 3, NULL),
(40, 73, '6009287', 'Nancy Perez', 100, 2, NULL),
(41, 74, '11.675.094', 'Gosling A. Sonia Thays', 100, 3, NULL),
(42, 81, '515156', 'prueba', 100, 3, NULL),
(43, 82, '56666', 'prueba 100', 100, 3, NULL),
(44, 83, '1616', 'prueb', 100, 3, NULL),
(45, 90, '2', 'b', 50, 3, NULL),
(46, 90, '3', 'c', 50, 3, NULL),
(47, 98, '9943131', 'karem torres', 100, 3, NULL),
(48, 99, '1111111', 'wilmer rondon', 20, 5, NULL),
(49, 99, '2222222', 'andreina rondon', 20, 4, NULL),
(50, 99, '3333333', 'jamsyw rondon', 20, 4, NULL),
(51, 99, '4444444', 'simon rondon', 20, 4, NULL),
(52, 99, '5555555', 'mariangeles rondon', 20, 4, NULL),
(53, 100, '31047043', 'ANA PANTOJA', 100, 3, NULL),
(54, 106, 'Ana', 'Ana', 100, 3, NULL),
(55, 108, '5525296', 'JESEUS VILLALBA', 100, 5, NULL),
(56, 109, '5525296', 'JESEUS VILLALBA', 100, 5, NULL),
(57, 113, '31170873', 'Marla Rodriguez', 100, 3, NULL),
(58, 114, '24655661', 'HECTOR SOJO MENDOZA', 100, 3, NULL),
(59, 115, '24655661', 'HECTOR LUIS SOJO MENDOZA', 100, 3, NULL),
(60, 116, '12399533', 'SOLANGE MADRIZ', 100, 5, NULL),
(61, 117, '12399533', 'SOLANGE MADRIZ', 100, 5, NULL),
(62, 118, '24655661', 'HECTOR LUIS SOJO MENDOZA', 100, 3, NULL),
(63, 120, '14485322', 'ALMARY VALERA', 100, 3, NULL),
(64, 121, '17452694', 'CAROLINA GUERRA GIL', 100, 3, NULL),
(65, 122, '18972597', 'Sarah Cruz', 100, 5, NULL),
(66, 123, '123123132', 'KARLA AZOCAR', 100, 3, NULL),
(67, 125, '17124810', 'ALEJANDRA PEREZ', 100, 3, NULL),
(68, 126, '17124810', 'ALEJANDRA PEREZ', 100, 7, NULL),
(69, 127, 'YUSMAIRA ', 'PEREZ', 100, 3, NULL),
(70, 128, '18754798', 'HECTOR LOPEZ', 100, 5, NULL),
(71, 129, '12399533', 'SOLANGE MADRIZ', 100, 2, NULL),
(72, 130, '12399533', 'SOLANGE MADRIZ', 100, 2, NULL),
(73, 131, '18754798', 'HECTOR LOPEZ', 100, 5, NULL),
(74, 132, '16855469', 'LIGIA CARRILLO', 100, 5, NULL),
(75, 133, '16855469', 'LIGIA CARRILLO', 100, 5, NULL),
(76, 136, '1242036', 'Gloria Martinez', 100, 5, NULL),
(77, 137, '2672924', 'VITA DE PACHECO', 100, 5, NULL),
(78, 141, '5121345', 'MARIA GARCIA', 100, 6, NULL),
(79, 142, '6196752', 'MICHELL DEL CARMEN', 100, 6, NULL),
(80, 149, ' ', 'GENESIS MARIANA PEREZ CAÑIZALES', 100, 3, NULL),
(81, 154, '6875356', 'gladys valdiviezo', 100, 5, NULL),
(82, 155, '13123940', 'Carmen Vides', 100, 2, NULL),
(83, 161, '1', 'ARMANDO', 50, 3, NULL),
(84, 161, '2', 'MIGUEL', 50, 3, NULL),
(85, 163, '232344', 'sgdg', 100, 1, NULL),
(86, 165, '12213027', 'RUTH BATTE', 100, 5, NULL),
(87, 170, '2345', 'hythth', 100, 1, NULL),
(88, 173, '2345', 'fgyh', 100, 4, NULL),
(89, 178, '18972597', 'Sarahi Cruz', 50, 5, NULL),
(90, 178, '00000000', 'Maximo Blanco', 50, 3, NULL),
(91, 184, '12377538', 'SHEILA RAMIREZ', 25, 5, NULL),
(92, 184, '16704683', 'JERR GIL', 25, 3, NULL),
(93, 184, '22494950', 'KRISBELIS GIL', 25, 3, NULL),
(94, 184, '25237045', 'JILBEYKE GIL', 25, 3, NULL),
(95, 189, '10753140', 'Freddy José Garcia Barreto', 100, 5, NULL),
(96, 190, '10753140', 'Freddy José Garcia Barreto', 100, 5, NULL),
(97, 191, '9666102', 'Carmencita Pereira Macedo', 100, 5, NULL),
(98, 193, '12747493', 'Luis rendos', 100, 3, NULL),
(99, 195, '10753140', 'Freddy José Garcia Barreto', 100, 5, NULL),
(100, 196, '9666102', 'Carmencita Pereira Macedo', 100, 5, NULL),
(101, 198, '10484625', 'MIREYA BAZAN QUINTERO', 100, 5, NULL),
(102, 203, '31922823', 'ESTEFANNY CUNDARI', 30, 3, NULL),
(103, 203, '34788296', 'DYLAN CUNDARI', 30, 3, NULL),
(104, 203, '204944021', 'ANTONELLA CUNDARI', 40, 3, NULL),
(105, 204, '22435654', 'VERONICA DORANTE', 100, 5, NULL),
(106, 206, '33884829', 'Nuñez Medina Julio Cesar', 100, 3, NULL),
(107, 208, '11486277', 'BARBRA GONZALEZ ', 50, 2, NULL),
(108, 208, '34781348', 'SAMANTHA ALVAREZ', 50, 3, NULL),
(109, 209, '11486277', 'BARBRA GONZALEZ ', 50, 2, NULL),
(110, 209, '34781348', 'SAMANTHA ALVAREZ ', 50, 3, NULL),
(111, 210, '12213027', 'Ruth Batte', 100, 5, NULL),
(112, 211, '10796275', 'Edgar Pacheco ', 50, 3, NULL),
(113, 211, '12093889', 'Derdlim Pacheco ', 50, 3, NULL),
(114, 213, 'MARIA', 'PEREZ', 100, 5, NULL),
(115, 214, '24982332', 'WALTER ALBURQUEQUE', 100, 3, NULL),
(116, 215, '24982332', 'WALTER ALBURQUEQUE', 100, 3, NULL),
(117, 223, '12084712', 'FRANCISCO ROJAS', 100, 5, NULL),
(118, 224, '13903137', 'YELITZA REINA', 100, 5, NULL),
(119, 225, '12084712', 'FRANCISCO ROJAS', 100, 2, NULL),
(120, 226, '12084712', 'FRANCISCO ROJAS', 100, 2, NULL),
(121, 230, '31922823', 'estefanny cudari', 40, 3, NULL),
(122, 230, '34788296', 'dylan cudari', 30, 3, NULL),
(123, 230, '204944021', 'antonella cudari', 30, 3, NULL),
(124, 233, '12143797', 'NAYIN CARRILLO', 15, 7, NULL),
(125, 233, '4366649', 'ARACELIS MARGARITA ESAA RIVAS', 85, 2, NULL),
(126, 236, '0000000', 'DIEGO', 100, 3, NULL),
(127, 237, '15586967', 'OSCAR BRACAMONTE', 100, 5, NULL),
(128, 238, '15586967', 'OSCAR BRACAMONTE', 100, 5, NULL),
(129, 239, '15586967', 'OSCAR BRACAMONTE', 100, 5, NULL),
(130, 240, '15586967', 'OSCAR BRACAMONTE', 100, 5, NULL),
(131, 241, '15586967', 'OSCAR BRACAMONTE', 100, 5, NULL),
(132, 248, '13316893', 'GRENDYS FARIAS', 34, 5, NULL),
(133, 248, '32531774', 'GRECIA HERNANDEZ', 33, 3, NULL),
(134, 248, '33727764', 'GREYS HERNANDEZ', 33, 3, NULL),
(135, 249, '17031028', 'YUBIRI SUAREZ', 100, 7, NULL),
(136, 250, '14070180', 'MARILEXIS RODRIGUEZ', 100, 5, NULL),
(137, 252, '6371831', 'sonia', 100, 2, NULL),
(138, 253, '7309953', 'MIRIAN ARAUJO', 100, 2, NULL),
(139, 257, '20817997', 'CLAUDIA RODRIGUEZ', 30, 5, NULL),
(140, 257, '32319474', 'ALBANY RODRIGUEZ', 40, 3, NULL),
(141, 257, '33879014', 'FRAINER VIDAO', 30, 3, NULL),
(142, 258, '6719405', 'Delcia A .Aray', 100, 2, NULL),
(143, 260, '7309953', 'MIRIAN ARAUJOLOAIZA', 100, 2, NULL),
(144, 263, '10589658', 'nancy yanez', 90, 5, NULL),
(145, 263, '25878968', 'claudia gomez', 10, 3, NULL),
(146, 265, 'N/A', 'VICTORIA PINO', 100, 3, NULL),
(147, 275, 'E-84281156', 'MIAOYAN ZHENG', 100, 5, NULL),
(148, 281, 'V-28352040', 'ENYEN ENRIQUE TOVAR SARMIENTO', 100, 3, NULL),
(149, 282, '2996152', 'NELLY DE MAYO', 100, 2, NULL),
(150, 290, '20751981', 'GUILLERMO SANCHEZ', 100, 3, NULL),
(151, 293, '638673', 'Luis Alfonzo', 100, 5, NULL),
(152, 295, '18645136', 'Ruben Rivas', 100, 3, NULL),
(153, 296, '24327080', 'ALFONSO DE J. GUTIERREZ M.', 100, 3, NULL),
(154, 298, '8452641', 'ROSA ZORRILLA', 50, 2, NULL),
(155, 298, '6867092', 'GABRIEL NIEVES', 50, 2, NULL),
(156, 299, '19396421-1', 'JAIME MATHIAS MACHADO', 100, 3, NULL),
(157, 300, '19396421', 'MARIA LOPEZ MARTINEZ', 100, 3, NULL),
(158, 303, '4612013', 'neptali salazar', 100, 2, NULL),
(159, 305, '21386310', 'BRANDON BERIA', 100, 3, NULL),
(160, 306, 'M10338307', 'Marcelo de Jesús López Paredes', 100, 3, NULL),
(161, 307, 'M10338307', 'Marcelo López ', 100, 3, NULL),
(162, 308, '30978190', 'FIORELLA VENTRESCA', 100, 3, NULL),
(163, 309, '30190978', 'FIORELLA VENTRESCA', 100, 3, NULL),
(164, 310, '6453331', 'Henner Nieves', 100, 5, NULL),
(165, 311, '14304797', 'nancy', 100, 2, NULL),
(166, 314, '103383071', 'Marcelo Lopez', 100, 3, NULL),
(167, 315, '103383071', 'Marcelo Lopez', 100, 3, NULL),
(168, 316, '103383071', 'Marcelo Lopez', 100, 3, NULL),
(169, 317, '11682920', 'GUSTAVO VARGAS', 100, 5, NULL),
(170, 319, '1234123314', 'KARLA AZOCAR', 100, 3, NULL),
(171, 320, '29115222', 'Karen Ramos', 50, 3, NULL),
(172, 320, '32777712', 'Eilyani Agustin', 50, 3, NULL),
(173, 341, '34303699', 'PEDRO A. FIGUERA M.', 50, 3, NULL),
(174, 341, 'MENOR DE EDAD', 'PIERO A. FIGUERA M.', 50, 3, NULL),
(175, 343, '4187803', 'CELINA BRACHE', 50, 5, NULL),
(176, 343, '13220112', 'MARIA C. FIGUERA B.', 50, 3, NULL),
(177, 346, '00', '00', 100, 1, NULL),
(178, 350, ',11234567', 'Olmedo ', 100, 5, NULL),
(179, 356, '28352040', 'ENYEL ENRIQUE TOVAR SARMIENTO', 100, 3, NULL),
(180, 357, '13907753', 'MARIA ESCALONA', 100, 5, NULL),
(181, 359, '1', 'MARIA OROPEZA', 25, 5, NULL),
(182, 359, '2', 'SIFIA ARIAS', 25, 3, NULL),
(183, 359, '3', 'LUIS A ARIAS', 25, 3, NULL),
(184, 359, '4', 'LUIS F ARIAS', 25, 3, NULL),
(185, 366, '28273911', 'ANGIBETH PEDRAZA', 100, 3, NULL),
(186, 368, '7834421', 'SOLANGEL RAMIREZ', 100, 5, NULL),
(187, 369, '2344', 'dgdgt', 100, 3, NULL),
(188, 373, '13907753', 'maria feernanda escalona yepez', 100, 5, NULL),
(189, 374, '16246437', 'VICTORIA BERNAL', 100, 5, NULL),
(190, 375, '6067554', 'MORAIMA CAMACHO', 50, 5, NULL),
(191, 375, '17146811', 'WANERGE IRIARTE CAMACHO', 25, 3, NULL),
(192, 375, '27985578', 'VICTORIA IRIARTE CAMACHO', 25, 3, NULL),
(193, 376, '4249218', 'JOSE IRIARTE', 50, 5, NULL),
(194, 376, '17146811', 'WANERGE IRIARTE', 25, 3, NULL),
(195, 376, '27985578', 'VICTORIA IRIARTE', 25, 3, NULL),
(196, 377, '454465', 'lkjjl', 100, 1, NULL),
(197, 378, '30841785', 'GABRIELIS GIL', 100, 3, NULL),
(198, 379, '12345655', 'ESPOSA', 100, 5, NULL),
(199, 380, '12929368', 'ANGELICA BETHENCOURT C', 100, 5, NULL),
(200, 384, '13157839', 'FEREIRA MARIA', 100, 2, NULL),
(201, 385, '21017509', 'Carle navas', 12, 3, NULL),
(202, 385, '28318929', 'Lorena navas', 12, 3, NULL),
(203, 385, '18888888', 'Stefany Navas ', 12, 3, NULL),
(204, 385, '15999999', 'Leonardo navas', 14, 3, NULL),
(205, 385, '5380568', 'Zobeida Alonso ', 38, 5, NULL),
(206, 385, '18777777', 'Diaz ricardo', 12, 3, NULL),
(207, 387, 'V-4354898', 'ROSALIA CASTILLO DE RODRIGUEZ', 100, 5, NULL),
(208, 388, 'V-5736293', 'FREDDY JAIR RODRIGUEZ BALLESTEROS', 100, 5, NULL),
(209, 389, '346464', 'ggfhhgjhg', 50, 5, NULL),
(210, 389, '4456576', 'dfgfh', 50, 2, NULL),
(211, 390, '346464', 'ggfhhgjhg', 50, 5, NULL),
(212, 390, '4456576', 'dfgfh', 50, 2, NULL),
(213, 395, '12929368', 'ANGELICA MARIA BETHENCOURT CAMACHO', 100, 5, NULL);

-- --------------------------------------------------------

--
-- Estructura de tabla para la tabla `insurance_buy_declaration`
--

CREATE TABLE `insurance_buy_declaration` (
  `id_buy` int(11) NOT NULL,
  `id_declaration_health` int(11) NOT NULL,
  `description` text COLLATE utf8_unicode_ci NOT NULL,
  `option_select` int(11) NOT NULL DEFAULT 1
) ENGINE=InnoDB DEFAULT CHARSET=utf8 COLLATE=utf8_unicode_ci;

--
-- Volcado de datos para la tabla `insurance_buy_declaration`
--

INSERT INTO `insurance_buy_declaration` (`id_buy`, `id_declaration_health`, `description`, `option_select`) VALUES
(80, 1, '0', 1),
(80, 4, '0', 1),
(80, 2, '0', 1),
(81, 1, '0', 1),
(81, 4, '0', 1),
(81, 2, '0', 1),
(82, 1, '0', 1),
(82, 4, '0', 1),
(82, 2, '0', 1),
(83, 1, '0', 1),
(83, 4, '0', 1),
(83, 2, '0', 1),
(84, 1, '0', 1),
(84, 4, '0', 1),
(84, 2, '0', 1),
(85, 1, '0', 1),
(85, 4, '0', 1),
(85, 2, '0', 1),
(86, 1, '0', 1),
(86, 4, '0', 1),
(86, 2, '0', 1),
(87, 1, '0', 1),
(87, 4, '0', 1),
(87, 2, '0', 1),
(88, 1, '0', 1),
(88, 4, '0', 1),
(88, 2, '0', 1),
(89, 1, '0', 1),
(89, 4, '0', 1),
(89, 2, '0', 1),
(90, 1, '0', 1),
(90, 4, '0', 1),
(91, 1, '0', 1),
(91, 4, '0', 1),
(91, 2, '0', 1),
(91, 6, ' DIABETES CONTROLADA ', 1),
(92, 1, '0', 1),
(92, 4, '0', 1),
(92, 2, '0', 1),
(92, 3, '0', 1),
(93, 1, '0', 1),
(93, 4, '0', 1),
(94, 1, '0', 1),
(94, 4, '0', 1),
(95, 1, '0', 1),
(95, 4, '0', 1),
(96, 1, '0', 1),
(96, 4, '0', 1),
(97, 1, '0', 1),
(97, 4, '0', 1),
(98, 1, '0', 1),
(98, 4, '0', 1),
(99, 1, '0', 1),
(99, 4, '0', 1),
(99, 2, '0', 1),
(99, 8, ' FECHA DE INICIO DEL HABITO:1983  1 DIARIO', 1),
(100, 1, '0', 1),
(100, 4, '0', 1),
(100, 2, '0', 1),
(100, 3, '0', 1),
(101, 1, '0', 1),
(101, 4, '0', 1),
(102, 1, '0', 1),
(102, 4, '0', 1),
(103, 1, '0', 1),
(103, 4, '0', 1),
(104, 1, '0', 1),
(104, 4, '0', 1),
(104, 2, '0', 1),
(104, 3, '0', 1),
(105, 1, '0', 1),
(105, 4, '0', 1),
(105, 2, '0', 1),
(105, 3, '0', 1),
(106, 1, '0', 1),
(106, 4, '0', 1),
(106, 2, '0', 1),
(107, 1, '0', 1),
(107, 4, '0', 1),
(107, 2, '0', 1),
(107, 5, 'Hipertesion arterial 2 losartan al dia', 1),
(108, 1, '0', 1),
(108, 4, '0', 1),
(108, 2, '0', 1),
(109, 1, '0', 1),
(109, 4, '0', 1),
(109, 2, '0', 1),
(110, 1, '0', 1),
(110, 4, '0', 1),
(110, 2, '0', 1),
(111, 1, '0', 1),
(111, 4, '0', 1),
(111, 2, '0', 1),
(111, 3, '0', 1),
(111, 5, ' Hipertension Arterial Asencial \nMedico Tratante Argenis Gonzalez \nTratamiento medico: Valsartan 80 , Coraspirina 81mg , Amlodipina 5mg .\nEstado de Salud Actual : En buen estado', 1),
(112, 1, '0', 1),
(112, 4, '0', 1),
(113, 1, '0', 1),
(113, 4, '0', 1),
(114, 1, '0', 1),
(114, 4, '0', 1),
(115, 1, '0', 1),
(115, 4, '0', 1),
(116, 1, '0', 1),
(116, 4, '0', 1),
(117, 1, '0', 1),
(117, 4, '0', 1),
(117, 2, '0', 1),
(117, 3, '0', 1),
(117, 5, ' No refiere', 1),
(117, 6, ' No refiere', 1),
(117, 7, ' No refiere', 1),
(118, 1, '0', 1),
(118, 2, '0', 1),
(118, 4, '0', 1),
(118, 3, '0', 1),
(119, 1, '0', 1),
(119, 4, '0', 1),
(119, 2, '0', 1),
(120, 1, '0', 1),
(120, 4, '0', 1),
(121, 1, '0', 1),
(121, 4, '0', 1),
(122, 1, '0', 1),
(122, 4, '0', 1),
(123, 1, '0', 1),
(123, 4, '0', 1),
(124, 1, '0', 1),
(124, 4, '0', 1),
(125, 1, '0', 1),
(125, 4, '0', 1),
(125, 2, '0', 1),
(125, 3, '0', 1),
(126, 1, '0', 1),
(126, 4, '0', 1),
(127, 1, '0', 1),
(127, 4, '0', 1),
(128, 1, '0', 1),
(128, 4, '0', 1),
(128, 2, '0', 1),
(128, 5, ' Hipertensión, 1 enalapril 1 al día', 1),
(129, 1, '0', 1),
(129, 4, '0', 1),
(129, 2, '0', 1),
(129, 6, ' FUI OPERADO DE BAYPASS GASTRICO, EN FECHA 27-06-2022, ENCONTRANDOME EN BUENAS CONDICIONES EN LA ACTUALIDAD, CON PESO DE 92 KILOS, MI ALTURA ES DE 1.70', 1),
(130, 1, '0', 1),
(130, 4, '0', 1),
(130, 2, '0', 1),
(131, 1, '0', 1),
(131, 4, '0', 1),
(131, 2, '0', 1),
(131, 3, '0', 1),
(132, 1, '0', 1),
(132, 4, '0', 1),
(132, 2, '0', 1),
(133, 1, '0', 1),
(133, 4, '0', 1),
(133, 2, '0', 1),
(134, 1, '0', 1),
(134, 4, '0', 1),
(135, 1, '0', 1),
(135, 4, '0', 1),
(136, 1, '0', 1),
(136, 4, '0', 1),
(136, 2, '0', 1),
(137, 1, '0', 1),
(137, 4, '0', 1),
(138, 1, '0', 1),
(138, 2, '0', 1),
(138, 4, '0', 1),
(138, 3, '0', 1),
(139, 1, '0', 1),
(139, 4, '0', 1),
(139, 2, '0', 1),
(139, 3, '0', 1),
(140, 1, '0', 1),
(140, 4, '0', 1),
(141, 1, '0', 1),
(141, 4, '0', 1),
(142, 1, '0', 1),
(142, 4, '0', 1),
(143, 1, '0', 1),
(143, 4, '0', 1),
(144, 1, '0', 1),
(144, 4, '0', 1),
(145, 1, '0', 1),
(145, 4, '0', 1),
(146, 1, '0', 1),
(146, 4, '0', 1),
(147, 1, '0', 1),
(147, 4, '0', 1),
(148, 1, '0', 1),
(148, 4, '0', 1),
(149, 1, '0', 1),
(149, 4, '0', 1),
(150, 1, '0', 1),
(150, 4, '0', 1),
(151, 1, '0', 1),
(151, 4, '0', 1),
(152, 1, '0', 1),
(152, 4, '0', 1),
(152, 2, '0', 1),
(152, 3, '0', 1),
(152, 6, 'Fui operado el 27-06-2022, de Baypass Gastrico, encontrandome en la actualidad en excelente condiciones de salud.', 1),
(153, 1, '0', 1),
(153, 4, '0', 1),
(154, 1, '0', 1),
(154, 4, '0', 1),
(155, 1, '0', 1),
(155, 4, '0', 1),
(156, 1, '0', 1),
(156, 4, '0', 1),
(157, 1, '0', 1),
(157, 4, '0', 1),
(157, 2, '0', 1),
(157, 5, 'Hipertenso toma losartan 50mg', 1),
(158, 1, '0', 1),
(158, 4, '0', 1),
(159, 1, '0', 1),
(159, 4, '0', 1),
(160, 1, '0', 1),
(160, 4, '0', 1),
(160, 2, '0', 1),
(160, 3, '0', 1),
(161, 1, '0', 1),
(161, 4, '0', 1),
(161, 2, '0', 1),
(162, 1, '0', 1),
(162, 4, '0', 1),
(162, 2, '0', 1),
(162, 5, ' Hipertensión:  Amlodipina y Coraspirina\nPatelectomia mimbro inf izquierso , feb 2006\nECV  Isquemico', 1),
(163, 1, '0', 1),
(163, 4, '0', 1),
(163, 2, '0', 1),
(164, 1, '0', 1),
(164, 4, '0', 1),
(164, 2, '0', 1),
(164, 3, '0', 1),
(165, 1, '0', 1),
(165, 4, '0', 1),
(166, 1, '0', 1),
(166, 4, '0', 1),
(167, 1, '0', 1),
(167, 4, '0', 1),
(168, 1, '0', 1),
(168, 4, '0', 1);

-- --------------------------------------------------------

--
-- Estructura de tabla para la tabla `insurance_buy_declaration_temp`
--

CREATE TABLE `insurance_buy_declaration_temp` (
  `id_buy_temp` int(11) NOT NULL,
  `id_declaration_health` int(11) NOT NULL,
  `description` text COLLATE utf8_unicode_ci NOT NULL,
  `option_select` int(11) NOT NULL DEFAULT 1
) ENGINE=InnoDB DEFAULT CHARSET=utf8 COLLATE=utf8_unicode_ci;

--
-- Volcado de datos para la tabla `insurance_buy_declaration_temp`
--

INSERT INTO `insurance_buy_declaration_temp` (`id_buy_temp`, `id_declaration_health`, `description`, `option_select`) VALUES
(2, 1, '0', 1),
(2, 3, '0', 1),
(2, 4, '0', 1),
(3, 1, '0', 1),
(3, 3, '0', 1),
(3, 4, '0', 1),
(3, 8, ' 15 DIARIOS', 1),
(4, 1, '0', 1),
(4, 3, '0', 1),
(4, 4, '0', 1),
(5, 1, '0', 1),
(5, 3, '0', 1),
(5, 4, '0', 1),
(6, 1, '0', 1),
(6, 3, '0', 1),
(6, 4, '0', 1),
(7, 1, '0', 1),
(7, 3, '0', 1),
(7, 4, '0', 1),
(8, 1, '0', 1),
(8, 3, '0', 1),
(8, 4, '0', 1),
(9, 1, '0', 1),
(9, 4, '0', 1),
(10, 1, '0', 1),
(10, 3, '0', 1),
(10, 4, '0', 1),
(11, 1, '0', 1),
(11, 4, '0', 1),
(12, 1, '0', 1),
(12, 3, '0', 1),
(12, 4, '0', 1),
(13, 1, '0', 1),
(13, 3, '0', 1),
(13, 4, '0', 1),
(14, 1, '0', 1),
(14, 3, '0', 1),
(14, 4, '0', 1),
(14, 5, ' HIPERTENSION ARTERIAL \nJOSE ACUÑA\nAGOSTO 2021\nCONTROLADA', 1),
(15, 1, '0', 1),
(15, 3, '0', 1),
(15, 4, '0', 1),
(16, 1, '0', 1),
(16, 3, '0', 1),
(16, 4, '0', 1),
(17, 1, '0', 1),
(17, 3, '0', 1),
(17, 4, '0', 1),
(18, 1, '0', 1),
(18, 3, '0', 1),
(18, 4, '0', 1),
(18, 6, ' Obesidad controlada a través de un By Pass gástrico en Julio del 2012', 1),
(19, 1, '0', 1),
(19, 3, '0', 1),
(19, 4, '0', 1),
(19, 6, ' Obesidad controlada mediante By Pass Gástrico en Julio 2012', 1),
(20, 1, '0', 1),
(20, 3, '0', 1),
(20, 4, '0', 1),
(21, 1, '0', 1),
(21, 2, '0', 1),
(21, 4, '0', 1),
(22, 1, '0', 1),
(22, 2, '0', 1),
(22, 4, '0', 1),
(23, 1, '0', 1),
(23, 2, '0', 1),
(23, 4, '0', 1),
(24, 1, '0', 1),
(24, 2, '0', 1),
(24, 4, '0', 1),
(25, 1, '0', 1),
(25, 3, '0', 1),
(25, 4, '0', 1),
(26, 1, '0', 1),
(26, 2, '0', 1),
(26, 4, '0', 1),
(27, 1, '0', 1),
(27, 2, '0', 1),
(27, 4, '0', 1),
(28, 1, '0', 1),
(28, 2, '0', 1),
(28, 4, '0', 1),
(29, 1, '0', 1),
(29, 2, '0', 1),
(29, 4, '0', 1),
(30, 1, '0', 1),
(30, 2, '0', 1),
(30, 4, '0', 1),
(31, 1, '0', 1),
(31, 2, '0', 1),
(31, 4, '0', 1),
(32, 1, '0', 1),
(32, 2, '0', 1),
(32, 4, '0', 1),
(33, 1, '0', 1),
(33, 2, '0', 1),
(33, 4, '0', 1),
(34, 1, '0', 1),
(34, 3, '0', 1),
(34, 4, '0', 1),
(35, 1, '0', 1),
(35, 3, '0', 1),
(35, 4, '0', 1),
(36, 1, '0', 1),
(36, 2, '0', 1),
(36, 4, '0', 1),
(37, 1, '0', 1),
(37, 3, '0', 1),
(37, 4, '0', 1),
(38, 1, '0', 1),
(38, 2, '0', 1),
(38, 4, '0', 1),
(39, 1, '0', 1),
(39, 2, '0', 1),
(39, 4, '0', 1),
(40, 1, '0', 1),
(40, 3, '0', 1),
(40, 4, '0', 1),
(40, 5, 'Hipertensión Controlada\nAgosto 2021\nDr. Jose Acuña\n', 1),
(41, 1, '0', 1),
(41, 3, '0', 1),
(41, 4, '0', 1),
(42, 1, '0', 1),
(42, 3, '0', 1),
(42, 4, '0', 1),
(43, 1, '0', 1),
(43, 3, '0', 1),
(43, 4, '0', 1),
(44, 1, '0', 1),
(44, 3, '0', 1),
(44, 4, '0', 1),
(45, 1, '0', 1),
(45, 3, '0', 1),
(45, 4, '0', 1),
(46, 1, '0', 1),
(46, 3, '0', 1),
(46, 4, '0', 1),
(47, 1, '0', 1),
(47, 2, '0', 1),
(47, 3, '0', 1),
(47, 4, '0', 1),
(48, 1, '0', 1),
(48, 2, '0', 1),
(48, 3, '0', 1),
(48, 4, '0', 1),
(49, 1, '0', 1),
(49, 2, '0', 1),
(49, 3, '0', 1),
(49, 4, '0', 1),
(50, 1, '0', 1),
(50, 2, '0', 1),
(50, 3, '0', 1),
(50, 4, '0', 1),
(51, 1, '0', 1),
(51, 2, '0', 1),
(51, 3, '0', 1),
(51, 4, '0', 1),
(52, 1, '0', 1),
(52, 3, '0', 1),
(52, 4, '0', 1),
(53, 1, '0', 1),
(53, 3, '0', 1),
(53, 4, '0', 1),
(54, 1, '0', 1),
(54, 3, '0', 1),
(54, 4, '0', 1),
(55, 1, '0', 1),
(55, 3, '0', 1),
(55, 4, '0', 1),
(56, 1, '0', 1),
(56, 3, '0', 1),
(56, 4, '0', 1),
(57, 1, '0', 1),
(57, 3, '0', 1),
(57, 4, '0', 1),
(58, 1, '0', 1),
(58, 3, '0', 1),
(58, 4, '0', 1),
(59, 1, '0', 1),
(59, 3, '0', 1),
(59, 4, '0', 1),
(60, 1, '0', 1),
(60, 3, '0', 1),
(60, 4, '0', 1),
(61, 1, '0', 1),
(61, 3, '0', 1),
(61, 4, '0', 1),
(62, 1, '0', 1),
(62, 3, '0', 1),
(62, 4, '0', 1),
(63, 1, '0', 1),
(63, 4, '0', 1),
(64, 1, '0', 1),
(64, 2, '0', 1),
(64, 3, '0', 1),
(64, 4, '0', 1),
(65, 1, '0', 1),
(65, 3, '0', 1),
(65, 4, '0', 1),
(66, 1, '0', 1),
(66, 3, '0', 1),
(66, 4, '0', 1),
(66, 5, ' Transplante valvula aortica 2012 Hospital de Clinicas Caracas. Medico Tratante Dra. Maria Dolores Rotolo Hospital de Clinicas Caracas', 1),
(67, 1, '0', 1),
(67, 2, '0', 1),
(67, 3, '0', 1),
(67, 4, '0', 1),
(68, 1, '0', 1),
(68, 2, '0', 1),
(68, 3, '0', 1),
(68, 4, '0', 1),
(69, 1, '0', 1),
(69, 4, '0', 1),
(70, 1, '0', 1),
(70, 3, '0', 1),
(70, 4, '0', 1),
(71, 1, '0', 1),
(71, 3, '0', 1),
(71, 4, '0', 1),
(72, 1, '0', 1),
(72, 3, '0', 1),
(72, 4, '0', 1),
(73, 1, '0', 1),
(73, 3, '0', 1),
(73, 4, '0', 1),
(74, 1, '0', 1),
(74, 3, '0', 1),
(74, 4, '0', 1),
(74, 8, ' si consume cigarrillos 2 o 3 diarios desde hace 10 años aproximadamente ', 1),
(74, 5, ' Hipertension arterial controlada con medicamentos m\nmedico tratante Doctor Simon Tovar cardiologo estado actual bien \nhace 30 años diagnostico', 1),
(75, 1, '0', 1),
(75, 4, '0', 1),
(76, 1, '0', 1),
(76, 4, '0', 1),
(77, 1, '0', 1),
(77, 3, '0', 1),
(77, 4, '0', 1),
(78, 1, '0', 1),
(78, 3, '0', 1),
(78, 4, '0', 1),
(79, 1, '0', 1),
(79, 4, '0', 1),
(80, 1, '0', 1),
(80, 4, '0', 1),
(81, 1, '0', 1),
(81, 2, '0', 1),
(81, 4, '0', 1),
(81, 7, ' enfermedad ', 1),
(82, 1, '0', 1),
(82, 2, '0', 1),
(82, 4, '0', 1),
(83, 1, '0', 1),
(83, 2, '0', 1),
(83, 4, '0', 1),
(84, 1, '0', 1),
(84, 2, '0', 1),
(84, 4, '0', 1),
(85, 1, '0', 1),
(85, 4, '0', 1),
(86, 1, '0', 1),
(86, 4, '0', 1),
(87, 1, '0', 1),
(87, 4, '0', 1),
(87, 2, '0', 1),
(88, 1, '0', 1),
(88, 4, '0', 1),
(88, 2, '0', 1),
(88, 3, '0', 1),
(89, 1, '0', 1),
(89, 4, '0', 1),
(89, 2, '0', 1),
(89, 3, '0', 1),
(90, 1, '0', 1),
(90, 3, '0', 1),
(90, 4, '0', 1),
(91, 1, '0', 1),
(91, 4, '0', 1),
(91, 2, '0', 1),
(91, 3, '0', 1),
(91, 5, ' hipertensión', 1),
(91, 6, ' diabetes tipo 2', 1),
(92, 1, '0', 1),
(92, 4, '0', 1),
(92, 2, '0', 1),
(92, 3, '0', 1),
(92, 5, ' hipertensión', 1),
(92, 6, ' diabetes tipo 2', 1),
(93, 1, '0', 1),
(93, 4, '0', 1),
(93, 2, '0', 1),
(93, 3, '0', 1),
(93, 5, ' HTA CONTROLADA TTO MEDICO OMELSARTAN 10Mg DIARIO, EN PERFECTO ESTADO DE SALUD', 1),
(94, 1, '0', 1),
(94, 4, '0', 1),
(94, 2, '0', 1),
(94, 3, '0', 1),
(95, 1, '0', 1),
(95, 4, '0', 1),
(95, 2, '0', 1),
(95, 3, '0', 1),
(96, 1, '0', 1),
(96, 4, '0', 1),
(97, 1, '0', 1),
(97, 4, '0', 1),
(98, 1, '0', 1),
(98, 4, '0', 1),
(98, 2, '0', 1),
(98, 3, '0', 1),
(98, 5, ' hipertensión arterial controlada desde hace 15 años con tratamiento de omerzatan 2 veces al día, nimodipina 1 diaria', 1),
(98, 6, ' tiroidectomía hace 10 años  ', 1),
(99, 1, '0', 1),
(99, 2, '0', 1),
(99, 4, '0', 1),
(99, 3, '0', 1),
(100, 1, '0', 1),
(100, 4, '0', 1),
(100, 2, '0', 1),
(101, 1, '0', 1),
(101, 4, '0', 1),
(101, 2, '0', 1),
(102, 1, '0', 1),
(102, 4, '0', 1),
(102, 2, '0', 1),
(102, 3, '0', 1),
(103, 1, '0', 1),
(103, 4, '0', 1),
(103, 2, '0', 1),
(103, 3, '0', 1),
(104, 1, '0', 1),
(104, 4, '0', 1),
(104, 2, '0', 1),
(104, 3, '0', 1),
(105, 1, '0', 1),
(105, 4, '0', 1),
(105, 2, '0', 1),
(105, 3, '0', 1),
(106, 1, '0', 1),
(106, 3, '0', 1),
(106, 4, '0', 1),
(106, 5, ' Hipertensión controloda', 1),
(107, 1, '0', 1),
(107, 4, '0', 1),
(107, 2, '0', 1),
(107, 3, '0', 1),
(108, 1, '0', 1),
(108, 4, '0', 1),
(108, 2, '0', 1),
(108, 3, '0', 1),
(109, 1, '0', 1),
(109, 4, '0', 1),
(109, 2, '0', 1),
(109, 3, '0', 1),
(110, 1, '0', 1),
(110, 4, '0', 1),
(111, 1, '0', 1),
(111, 2, '0', 1),
(111, 4, '0', 1),
(111, 3, '0', 1),
(112, 1, '0', 1),
(112, 3, '0', 1),
(112, 4, '0', 1),
(113, 1, '0', 1),
(113, 4, '0', 1),
(113, 2, '0', 1),
(114, 1, '0', 1),
(114, 4, '0', 1),
(114, 2, '0', 1),
(115, 1, '0', 1),
(115, 4, '0', 1),
(115, 2, '0', 1),
(116, 1, '0', 1),
(116, 4, '0', 1),
(116, 2, '0', 1),
(117, 1, '0', 1),
(117, 4, '0', 1),
(117, 2, '0', 1),
(118, 1, '0', 1),
(118, 4, '0', 1),
(118, 2, '0', 1),
(119, 1, '0', 1),
(119, 4, '0', 1),
(119, 2, '0', 1),
(119, 3, '0', 1),
(120, 1, '0', 1),
(120, 4, '0', 1),
(120, 2, '0', 1),
(121, 1, '0', 1),
(121, 4, '0', 1),
(121, 2, '0', 1),
(122, 1, '0', 1),
(122, 4, '0', 1),
(122, 2, '0', 1),
(122, 5, ' Hipertensión', 1),
(123, 1, '0', 1),
(123, 2, '0', 1),
(123, 4, '0', 1),
(123, 3, '0', 1),
(124, 1, '0', 1),
(124, 4, '0', 1),
(125, 1, '0', 1),
(125, 4, '0', 1),
(125, 2, '0', 1),
(126, 1, '0', 1),
(126, 4, '0', 1),
(126, 2, '0', 1),
(127, 1, '0', 1),
(127, 4, '0', 1),
(127, 2, '0', 1),
(128, 1, '0', 1),
(128, 4, '0', 1),
(128, 2, '0', 1),
(129, 1, '0', 1),
(129, 4, '0', 1),
(129, 2, '0', 1),
(130, 1, '0', 1),
(130, 4, '0', 1),
(130, 2, '0', 1),
(131, 1, '0', 1),
(131, 4, '0', 1),
(131, 2, '0', 1),
(132, 1, '0', 1),
(132, 4, '0', 1),
(132, 2, '0', 1),
(133, 1, '0', 1),
(133, 4, '0', 1),
(133, 2, '0', 1),
(134, 1, '0', 1),
(134, 2, '0', 1),
(134, 4, '0', 1),
(134, 3, '0', 1),
(135, 1, '0', 1),
(135, 4, '0', 1),
(136, 1, '0', 1),
(136, 4, '0', 1),
(136, 2, '0', 1),
(136, 3, '0', 1),
(136, 5, ' Hipertensiòn controlada Dr Jesus Velasquez titular y conyugue. ', 1),
(136, 6, ' Prediabetes hace un año controlado  CONYUGUE', 1),
(137, 1, '0', 1),
(137, 4, '0', 1),
(137, 2, '0', 1),
(138, 1, '0', 1),
(138, 4, '0', 1),
(139, 1, '0', 1),
(139, 4, '0', 1),
(139, 2, '0', 1),
(139, 3, '0', 1),
(140, 1, '0', 1),
(140, 4, '0', 1),
(140, 2, '0', 1),
(140, 3, '0', 1),
(141, 1, '0', 1),
(141, 4, '0', 1),
(141, 2, '0', 1),
(141, 3, '0', 1),
(142, 1, '0', 1),
(142, 4, '0', 1),
(142, 2, '0', 1),
(143, 1, '0', 1),
(143, 4, '0', 1),
(143, 2, '0', 1),
(143, 3, '0', 1),
(144, 1, '0', 1),
(144, 4, '0', 1),
(144, 2, '0', 1),
(145, 1, '0', 1),
(145, 4, '0', 1),
(145, 2, '0', 1),
(145, 3, '0', 1),
(146, 1, '0', 1),
(146, 4, '0', 1),
(147, 1, '0', 1),
(147, 4, '0', 1),
(148, 1, '0', 1),
(148, 4, '0', 1),
(149, 1, '0', 1),
(149, 4, '0', 1),
(149, 2, '0', 1),
(149, 6, ' DIABETES CONTROLADA ', 1),
(150, 1, '0', 1),
(150, 4, '0', 1),
(150, 2, '0', 1),
(150, 3, '0', 1),
(151, 1, '0', 1),
(151, 4, '0', 1),
(151, 2, '0', 1),
(151, 3, '0', 1),
(152, 1, '0', 1),
(152, 4, '0', 1),
(153, 1, '0', 1),
(153, 4, '0', 1),
(153, 2, '0', 1),
(153, 3, '0', 1),
(154, 1, '0', 1),
(154, 4, '0', 1),
(154, 2, '0', 1),
(154, 3, '0', 1),
(155, 1, '0', 1),
(155, 4, '0', 1),
(155, 2, '0', 1),
(155, 3, '0', 1),
(155, 5, ' Arritmia sinusal', 1),
(156, 1, '0', 1),
(156, 4, '0', 1),
(157, 1, '0', 1),
(157, 4, '0', 1),
(158, 1, '0', 1),
(158, 4, '0', 1),
(159, 1, '0', 1),
(159, 4, '0', 1),
(160, 1, '0', 1),
(160, 4, '0', 1),
(161, 1, '0', 1),
(161, 4, '0', 1),
(161, 2, '0', 1),
(161, 3, '0', 1),
(162, 1, '0', 1),
(162, 4, '0', 1),
(163, 1, '0', 1),
(163, 3, '0', 1),
(163, 4, '0', 1),
(164, 1, '0', 1),
(164, 4, '0', 1),
(165, 1, '0', 1),
(165, 4, '0', 1),
(165, 2, '0', 1),
(165, 3, '0', 1),
(165, 5, ' HIPERTENSION ARTERIAL CONTRALADA DESDE 2018', 1),
(166, 1, '0', 1),
(166, 4, '0', 1),
(166, 2, '0', 1),
(166, 3, '0', 1),
(167, 1, '0', 1),
(167, 2, '0', 1),
(167, 4, '0', 1),
(167, 3, '0', 1),
(168, 1, '0', 1),
(168, 4, '0', 1),
(169, 1, '0', 1),
(169, 2, '0', 1),
(169, 4, '0', 1),
(169, 3, '0', 1),
(170, 1, '0', 1),
(170, 4, '0', 1),
(170, 2, '0', 1),
(170, 3, '0', 1),
(171, 1, '0', 1),
(171, 4, '0', 1),
(171, 2, '0', 1),
(171, 3, '0', 1),
(172, 1, '0', 1),
(172, 4, '0', 1),
(172, 2, '0', 1),
(172, 3, '0', 1),
(173, 1, '0', 1),
(173, 4, '0', 1),
(173, 2, '0', 1),
(174, 1, '0', 1),
(174, 4, '0', 1),
(175, 1, '0', 1),
(175, 4, '0', 1),
(176, 1, '0', 1),
(176, 4, '0', 1),
(177, 1, '0', 1),
(177, 4, '0', 1),
(178, 1, '0', 1),
(178, 4, '0', 1),
(178, 2, '0', 1),
(179, 1, '0', 1),
(179, 4, '0', 1),
(180, 1, '0', 1),
(180, 4, '0', 1),
(180, 2, '0', 1),
(180, 3, '0', 1),
(181, 1, '0', 1),
(181, 4, '0', 1),
(182, 1, '0', 1),
(182, 4, '0', 1),
(183, 1, '0', 1),
(183, 4, '0', 1),
(184, 1, '0', 1),
(184, 4, '0', 1),
(184, 2, '0', 1),
(184, 8, ' FECHA DE INICIO DEL HABITO:1983  1 DIARIO', 1),
(185, 1, '0', 1),
(185, 4, '0', 1),
(186, 1, '0', 1),
(186, 4, '0', 1),
(187, 1, '0', 1),
(187, 4, '0', 1),
(187, 2, '0', 1),
(187, 3, '0', 1),
(188, 1, '0', 1),
(188, 4, '0', 1),
(188, 2, '0', 1),
(189, 1, '0', 1),
(189, 4, '0', 1),
(189, 2, '0', 1),
(189, 3, '0', 1),
(189, 5, '  Hipertesión Arterial Controlada\nBisoprolol de 1.25mg / 1/4 de pastilla Diaria', 1),
(189, 6, ' No refiere', 1),
(189, 7, ' No refiere', 1),
(190, 1, '0', 1),
(190, 4, '0', 1),
(190, 2, '0', 1),
(190, 3, '0', 1),
(190, 5, '  Hipertesión Arterial Controlada\nBisoprolol de 1.25mg / 1/4 de pastilla Diaria', 1),
(190, 6, ' No refiere', 1),
(190, 7, ' No refiere', 1),
(191, 1, '0', 1),
(191, 4, '0', 1),
(191, 2, '0', 1),
(191, 3, '0', 1),
(191, 5, ' No refiere', 1),
(191, 6, '  No refiere', 1),
(191, 7, '  No refiere', 1),
(192, 1, '0', 1),
(192, 4, '0', 1),
(193, 1, '0', 1),
(193, 2, '0', 1),
(193, 4, '0', 1),
(193, 3, '0', 1),
(194, 1, '0', 1),
(194, 4, '0', 1),
(195, 1, '0', 1),
(195, 4, '0', 1),
(195, 2, '0', 1),
(195, 3, '0', 1),
(195, 5, ' Hipertensión controlada:\nBisoprolol 1,25 mgs - 1/4 pastilla diaria', 1),
(195, 6, ' No refiere', 1),
(195, 7, ' No refiere', 1),
(196, 1, '0', 1),
(196, 4, '0', 1),
(196, 2, '0', 1),
(196, 3, '0', 1),
(196, 5, ' No refiere', 1),
(196, 6, ' No refiere', 1),
(196, 7, ' No refiere', 1),
(197, 1, '0', 1),
(197, 4, '0', 1),
(197, 2, '0', 1),
(197, 3, '0', 1),
(198, 1, '0', 1),
(198, 4, '0', 1),
(198, 2, '0', 1),
(198, 3, '0', 1),
(199, 1, '0', 1),
(199, 4, '0', 1),
(200, 1, '0', 1),
(200, 4, '0', 1),
(201, 1, '0', 1),
(201, 4, '0', 1),
(202, 1, '0', 1),
(202, 4, '0', 1),
(203, 1, '0', 1),
(203, 2, '0', 1),
(203, 4, '0', 1),
(203, 3, '0', 1),
(204, 1, '0', 1),
(204, 2, '0', 1),
(204, 4, '0', 1),
(204, 3, '0', 1),
(205, 1, '0', 1),
(205, 4, '0', 1),
(205, 2, '0', 1),
(205, 3, '0', 1),
(205, 5, ' Fumadora hasta el año 2018, operada en febrero 2023', 1),
(206, 1, '0', 1),
(206, 4, '0', 1),
(206, 2, '0', 1),
(207, 1, '0', 1),
(207, 4, '0', 1),
(207, 2, '0', 1),
(208, 1, '0', 1),
(208, 4, '0', 1),
(208, 2, '0', 1),
(209, 1, '0', 1),
(209, 4, '0', 1),
(209, 2, '0', 1),
(209, 3, '0', 1),
(210, 1, '0', 1),
(210, 4, '0', 1),
(210, 2, '0', 1),
(210, 3, '0', 1),
(210, 5, ' Hipertension Arterial Asencial \nMedico Tratante Argenis Gonzalez \nTratamiento medico: Valsartan 80 , Coraspirina 81mg , Amlodipina 5mg .\nEstado de Salud Actual : En buen estado', 1),
(211, 1, '0', 1),
(211, 4, '0', 1),
(211, 2, '0', 1),
(211, 3, '0', 1),
(212, 1, '0', 1),
(212, 4, '0', 1),
(213, 1, '0', 1),
(213, 2, '0', 1),
(213, 4, '0', 1),
(213, 3, '0', 1),
(214, 1, '0', 1),
(214, 4, '0', 1),
(214, 2, '0', 1),
(215, 1, '0', 1),
(215, 4, '0', 1),
(215, 2, '0', 1),
(216, 1, '0', 1),
(216, 4, '0', 1),
(217, 1, '0', 1),
(217, 2, '0', 1),
(217, 4, '0', 1),
(217, 3, '0', 1),
(218, 1, '0', 1),
(218, 2, '0', 1),
(218, 4, '0', 1),
(218, 3, '0', 1),
(219, 1, '0', 1),
(219, 2, '0', 1),
(219, 4, '0', 1),
(219, 3, '0', 1),
(220, 1, '0', 1),
(220, 2, '0', 1),
(220, 4, '0', 1),
(220, 3, '0', 1),
(221, 1, '0', 1),
(221, 2, '0', 1),
(221, 4, '0', 1),
(221, 3, '0', 1),
(222, 1, '0', 1),
(222, 3, '0', 1),
(222, 4, '0', 1),
(223, 1, '0', 1),
(223, 4, '0', 1),
(223, 2, '0', 1),
(223, 5, 'Hipertesion arterial 2 losartan al dia', 1),
(224, 1, '0', 1),
(224, 4, '0', 1),
(224, 2, '0', 1),
(225, 1, '0', 1),
(225, 4, '0', 1),
(225, 2, '0', 1),
(226, 1, '0', 1),
(226, 4, '0', 1),
(226, 2, '0', 1),
(227, 1, '0', 1),
(227, 4, '0', 1),
(227, 2, '0', 1),
(227, 3, '0', 1),
(228, 1, '0', 1),
(228, 4, '0', 1),
(229, 1, '0', 1),
(229, 4, '0', 1),
(230, 1, '0', 1),
(230, 2, '0', 1),
(230, 4, '0', 1),
(230, 3, '0', 1),
(231, 1, '0', 1),
(231, 4, '0', 1),
(232, 1, '0', 1),
(232, 4, '0', 1),
(233, 1, '0', 1),
(233, 4, '0', 1),
(234, 1, '0', 1),
(234, 4, '0', 1),
(234, 2, '0', 1),
(234, 3, '0', 1),
(235, 1, '0', 1),
(235, 4, '0', 1),
(235, 2, '0', 1),
(235, 3, '0', 1),
(235, 6, ' trigliceridos altos diagnosticado en mayo 2023\n y bajo tratamiento', 1),
(236, 1, '0', 1),
(236, 4, '0', 1),
(236, 2, '0', 1),
(237, 1, '0', 1),
(237, 4, '0', 1),
(237, 2, '0', 1),
(238, 1, '0', 1),
(238, 4, '0', 1),
(238, 2, '0', 1),
(239, 1, '0', 1),
(239, 4, '0', 1),
(239, 2, '0', 1),
(240, 1, '0', 1),
(240, 4, '0', 1),
(240, 2, '0', 1),
(241, 1, '0', 1),
(241, 4, '0', 1),
(241, 2, '0', 1),
(242, 1, '0', 1),
(242, 4, '0', 1),
(242, 2, '0', 1),
(242, 3, '0', 1),
(242, 5, ' hipertensión controlada ', 1),
(243, 1, '0', 1),
(243, 4, '0', 1),
(243, 2, '0', 1),
(243, 3, '0', 1),
(244, 1, '0', 1),
(244, 4, '0', 1),
(245, 1, '0', 1),
(245, 4, '0', 1),
(246, 1, '0', 1),
(246, 4, '0', 1),
(247, 1, '0', 1),
(247, 4, '0', 1),
(247, 2, '0', 1),
(247, 3, '0', 1),
(248, 1, '0', 1),
(248, 2, '0', 1),
(248, 4, '0', 1),
(248, 3, '0', 1),
(249, 1, '0', 1),
(249, 4, '0', 1),
(249, 2, '0', 1),
(249, 3, '0', 1),
(250, 1, '0', 1),
(250, 2, '0', 1),
(250, 4, '0', 1),
(250, 3, '0', 1),
(251, 1, '0', 1),
(251, 4, '0', 1),
(251, 2, '0', 1),
(252, 1, '0', 1),
(252, 4, '0', 1),
(252, 2, '0', 1),
(252, 3, '0', 1),
(253, 1, '0', 1),
(253, 4, '0', 1),
(253, 2, '0', 1),
(254, 1, '0', 1),
(254, 4, '0', 1),
(255, 1, '0', 1),
(255, 2, '0', 1),
(255, 4, '0', 1),
(255, 3, '0', 1),
(256, 1, '0', 1),
(256, 2, '0', 1),
(256, 4, '0', 1),
(256, 3, '0', 1),
(257, 1, '0', 1),
(257, 3, '0', 1),
(257, 4, '0', 1),
(258, 1, '0', 1),
(258, 2, '0', 1),
(258, 4, '0', 1),
(258, 3, '0', 1),
(259, 1, '0', 1),
(259, 4, '0', 1),
(259, 2, '0', 1),
(260, 1, '0', 1),
(260, 4, '0', 1),
(260, 2, '0', 1),
(261, 1, '0', 1),
(261, 2, '0', 1),
(261, 4, '0', 1),
(261, 3, '0', 1),
(262, 1, '0', 1),
(262, 4, '0', 1),
(263, 1, '0', 1),
(263, 4, '0', 1),
(263, 2, '0', 1),
(264, 1, '0', 1),
(264, 2, '0', 1),
(264, 4, '0', 1),
(264, 3, '0', 1),
(265, 1, '0', 1),
(265, 2, '0', 1),
(265, 4, '0', 1),
(265, 3, '0', 1),
(266, 1, '0', 1),
(266, 4, '0', 1),
(267, 1, '0', 1),
(267, 4, '0', 1),
(268, 1, '0', 1),
(268, 2, '0', 1),
(268, 4, '0', 1),
(268, 3, '0', 1),
(269, 1, '0', 1),
(269, 4, '0', 1),
(270, 1, '0', 1),
(270, 4, '0', 1),
(271, 1, '0', 1),
(271, 4, '0', 1),
(271, 2, '0', 1),
(272, 1, '0', 1),
(272, 4, '0', 1),
(273, 1, '0', 1),
(273, 4, '0', 1),
(274, 1, '0', 1),
(274, 4, '0', 1),
(275, 1, '0', 1),
(275, 2, '0', 1),
(275, 4, '0', 1),
(275, 3, '0', 1),
(276, 1, '0', 1),
(276, 4, '0', 1),
(277, 1, '0', 1),
(277, 4, '0', 1),
(278, 1, '0', 1),
(278, 4, '0', 1),
(278, 2, '0', 1),
(278, 3, '0', 1),
(278, 5, ' No aplica ', 1),
(278, 6, ' No aplica ', 1),
(278, 7, ' No aplica ', 1),
(279, 1, '0', 1),
(279, 4, '0', 1),
(280, 1, '0', 1),
(280, 4, '0', 1),
(280, 2, '0', 1),
(280, 3, '0', 1),
(280, 5, 'HTA APROX. 13 AÑOS', 1),
(280, 6, ' TIROIDES DESDE LA INFANCIA', 1),
(281, 1, '0', 1),
(281, 4, '0', 1),
(281, 2, '0', 1),
(281, 6, ' DIABETES TIPO II CONTRALADA CON MEPFORMINA 500mg', 1),
(282, 1, '0', 1),
(282, 4, '0', 1),
(282, 2, '0', 1),
(282, 3, '0', 1),
(282, 5, ' tIROIDES, QUISTE SIMPLE IZQUIERDO.\nNODULO ESPUNGIFORME LADO DERECHO. \nULTIMA CONSULTA: 20-06-23\nDRA. GEISEL VELASCO\nMEDICO CIRUJANO', 1),
(282, 6, ' NO REFIERE', 1),
(282, 7, ' NO REFIERE', 1),
(283, 1, '0', 1),
(283, 2, '0', 1),
(283, 4, '0', 1),
(283, 3, '0', 1),
(284, 1, '0', 1),
(284, 4, '0', 1),
(285, 1, '0', 1),
(285, 4, '0', 1),
(285, 2, '0', 1),
(286, 1, '0', 1),
(286, 4, '0', 1),
(286, 2, '0', 1),
(287, 1, '0', 1),
(287, 4, '0', 1),
(288, 1, '0', 1),
(288, 4, '0', 1),
(289, 1, '0', 1),
(289, 4, '0', 1),
(289, 2, '0', 1),
(289, 3, '0', 1),
(290, 1, '0', 1),
(290, 4, '0', 1),
(290, 2, '0', 1),
(290, 5, ' Hipertensión, 1 enalapril 1 al día', 1),
(291, 1, '0', 1),
(291, 4, '0', 1),
(292, 1, '0', 1),
(292, 4, '0', 1),
(292, 2, '0', 1),
(292, 6, ' FUI OPERADO DE BAYPASS GASTRICO, EN FECHA 27-06-2022, ENCONTRANDOME EN BUENAS CONDICIONES EN LA ACTUALIDAD, CON PESO DE 92 KILOS, MI ALTURA ES DE 1.70', 1),
(293, 1, '0', 1),
(293, 4, '0', 1),
(293, 2, '0', 1),
(294, 1, '0', 1),
(294, 4, '0', 1),
(295, 1, '0', 1),
(295, 4, '0', 1),
(295, 2, '0', 1),
(295, 3, '0', 1),
(295, 8, ' Desde hace mas de 35 años , 5 cigarrillos diarios', 1),
(296, 1, '0', 1),
(296, 4, '0', 1),
(296, 2, '0', 1),
(296, 3, '0', 1),
(297, 1, '0', 1),
(297, 4, '0', 1),
(298, 1, '0', 1),
(298, 2, '0', 1),
(298, 4, '0', 1),
(298, 3, '0', 1),
(299, 1, '0', 1),
(299, 4, '0', 1),
(299, 2, '0', 1),
(300, 1, '0', 1),
(300, 4, '0', 1),
(300, 2, '0', 1),
(301, 1, '0', 1),
(301, 4, '0', 1),
(301, 2, '0', 1),
(301, 3, '0', 1),
(302, 1, '0', 1),
(302, 4, '0', 1),
(302, 2, '0', 1),
(302, 3, '0', 1),
(303, 1, '0', 1),
(303, 4, '0', 1),
(303, 2, '0', 1),
(303, 5, ' hipertencion arterial controlada', 1),
(304, 1, '0', 1),
(304, 4, '0', 1),
(305, 1, '0', 1),
(305, 4, '0', 1),
(305, 2, '0', 1),
(305, 3, '0', 1),
(305, 5, 'Hipertensión Arterial Motivo por el cual consume Varsartan de 160mg 1 dosis Diaria desde julio del 2021, el cual fue Diagnosticado por el Cardiologo Angel Rodriguez  \n\n20 de Mayo del 2021  fue diagnosticado por el Doctor Eddy Gomez de Psoriasis y Artritis Reumatoide.', 1),
(306, 1, '0', 1),
(306, 2, '0', 1),
(306, 4, '0', 1),
(306, 3, '0', 1),
(307, 1, '0', 1),
(307, 2, '0', 1),
(307, 4, '0', 1),
(307, 3, '0', 1),
(308, 1, '0', 1),
(308, 2, '0', 1),
(308, 4, '0', 1),
(308, 3, '0', 1),
(309, 1, '0', 1),
(309, 2, '0', 1),
(309, 4, '0', 1),
(309, 3, '0', 1),
(310, 1, '0', 1),
(310, 2, '0', 1),
(310, 4, '0', 1),
(310, 3, '0', 1),
(310, 6, 'Hipotiroidismo, diagnostico en 1998. hiperlipidemia.  2020', 1),
(311, 1, '0', 1),
(311, 2, '0', 1),
(311, 4, '0', 1),
(311, 3, '0', 1),
(312, 1, '0', 1),
(312, 4, '0', 1),
(312, 2, '0', 1),
(312, 3, '0', 1),
(313, 1, '0', 1),
(313, 2, '0', 1),
(313, 4, '0', 1),
(313, 3, '0', 1),
(314, 1, '0', 1),
(314, 2, '0', 1),
(314, 4, '0', 1),
(314, 3, '0', 1),
(315, 1, '0', 1),
(315, 2, '0', 1),
(315, 4, '0', 1),
(315, 3, '0', 1),
(316, 1, '0', 1),
(316, 2, '0', 1),
(316, 4, '0', 1),
(316, 3, '0', 1),
(317, 1, '0', 1),
(317, 4, '0', 1),
(317, 2, '0', 1),
(318, 1, '0', 1),
(318, 4, '0', 1),
(319, 1, '0', 1),
(319, 4, '0', 1),
(319, 2, '0', 1),
(319, 3, '0', 1),
(320, 1, '0', 1),
(320, 4, '0', 1),
(320, 2, '0', 1),
(321, 1, '0', 1),
(321, 4, '0', 1),
(321, 2, '0', 1),
(321, 3, '0', 1),
(322, 1, '0', 1),
(322, 4, '0', 1),
(323, 1, '0', 1),
(323, 4, '0', 1),
(324, 1, '0', 1),
(324, 4, '0', 1),
(325, 1, '0', 1),
(325, 4, '0', 1),
(326, 1, '0', 1),
(326, 4, '0', 1),
(327, 1, '0', 1),
(327, 4, '0', 1),
(328, 1, '0', 1),
(328, 4, '0', 1),
(329, 1, '0', 1),
(329, 4, '0', 1),
(330, 1, '0', 1),
(330, 4, '0', 1),
(331, 1, '0', 1),
(331, 4, '0', 1),
(332, 1, '0', 1),
(332, 4, '0', 1),
(333, 1, '0', 1),
(333, 4, '0', 1),
(334, 1, '0', 1),
(334, 4, '0', 1),
(335, 1, '0', 1),
(335, 4, '0', 1),
(336, 1, '0', 1),
(336, 4, '0', 1),
(337, 1, '0', 1),
(337, 4, '0', 1),
(338, 1, '0', 1),
(338, 4, '0', 1),
(339, 1, '0', 1),
(339, 4, '0', 1),
(340, 1, '0', 1),
(340, 4, '0', 1),
(341, 1, '0', 1),
(341, 4, '0', 1),
(341, 2, '0', 1),
(342, 1, '0', 1),
(342, 4, '0', 1),
(343, 1, '0', 1),
(343, 4, '0', 1),
(343, 2, '0', 1),
(343, 5, ' HIPERTENSO CONTROLADO Y EN PERFECTO ESTADO DE SALUD', 1),
(344, 1, '0', 1),
(344, 4, '0', 1),
(345, 1, '0', 1),
(345, 4, '0', 1),
(346, 1, '0', 1),
(346, 4, '0', 1),
(346, 2, '0', 1),
(346, 3, '0', 1),
(347, 1, '0', 1),
(347, 4, '0', 1),
(348, 1, '0', 1),
(348, 4, '0', 1),
(349, 1, '0', 1),
(349, 4, '0', 1),
(349, 2, '0', 1),
(349, 3, '0', 1),
(350, 1, '0', 1),
(350, 2, '0', 1),
(350, 4, '0', 1),
(350, 3, '0', 1),
(351, 1, '0', 1),
(351, 4, '0', 1),
(352, 1, '0', 1),
(352, 2, '0', 1),
(352, 4, '0', 1),
(352, 3, '0', 1),
(353, 1, '0', 1),
(353, 4, '0', 1),
(354, 1, '0', 1),
(354, 4, '0', 1),
(355, 1, '0', 1),
(355, 4, '0', 1),
(355, 2, '0', 1),
(355, 3, '0', 1),
(355, 6, 'Fui operado el 27-06-2022, de Baypass Gastrico, encontrandome en la actualidad en excelente condiciones de salud.', 1),
(356, 1, '0', 1),
(356, 4, '0', 1),
(356, 2, '0', 1),
(356, 6, ' DIABETES TIPO II - CONTROLADA CON MEPFORMINA DE 500MG', 1),
(357, 1, '0', 1),
(357, 2, '0', 1),
(357, 4, '0', 1),
(357, 3, '0', 1),
(358, 1, '0', 1),
(358, 4, '0', 1),
(359, 1, '0', 1),
(359, 2, '0', 1),
(359, 4, '0', 1),
(359, 3, '0', 1),
(359, 5, ' NO', 1),
(359, 6, ' NO', 1),
(360, 1, '0', 1),
(360, 4, '0', 1),
(361, 1, '0', 1),
(361, 4, '0', 1),
(361, 2, '0', 1),
(361, 3, '0', 1),
(362, 1, '0', 1),
(362, 4, '0', 1),
(363, 1, '0', 1),
(363, 4, '0', 1),
(364, 1, '0', 1),
(364, 4, '0', 1),
(364, 2, '0', 1),
(364, 3, '0', 1),
(364, 5, ' hipertensión arterial controlada.Doctor Peter Reader', 1),
(365, 1, '0', 1),
(365, 4, '0', 1),
(366, 1, '0', 1),
(366, 4, '0', 1),
(366, 2, '0', 1),
(366, 8, ' FUMA DESDE LOS 25 ANOS, 6 AL DIA', 1),
(367, 1, '0', 1),
(367, 4, '0', 1),
(368, 1, '0', 1),
(368, 4, '0', 1),
(368, 2, '0', 1),
(368, 5, 'Hipertenso toma losartan 50mg', 1),
(369, 1, '0', 1),
(369, 4, '0', 1),
(369, 2, '0', 1),
(370, 1, '0', 1),
(370, 4, '0', 1),
(370, 2, '0', 1),
(370, 3, '0', 1),
(370, 5, ' Hipertensión Arterial', 1),
(371, 1, '0', 1),
(371, 4, '0', 1),
(371, 2, '0', 1),
(371, 3, '0', 1),
(372, 1, '0', 1),
(372, 4, '0', 1),
(373, 1, '0', 1),
(373, 2, '0', 1),
(373, 4, '0', 1),
(373, 3, '0', 1),
(374, 1, '0', 1),
(374, 4, '0', 1),
(374, 2, '0', 1),
(375, 1, '0', 1),
(375, 4, '0', 1),
(375, 2, '0', 1),
(375, 5, ' Hipertensión:  Amlodipina y Coraspirina\nPatelectomia mimbro inf izquierso , feb 2006\nECV  Isquemico', 1),
(376, 1, '0', 1),
(376, 4, '0', 1),
(376, 2, '0', 1),
(376, 5, ' Hipertension, Losartan', 1),
(377, 1, '0', 1),
(377, 4, '0', 1),
(377, 2, '0', 1),
(377, 3, '0', 1),
(378, 1, '0', 1),
(378, 4, '0', 1),
(378, 2, '0', 1),
(379, 1, '0', 1),
(379, 2, '0', 1),
(379, 4, '0', 1),
(379, 3, '0', 1),
(380, 1, '0', 1),
(380, 2, '0', 1),
(380, 4, '0', 1),
(380, 3, '0', 1),
(381, 1, '0', 1),
(381, 4, '0', 1),
(382, 1, '0', 1),
(382, 4, '0', 1),
(383, 1, '0', 1),
(383, 4, '0', 1),
(384, 1, '0', 1),
(384, 4, '0', 1),
(384, 2, '0', 1),
(384, 3, '0', 1),
(385, 1, '0', 1),
(385, 2, '0', 1),
(385, 4, '0', 1),
(385, 3, '0', 1),
(386, 1, '0', 1),
(386, 4, '0', 1),
(387, 1, '0', 1),
(387, 4, '0', 1),
(387, 2, '0', 1),
(388, 1, '0', 1),
(388, 4, '0', 1),
(388, 2, '0', 1),
(389, 1, '0', 1),
(389, 4, '0', 1),
(389, 2, '0', 1),
(390, 1, '0', 1),
(390, 4, '0', 1),
(390, 2, '0', 1),
(391, 1, '0', 1),
(391, 4, '0', 1),
(391, 2, '0', 1),
(391, 3, '0', 1),
(392, 1, '0', 1),
(392, 4, '0', 1),
(392, 2, '0', 1),
(392, 3, '0', 1),
(393, 1, '0', 1),
(393, 4, '0', 1),
(394, 1, '0', 1),
(394, 4, '0', 1),
(394, 2, '0', 1),
(394, 3, '0', 1),
(395, 1, '0', 1),
(395, 2, '0', 1),
(395, 4, '0', 1),
(395, 3, '0', 1),
(396, 1, '0', 1),
(396, 4, '0', 1),
(397, 1, '0', 1),
(397, 4, '0', 1),
(398, 1, '0', 1),
(398, 4, '0', 1),
(399, 1, '0', 1),
(399, 4, '0', 1),
(400, 1, '0', 1),
(400, 4, '0', 1),
(401, 1, '0', 1),
(401, 4, '0', 1);

-- --------------------------------------------------------

--
-- Estructura de tabla para la tabla `insurance_buy_family`
--

CREATE TABLE `insurance_buy_family` (
  `id_family` int(11) NOT NULL,
  `id_buy` int(11) NOT NULL,
  `identification_family` int(11) NOT NULL,
  `names_family` varchar(200) NOT NULL,
  `date_birth` date NOT NULL,
  `email_family` varchar(100) NOT NULL,
  `phones_family` varchar(50) NOT NULL,
  `sex_family` char(1) NOT NULL,
  `id_relationship` int(11) NOT NULL COMMENT '1esposo,2conyugue,3padres,4hijos'
) ENGINE=InnoDB DEFAULT CHARSET=utf8mb4;

--
-- Volcado de datos para la tabla `insurance_buy_family`
--

INSERT INTO `insurance_buy_family` (`id_family`, `id_buy`, `identification_family`, `names_family`, `date_birth`, `email_family`, `phones_family`, `sex_family`, `id_relationship`) VALUES
(4, 118, 13316893, 'GRENDYS DEL VALLE FARIAS GOMEZ', '1977-09-23', 'greudys.farias@gmail.com', '04248037415', 'F', 2),
(5, 118, 32531774, 'GRECIA HERNANDEZ FARIAS', '2007-11-21', 'greudys.farias@gmail.com', '04248037415', 'F', 4),
(6, 118, 33727764, 'GREYS HERNANDEZ FARIAS', '2010-08-26', 'greudys.farias@gmail.com', '04248037415', 'F', 4),
(7, 130, 638673, 'LUIS ALBERTO ALFONZO RODRIGUEZ', '1947-09-12', 'laar1247@gmail.com', '04120307942', 'M', 2);

-- --------------------------------------------------------

--
-- Estructura de tabla para la tabla `insurance_buy_temp`
--

CREATE TABLE `insurance_buy_temp` (
  `id_buy_temp` int(11) NOT NULL,
  `id_insurance` int(11) NOT NULL,
  `id_user_api` int(11) DEFAULT NULL,
  `id_term` int(11) DEFAULT NULL,
  `amount_term` double(20,2) DEFAULT NULL,
  `total_buy` double(20,2) NOT NULL DEFAULT 0.00,
  `id_coupon` int(11) DEFAULT NULL,
  `type_coupon` int(11) DEFAULT NULL,
  `id_subscriber` int(11) DEFAULT NULL,
  `user_id` varchar(20) COLLATE utf8_unicode_ci NOT NULL,
  `name_user` varchar(100) COLLATE utf8_unicode_ci NOT NULL,
  `last_name_user` varchar(100) COLLATE utf8_unicode_ci NOT NULL,
  `sex_user` varchar(1) COLLATE utf8_unicode_ci NOT NULL,
  `date_birth` date NOT NULL,
  `age_user` int(11) NOT NULL,
  `smokes_user` int(11) NOT NULL,
  `id_country` varchar(2) COLLATE utf8_unicode_ci NOT NULL,
  `email_user` varchar(100) COLLATE utf8_unicode_ci NOT NULL,
  `phone_user` varchar(50) COLLATE utf8_unicode_ci NOT NULL,
  `beneficiaries_user` int(11) NOT NULL,
  `id_price` int(11) NOT NULL,
  `user_profile` int(11) DEFAULT NULL,
  `id_agency` int(11) DEFAULT NULL,
  `id_adviser` int(11) DEFAULT NULL,
  `id_agency_ibo` int(11) DEFAULT NULL,
  `ibo` varchar(15) COLLATE utf8_unicode_ci DEFAULT NULL,
  `model_car` varchar(100) COLLATE utf8_unicode_ci DEFAULT NULL,
  `year_car` year(4) DEFAULT NULL,
  `license_plate` varchar(50) COLLATE utf8_unicode_ci DEFAULT NULL,
  `brand_car` varchar(100) COLLATE utf8_unicode_ci DEFAULT NULL,
  `color_car` varchar(100) COLLATE utf8_unicode_ci DEFAULT NULL,
  `serial_car` varchar(100) COLLATE utf8_unicode_ci DEFAULT NULL,
  `use_brand` varchar(100) COLLATE utf8_unicode_ci DEFAULT NULL,
  `option_extension` int(11) NOT NULL DEFAULT 1,
  `cant_sons` int(11) NOT NULL DEFAULT 0,
  `cant_fathers` int(11) NOT NULL DEFAULT 0,
  `cant_spouse` int(11) NOT NULL DEFAULT 0,
  `id_status` int(11) NOT NULL,
  `id_cuota` int(11) DEFAULT NULL,
  `create_date` datetime NOT NULL
) ENGINE=InnoDB DEFAULT CHARSET=utf8 COLLATE=utf8_unicode_ci;

--
-- Volcado de datos para la tabla `insurance_buy_temp`
--

INSERT INTO `insurance_buy_temp` (`id_buy_temp`, `id_insurance`, `id_user_api`, `id_term`, `amount_term`, `total_buy`, `id_coupon`, `type_coupon`, `id_subscriber`, `user_id`, `name_user`, `last_name_user`, `sex_user`, `date_birth`, `age_user`, `smokes_user`, `id_country`, `email_user`, `phone_user`, `beneficiaries_user`, `id_price`, `user_profile`, `id_agency`, `id_adviser`, `id_agency_ibo`, `ibo`, `model_car`, `year_car`, `license_plate`, `brand_car`, `color_car`, `serial_car`, `use_brand`, `option_extension`, `cant_sons`, `cant_fathers`, `cant_spouse`, `id_status`, `id_cuota`, `create_date`) VALUES
(1, 3, NULL, NULL, NULL, 0.00, NULL, NULL, NULL, '24219449', 'Yoward', 'Diaz', 'M', '2003-12-31', 18, 0, 'VE', 'diazbasket5@hotmail.com', '+584242555069', 0, 15, NULL, NULL, NULL, NULL, NULL, NULL, NULL, NULL, NULL, NULL, NULL, NULL, 1, 0, 0, 0, 8, NULL, '2022-06-07 15:33:23'),
(2, 3, NULL, NULL, NULL, 0.00, NULL, NULL, NULL, '12093889', 'DERDLIM', 'PACHECO', 'F', '1974-05-29', 48, 0, 'VE', 'depm2905@gmail.com', '+584248943284', 1, 13, 4, 25, NULL, NULL, NULL, NULL, NULL, NULL, NULL, NULL, NULL, NULL, 1, 0, 0, 0, 8, NULL, '2022-06-10 11:26:09'),
(3, 3, NULL, NULL, NULL, 0.00, NULL, NULL, NULL, '14485322', 'ALMARY', 'VALERA', 'F', '1981-10-10', 40, 1, 'VE', 'ALMARYFIANZAS@GMAIL.COM', '+584122134031', 1, 5, 6, NULL, 74, NULL, NULL, NULL, NULL, NULL, NULL, NULL, NULL, NULL, 1, 0, 0, 0, 8, NULL, '2022-06-28 09:59:02'),
(4, 5, NULL, NULL, NULL, 0.00, NULL, NULL, NULL, '9460454', 'YSABEL', 'BUITRAGO', 'F', '1967-07-02', 54, 0, 'VE', 'gestionybc2009@gmail.com', '+584142834887', 1, 24, 6, NULL, 84, NULL, NULL, NULL, NULL, NULL, NULL, NULL, NULL, NULL, 1, 0, 0, 0, 8, NULL, '2022-06-29 13:01:01'),
(5, 5, NULL, NULL, NULL, 0.00, NULL, NULL, NULL, '25', 'f', 'f', 'F', '2000-01-01', 22, 0, 'VE', 'Freddybelisario@gmail.com', '+581266478', 0, 25, NULL, NULL, NULL, NULL, NULL, NULL, NULL, NULL, NULL, NULL, NULL, NULL, 1, 0, 0, 0, 8, NULL, '2022-06-29 16:19:42'),
(6, 5, NULL, NULL, NULL, 0.00, NULL, NULL, NULL, 'prueba', 'Yoward prueba', 'Yoward prueba', 'M', '2003-12-31', 18, 0, 'PT', 'yoward_prueba@hotmail.com', '+35134344', 0, 25, NULL, NULL, NULL, NULL, NULL, NULL, NULL, NULL, NULL, NULL, NULL, NULL, 1, 0, 0, 0, 8, NULL, '2022-06-29 16:27:22'),
(7, 3, NULL, NULL, NULL, 0.00, NULL, NULL, NULL, '56565', 'ghghg', 'ggh', 'M', '2003-12-31', 18, 0, 'DE', 'ghh@hot.com', '+494545', 0, 15, NULL, NULL, NULL, NULL, NULL, NULL, NULL, NULL, NULL, NULL, NULL, NULL, 1, 0, 0, 0, 8, NULL, '2022-07-08 17:03:31'),
(8, 5, NULL, NULL, NULL, 0.00, NULL, NULL, NULL, '56456', 'fghf', 'fghfh', 'M', '2003-12-31', 18, 0, 'DE', 'fhfh@hot.com', '+493434', 0, 25, NULL, NULL, NULL, NULL, NULL, NULL, NULL, NULL, NULL, NULL, NULL, NULL, 1, 0, 0, 0, 8, NULL, '2022-07-08 17:08:39'),
(9, 7, NULL, NULL, NULL, 0.00, NULL, NULL, NULL, '8507114', 'Rafael', 'Villasmil', 'M', '1968-05-28', 54, 0, 'VE', 'rafavillasmilv@gmail.com', '+584123130575', 0, 32, 4, 20, NULL, NULL, NULL, NULL, NULL, NULL, NULL, NULL, NULL, NULL, 1, 0, 0, 0, 8, NULL, '2022-07-11 12:30:15'),
(10, 5, NULL, NULL, NULL, 0.00, NULL, NULL, NULL, '66666666', 'K', 'B', 'M', '2004-01-01', 18, 0, 'VE', 'freddybelisario@gmail.com', '+584241293904', 1, 25, NULL, NULL, NULL, NULL, NULL, NULL, NULL, NULL, NULL, NULL, NULL, NULL, 1, 0, 0, 0, 8, NULL, '2022-07-11 14:32:17'),
(11, 7, NULL, NULL, NULL, 0.00, NULL, NULL, NULL, '8507114', 'Rafael', 'Villasmil', 'M', '1968-05-28', 54, 0, 'VE', 'rafavillasmilv@gmail.com', '+584123130575', 0, 32, 4, 20, NULL, NULL, NULL, NULL, NULL, NULL, NULL, NULL, NULL, NULL, 1, 0, 0, 0, 8, NULL, '2022-07-11 16:23:33'),
(12, 3, NULL, NULL, NULL, 0.00, NULL, NULL, NULL, '43434', 'Yofre', 'yeos', 'M', '2003-12-31', 18, 0, 'VE', 'ydsystemsvzla@gmail.com', '+585445', 0, 15, NULL, NULL, NULL, NULL, NULL, NULL, NULL, NULL, NULL, NULL, NULL, NULL, 1, 0, 0, 0, 8, NULL, '2022-07-13 07:19:19'),
(13, 3, NULL, NULL, NULL, 0.00, NULL, NULL, NULL, '12072617', 'joanna', 'guzman', 'F', '1978-12-26', 43, 0, 'VE', 'guzman.joanna@gmail.com', '+584142464646', 1, 15, NULL, NULL, NULL, NULL, NULL, NULL, NULL, NULL, NULL, NULL, NULL, NULL, 1, 0, 0, 0, 8, NULL, '2022-07-13 09:07:48'),
(14, 3, NULL, NULL, NULL, 0.00, NULL, NULL, NULL, '8283705', 'ALEXANDER DEL CARMEN', 'REDONDO ROMERO', 'M', '1975-04-19', 47, 0, 'VE', 'aredondo19@gmail.com', '+584148335089', 2, 6, 6, NULL, 50, NULL, NULL, NULL, NULL, NULL, NULL, NULL, NULL, NULL, 1, 0, 0, 0, 8, NULL, '2022-07-13 10:30:52'),
(15, 5, NULL, NULL, NULL, 0.00, NULL, NULL, NULL, '25698', 'p', 'p', 'F', '1999-01-01', 23, 0, 'EG', 'usbjhonny@gmail.com', '+200584', 0, 25, NULL, NULL, NULL, NULL, NULL, NULL, NULL, NULL, NULL, NULL, NULL, NULL, 1, 0, 0, 0, 8, NULL, '2022-07-14 10:07:55'),
(16, 3, NULL, NULL, NULL, 0.00, NULL, NULL, NULL, '45455', 'Yoward', 'Diaz', 'M', '1995-08-08', 26, 0, 'VE', 'ydiaz@esv.com.ve', '+584242555069', 0, 15, NULL, NULL, NULL, NULL, NULL, NULL, NULL, NULL, NULL, NULL, NULL, NULL, 1, 0, 0, 0, 8, NULL, '2022-07-15 11:30:11'),
(17, 3, NULL, NULL, NULL, 0.00, NULL, NULL, NULL, '24219450', 'Yoward', 'Diaz', 'M', '1994-01-07', 28, 0, 'VE', 'ydiaz@esv.com.ve', '+5842458796', 0, 15, NULL, NULL, NULL, NULL, NULL, NULL, NULL, NULL, NULL, NULL, NULL, NULL, 1, 0, 0, 0, 8, NULL, '2022-07-15 11:48:48'),
(18, 3, NULL, NULL, NULL, 0.00, NULL, NULL, NULL, '9173224', 'Joaquin', 'Aguilar', 'M', '1964-10-06', 57, 0, 'VE', 'aguilar.joaquine@gmail.com', '+584147290301', 1, 6, 5, 97, NULL, NULL, NULL, NULL, NULL, NULL, NULL, NULL, NULL, NULL, 1, 0, 0, 0, 8, NULL, '2022-07-19 10:35:38'),
(19, 3, NULL, NULL, NULL, 0.00, NULL, NULL, NULL, '9173224', 'Joaquin', 'Aguilar', 'M', '1964-10-06', 57, 0, 'VE', 'aguilar.joaquine@gmail.com', '+584147290301', 1, 6, 5, 97, NULL, NULL, NULL, NULL, NULL, NULL, NULL, NULL, NULL, NULL, 1, 0, 0, 0, 8, NULL, '2022-07-19 10:48:16'),
(20, 3, NULL, NULL, NULL, 0.00, NULL, NULL, NULL, '25568580', 'Oscar', 'Coraspe', 'M', '1997-02-19', 25, 0, 'VE', 'oscarlct30@gmail.com', '+584121195765', 1, 5, 4, 20, NULL, NULL, NULL, NULL, NULL, NULL, NULL, NULL, NULL, NULL, 1, 0, 0, 0, 8, NULL, '2022-07-20 19:13:41'),
(21, 8, NULL, NULL, NULL, 0.00, NULL, NULL, NULL, '7957547', 'Jose', 'Luque', 'M', '1969-07-11', 53, 0, 'VE', 'jangellb@gmail.com', '+584122837237', 0, 33, 4, 102, NULL, NULL, NULL, NULL, NULL, NULL, NULL, NULL, NULL, NULL, 1, 0, 0, 0, 8, NULL, '2022-07-21 11:37:05'),
(22, 8, NULL, NULL, NULL, 0.00, NULL, NULL, NULL, '7896541', 'Carlos', 'Ramirez', 'M', '1968-06-14', 54, 0, 'VE', 'carlosgramirezg@gmail.com', '+584166151516', 0, 33, 4, 102, NULL, NULL, NULL, NULL, NULL, NULL, NULL, NULL, NULL, NULL, 1, 0, 0, 0, 8, NULL, '2022-07-21 11:54:01'),
(23, 8, NULL, NULL, NULL, 0.00, NULL, NULL, NULL, '7896541', 'Carlos', 'Ramirez', 'M', '1968-06-14', 54, 0, 'VE', 'carlosgramirezg@gmail.com', '+584166151516', 0, 33, 4, 102, NULL, NULL, NULL, NULL, NULL, NULL, NULL, NULL, NULL, NULL, 1, 0, 0, 0, 8, NULL, '2022-07-21 11:54:41'),
(24, 8, NULL, NULL, NULL, 0.00, NULL, NULL, NULL, '7896541', 'Carlos', 'Ramirez', 'M', '1968-06-14', 54, 0, 'VE', 'carlosgramirezg@gmail.com', '+584166151516', 0, 33, 4, 102, NULL, NULL, NULL, NULL, NULL, NULL, NULL, NULL, NULL, NULL, 1, 0, 0, 0, 8, NULL, '2022-07-21 12:00:28'),
(25, 3, NULL, NULL, NULL, 0.00, NULL, NULL, NULL, '12213027', 'Ruth', 'Batte', 'F', '1975-04-10', 47, 0, 'VE', 'agenciadeviajesvive@hotmail.com', '+584243348730', 1, 5, 6, NULL, 118, NULL, NULL, NULL, NULL, NULL, NULL, NULL, NULL, NULL, 1, 0, 0, 0, 8, NULL, '2022-07-22 15:36:26'),
(26, 8, NULL, NULL, NULL, 0.00, NULL, NULL, NULL, '7957547', 'Jose', 'Luque', 'M', '1969-07-11', 53, 0, 'VE', 'jangellb@gmail.com', '+584142869968', 0, 34, 4, 102, NULL, NULL, NULL, NULL, NULL, NULL, NULL, NULL, NULL, NULL, 1, 0, 0, 0, 8, NULL, '2022-07-25 09:27:03'),
(27, 8, NULL, NULL, NULL, 0.00, NULL, NULL, NULL, '19313823', 'Estefania', 'Vitale', 'F', '1990-01-02', 32, 0, 'VE', 'vitalfravelservice@gmail.com', '+584123314652', 0, 34, 4, 102, NULL, NULL, NULL, NULL, NULL, NULL, NULL, NULL, NULL, NULL, 1, 0, 0, 0, 8, NULL, '2022-07-25 10:56:53'),
(28, 8, NULL, NULL, NULL, 0.00, NULL, NULL, NULL, '13472565', 'jose', 'abreu', 'M', '1968-05-08', 54, 0, 'VE', 'mellymendes76@gmail.com', '+584143345572', 0, 34, 4, 102, NULL, NULL, NULL, NULL, NULL, NULL, NULL, NULL, NULL, NULL, 1, 0, 0, 0, 8, NULL, '2022-07-25 11:37:22'),
(29, 8, NULL, NULL, NULL, 0.00, NULL, NULL, NULL, '25212259', 'MICHELLE', 'CHACON', 'F', '1994-11-05', 27, 0, 'VE', 'michelledenisec@gmail.com', '+584244416008', 0, 33, 4, 102, NULL, NULL, NULL, NULL, NULL, NULL, NULL, NULL, NULL, NULL, 1, 0, 0, 0, 8, NULL, '2022-07-25 14:19:47'),
(30, 8, NULL, NULL, NULL, 0.00, NULL, NULL, NULL, '20083446', 'KARINA', 'VERGARA', 'F', '1977-08-06', 44, 0, 'VE', 'karinapreciosavergara@gmail.com', '+584165475532', 0, 34, 4, 102, NULL, NULL, NULL, NULL, NULL, NULL, NULL, NULL, NULL, NULL, 1, 0, 0, 0, 8, NULL, '2022-07-25 14:48:48'),
(31, 8, NULL, NULL, NULL, 0.00, NULL, NULL, NULL, '5308570', 'MONICA', 'BELLO', 'F', '1961-10-16', 60, 0, 'VE', 'tarreja@gmail.com', '+584143146433', 0, 34, 4, 102, NULL, NULL, NULL, NULL, NULL, NULL, NULL, NULL, NULL, NULL, 1, 0, 0, 0, 8, NULL, '2022-07-25 14:58:28'),
(32, 8, NULL, NULL, NULL, 0.00, NULL, NULL, NULL, '29594746', 'omar', 'gamero', 'M', '2002-04-16', 20, 0, 'VE', 'omardominick10@gmail.com', '+584241205115', 0, 33, 4, 102, NULL, NULL, NULL, NULL, NULL, NULL, NULL, NULL, NULL, NULL, 1, 0, 0, 0, 8, NULL, '2022-07-25 15:35:22'),
(33, 8, NULL, NULL, NULL, 0.00, NULL, NULL, NULL, '19258622', 'yonathan', 'reina', 'M', '1989-02-01', 33, 0, 'VE', 'reinayonathan@gmail.com', '+584147610075', 0, 34, 4, 102, NULL, NULL, NULL, NULL, NULL, NULL, NULL, NULL, NULL, NULL, 1, 0, 0, 0, 8, NULL, '2022-07-26 08:41:02'),
(34, 5, NULL, NULL, NULL, 0.00, NULL, NULL, NULL, '13382771', 'jhonny', 'Matute', 'M', '1977-11-27', 44, 0, 'VE', 'netjhonny@hotmail.com', '+584142333380', 0, 22, NULL, NULL, NULL, NULL, NULL, NULL, NULL, NULL, NULL, NULL, NULL, NULL, 1, 0, 0, 0, 8, NULL, '2022-07-26 08:46:34'),
(35, 3, NULL, NULL, NULL, 0.00, NULL, NULL, NULL, '666', 'Yolanda', 'PereZ', 'F', '2003-12-30', 18, 0, 'AR', 'ydsystemsvzla@gmail.com', '+5466', 0, 15, NULL, NULL, NULL, NULL, NULL, NULL, NULL, NULL, NULL, NULL, NULL, NULL, 1, 0, 0, 0, 8, NULL, '2022-07-26 09:04:26'),
(36, 8, NULL, NULL, NULL, 0.00, NULL, NULL, NULL, '12641362', 'hector', 'revelo', 'M', '1976-01-06', 46, 0, 'VE', 'hectoraugusto91@gmail.com', '+584166110601', 0, 34, 4, 102, NULL, NULL, NULL, NULL, NULL, NULL, NULL, NULL, NULL, NULL, 1, 0, 0, 0, 8, NULL, '2022-07-26 12:22:40'),
(37, 3, NULL, NULL, NULL, 0.00, NULL, NULL, NULL, 'tyty', 'gh', 'g', 'M', '2003-12-31', 18, 0, 'VE', 'gg@hot.com', '+58555', 0, 5, NULL, NULL, NULL, NULL, NULL, NULL, NULL, NULL, NULL, NULL, NULL, NULL, 1, 0, 0, 0, 8, NULL, '2022-07-26 13:20:44'),
(38, 8, NULL, NULL, NULL, 0.00, NULL, NULL, NULL, '19896810', 'victor', 'rojas', 'M', '1989-07-12', 33, 0, 'VE', 'victorlr_12@outlook.com', '+584147939687', 0, 34, 4, 102, NULL, NULL, NULL, NULL, NULL, NULL, NULL, NULL, NULL, NULL, 1, 0, 0, 0, 8, NULL, '2022-07-26 14:18:49'),
(39, 8, NULL, NULL, NULL, 0.00, NULL, NULL, NULL, '27801731', 'jose', 'moroa', 'M', '2000-03-09', 22, 0, 'VE', 'josemorao10000@gmail.com', '+584149852297', 0, 33, 4, 102, NULL, NULL, NULL, NULL, NULL, NULL, NULL, NULL, NULL, NULL, 1, 0, 0, 0, 8, NULL, '2022-07-26 14:29:03'),
(40, 3, NULL, NULL, NULL, 0.00, NULL, NULL, NULL, '8283705', 'ALEXANDER DEL CARMEN', 'REDONDO ROMERO', 'M', '1975-04-19', 47, 0, 'VE', 'aredondoseguros@gmail.com', '+5804148335089', 2, 6, 6, NULL, 50, NULL, NULL, NULL, NULL, NULL, NULL, NULL, NULL, NULL, 1, 0, 0, 0, 8, NULL, '2022-07-27 14:19:03'),
(41, 3, NULL, NULL, NULL, 0.00, NULL, NULL, NULL, '6667', 'nued', 'nicky', 'M', '2003-12-31', 18, 0, 'DE', 'nuevoja@hotmail.com', '+49666', 0, 7, NULL, NULL, NULL, NULL, NULL, NULL, NULL, NULL, NULL, NULL, NULL, NULL, 1, 0, 0, 0, 8, NULL, '2022-07-28 13:17:48'),
(42, 3, NULL, NULL, NULL, 0.00, NULL, NULL, NULL, '6519874', 'Milton Allan', 'Arroyo Cardozo', 'M', '1968-12-24', 53, 0, 'VE', 'mariagraciagm68@gmail.com', '+584142510883', 2, 5, 6, NULL, 17, NULL, NULL, NULL, NULL, NULL, NULL, NULL, NULL, NULL, 1, 0, 0, 0, 8, NULL, '2022-07-29 11:22:36'),
(43, 3, NULL, NULL, NULL, 0.00, NULL, NULL, NULL, '24219450', 'Yofre', 'Diaz', 'M', '1973-01-01', 49, 0, 'VE', 'ydsystemsvzla@gmail.com', '+5842457866', 0, 6, NULL, NULL, NULL, NULL, NULL, NULL, NULL, NULL, NULL, NULL, NULL, NULL, 1, 0, 0, 0, 8, NULL, '2022-07-29 14:06:11'),
(44, 3, NULL, NULL, NULL, 0.00, NULL, NULL, NULL, '24219450', 'Jose', 'Diaz', 'M', '1975-01-01', 47, 0, 'VE', 'ydsystemsvzla@gmail.com', '+5842478569', 0, 6, NULL, NULL, NULL, NULL, NULL, NULL, NULL, NULL, NULL, NULL, NULL, NULL, 1, 0, 0, 0, 8, NULL, '2022-07-29 14:23:00'),
(45, 5, NULL, NULL, NULL, 0.00, NULL, NULL, NULL, '13432855', 'bettzy', 'manzo', 'F', '1977-08-21', 44, 0, 'VE', 'barbetchi@gmail.com', '+5804141606082', 0, 24, NULL, NULL, NULL, 1, '202470', NULL, NULL, NULL, NULL, NULL, NULL, NULL, 1, 0, 0, 0, 8, NULL, '2022-08-01 15:26:18'),
(46, 5, NULL, NULL, NULL, 0.00, NULL, NULL, NULL, '23152355', 'NEISIS', 'GARCIA', 'F', '1978-11-08', 43, 0, 'VE', 'NEIGARCIA012@GMAIL.COM', '+580424-2330703', 1, 25, 6, NULL, 165, NULL, NULL, NULL, NULL, NULL, NULL, NULL, NULL, NULL, 1, 0, 0, 0, 8, NULL, '2022-08-01 19:09:33'),
(47, 9, NULL, NULL, NULL, 0.00, NULL, NULL, NULL, '3333333334', 'F', 'B', 'M', '1961-11-24', 60, 0, 'VE', 'fbelisario@bee-insurance.com', '+584141293904', 1, 36, NULL, NULL, NULL, NULL, NULL, NULL, NULL, NULL, NULL, NULL, NULL, NULL, 1, 0, 0, 0, 8, NULL, '2022-08-02 13:50:35'),
(48, 9, NULL, NULL, NULL, 0.00, NULL, NULL, NULL, '11229520', 'Alexander', 'Acosta', 'M', '1973-07-02', 49, 0, 'VE', 'acosta_alexander@yahoo.com', '+584141404018', 1, 36, NULL, NULL, NULL, NULL, NULL, NULL, NULL, NULL, NULL, NULL, NULL, NULL, 1, 0, 0, 0, 8, NULL, '2022-08-02 14:43:37'),
(49, 9, NULL, NULL, NULL, 0.00, NULL, NULL, NULL, '13382771', 'Jhonny', 'Matute', 'M', '1977-11-27', 44, 0, 'VE', 'netjhonny@hotmail.com', '+584142333380', 0, 36, NULL, NULL, NULL, NULL, NULL, NULL, NULL, NULL, NULL, NULL, NULL, NULL, 1, 0, 0, 0, 8, NULL, '2022-08-02 14:44:26'),
(50, 9, NULL, NULL, NULL, 0.00, NULL, NULL, NULL, '11229520', 'Alexander', 'Acosta', 'M', '1973-07-02', 49, 0, 'VE', 'alexanderacosta943@gmail.com', '+584141404018', 1, 36, NULL, NULL, NULL, NULL, NULL, NULL, NULL, NULL, NULL, NULL, NULL, NULL, 1, 0, 0, 0, 8, NULL, '2022-08-02 15:29:31'),
(51, 9, NULL, NULL, NULL, 0.00, NULL, NULL, NULL, '11735446', 'Humberto', 'Martinez', 'M', '1974-05-12', 48, 0, 'VE', 'humbertojose2002@gmail.com', '+584122659034', 0, 36, NULL, NULL, NULL, NULL, NULL, NULL, NULL, NULL, NULL, NULL, NULL, NULL, 1, 0, 0, 0, 8, NULL, '2022-08-04 09:24:48'),
(52, 5, NULL, NULL, NULL, 0.00, NULL, NULL, NULL, '4974039', 'ISABEL TERESA', 'ARAUJO DE GONZALEZ', 'F', '1956-11-09', 65, 0, 'VE', 'luisalembert@gmail.com', '+584244969751', 3, 25, 6, NULL, 158, NULL, NULL, NULL, NULL, NULL, NULL, NULL, NULL, NULL, 1, 0, 0, 0, 8, NULL, '2022-08-05 16:57:54'),
(53, 5, NULL, NULL, NULL, 0.00, NULL, NULL, NULL, 'V16599259', 'diana', 'diaz', 'F', '1984-05-01', 38, 0, 'VE', 'dmdlucero@hotmail.com', '+582129851589', 0, 25, NULL, NULL, NULL, NULL, NULL, NULL, NULL, NULL, NULL, NULL, NULL, NULL, 1, 0, 0, 0, 8, NULL, '2022-08-08 11:02:29'),
(58, 3, NULL, NULL, NULL, 0.00, NULL, NULL, NULL, 'W', 'W', 'R', 'M', '2004-01-01', 18, 0, 'DE', 'gg@hotmail.com', '+495', 0, 15, NULL, NULL, NULL, NULL, NULL, NULL, NULL, NULL, NULL, NULL, NULL, NULL, 1, 0, 0, 0, 8, NULL, '2022-08-12 12:47:06'),
(59, 3, NULL, NULL, NULL, 0.00, NULL, NULL, NULL, 'T', 'R', 'E', 'M', '2004-01-01', 18, 0, 'DE', 'gasd@hot.com', '+495', 0, 14, NULL, NULL, NULL, NULL, NULL, NULL, NULL, NULL, NULL, NULL, NULL, NULL, 1, 0, 0, 0, 8, NULL, '2022-08-12 12:50:11'),
(60, 3, NULL, NULL, NULL, 0.00, NULL, NULL, NULL, 'i', 'i', 'i', 'M', '2004-01-01', 18, 0, 'DE', 'ii@hot.com', '+4977', 0, 15, NULL, NULL, NULL, NULL, NULL, NULL, NULL, NULL, NULL, NULL, NULL, NULL, 1, 0, 0, 0, 8, NULL, '2022-08-12 12:52:37'),
(61, 3, NULL, NULL, NULL, 0.00, NULL, NULL, NULL, 'E', 'F', 'D', 'M', '2004-01-01', 18, 0, 'DE', 'gg@hotmail.com', '+495', 0, 16, NULL, NULL, NULL, NULL, NULL, NULL, NULL, NULL, NULL, NULL, NULL, NULL, 1, 0, 0, 0, 8, NULL, '2022-08-12 12:55:30'),
(62, 3, NULL, NULL, NULL, 0.00, NULL, NULL, NULL, '8799', 'jkljkl', 'jljljk', 'M', '2004-01-01', 18, 0, 'DE', 'jjljkl@hot.com', '+4967767', 0, 15, NULL, NULL, NULL, NULL, NULL, NULL, NULL, NULL, NULL, NULL, NULL, NULL, 1, 0, 0, 0, 8, NULL, '2022-08-12 14:55:59'),
(63, 5, NULL, NULL, NULL, 0.00, NULL, NULL, NULL, '10119292', 'BELKIS INES', 'CARRION MENDEZ', 'F', '1969-10-03', 52, 0, 'VE', 'belkiscarrion03@gmail.com', '+584242141970', 6, 24, 5, 69, NULL, NULL, NULL, NULL, NULL, NULL, NULL, NULL, NULL, NULL, 1, 0, 0, 0, 8, NULL, '2022-08-14 21:27:26'),
(64, 9, NULL, NULL, NULL, 0.00, NULL, NULL, NULL, '5680166', 'Pedro', 'Villasmil', 'M', '1965-03-03', 57, 0, 'VE', 'pfvillasmil@gmail.com', '+584142369308', 0, 36, NULL, NULL, NULL, NULL, NULL, NULL, NULL, NULL, NULL, NULL, NULL, NULL, 1, 0, 0, 0, 8, NULL, '2022-08-15 10:03:46'),
(65, 5, NULL, NULL, NULL, 0.00, NULL, NULL, NULL, '6961173', 'CARLOS ALBERTO', 'GONZALEZ BAUTE', 'M', '1963-09-20', 58, 0, 'VE', 'belkis.carrion@hotmail.com', '+584122701970', 3, 24, 5, 69, NULL, NULL, NULL, NULL, NULL, NULL, NULL, NULL, NULL, NULL, 1, 0, 0, 0, 8, NULL, '2022-08-15 20:23:06'),
(66, 3, NULL, NULL, NULL, 0.00, NULL, NULL, NULL, '6258502', 'Maria Gracia', 'Garcia Martín', 'F', '1968-09-03', 53, 0, 'VE', 'mgarcia@serviciosintegralapis.com.ve', '+584142510883', 2, 6, 6, NULL, 17, NULL, NULL, NULL, NULL, NULL, NULL, NULL, NULL, NULL, 1, 0, 0, 0, 8, NULL, '2022-08-15 21:32:53'),
(67, 9, NULL, NULL, NULL, 0.00, NULL, NULL, NULL, '11733029', 'Jenfeld', 'Bertorelli', 'M', '1975-03-01', 47, 0, 'VE', 'jabertorelli@gmail.com', '+5804142451611', 1, 36, NULL, NULL, NULL, NULL, NULL, NULL, NULL, NULL, NULL, NULL, NULL, NULL, 1, 0, 0, 0, 8, NULL, '2022-08-17 15:38:31'),
(68, 9, NULL, NULL, NULL, 0.00, NULL, NULL, NULL, '14485322', 'ALMARY', 'VALERA', 'F', '1981-10-31', 40, 0, 'VE', 'almaryfianzas@gmail.com', '+584122134031', 1, 36, NULL, NULL, NULL, NULL, NULL, NULL, NULL, NULL, NULL, NULL, NULL, NULL, 1, 0, 0, 0, 8, NULL, '2022-08-18 13:52:02'),
(69, 5, NULL, NULL, NULL, 0.00, NULL, NULL, NULL, '6868934', 'MARITZA', 'CARRION', 'F', '1967-05-20', 55, 0, 'VE', 'loycar20.asesores@gmail.com', '+584143659607', 0, 25, 5, 69, NULL, NULL, NULL, NULL, NULL, NULL, NULL, NULL, NULL, NULL, 1, 0, 0, 0, 8, NULL, '2022-08-22 14:46:45'),
(70, 5, NULL, NULL, NULL, 0.00, NULL, NULL, NULL, '16599259', 'Diana', 'Diana', 'F', '2000-02-10', 22, 0, 'VE', 'dmdlucer@hotmail.com', '+584121234567', 0, 21, NULL, NULL, NULL, NULL, NULL, NULL, NULL, NULL, NULL, NULL, NULL, NULL, 1, 0, 0, 0, 8, NULL, '2022-08-23 11:11:53'),
(71, 3, NULL, NULL, NULL, 0.00, NULL, NULL, NULL, 'V 12958433', 'FRANCISCO', 'SILVA', 'M', '1976-04-22', 46, 0, 'VE', 'directorm@view-med.com', '+584141294493', 1, 5, 6, NULL, 138, NULL, NULL, NULL, NULL, NULL, NULL, NULL, NULL, NULL, 1, 0, 0, 0, 8, NULL, '2022-08-30 12:21:07'),
(72, 3, NULL, NULL, NULL, 0.00, NULL, NULL, NULL, '7824769', 'Pedro Pablo', 'Guisandes', 'M', '1965-09-28', 56, 0, 'VE', 'pedropabloguisandes@quepasa.com.ve', '+584143603873', 2, 8, 4, 20, NULL, NULL, NULL, NULL, NULL, NULL, NULL, NULL, NULL, NULL, 1, 0, 0, 0, 8, NULL, '2022-09-13 11:10:19'),
(73, 3, NULL, NULL, NULL, 0.00, NULL, NULL, NULL, '95796948', 'Joan', 'Barrios', 'M', '1987-03-18', 35, 0, 'AR', 'joanmanuel.barrios@gmail.com', '+5401165805871', 1, 5, NULL, NULL, NULL, 1, '58630', NULL, NULL, NULL, NULL, NULL, NULL, NULL, 1, 0, 0, 0, 8, NULL, '2022-09-16 15:21:52'),
(74, 5, NULL, NULL, NULL, 0.00, NULL, NULL, NULL, '3.719.285', 'JOSE RAFAEL', 'GOSLING RODRIGUEZ', 'M', '1951-10-03', 70, 1, 'VE', 'gosling.sonia@gmail.com', '+5804127196391', 1, 25, 6, NULL, 199, NULL, NULL, NULL, NULL, NULL, NULL, NULL, NULL, NULL, 1, 0, 0, 0, 8, NULL, '2022-09-20 00:16:58'),
(75, 10, NULL, 134, 24.00, 24.00, 0, 0, NULL, '4554', 'fgfgf', 'fggf', 'M', '2004-01-01', 18, 0, 'VE', 'gfgfg@hot.com', '+58455', 0, 38, NULL, NULL, NULL, NULL, NULL, NULL, NULL, NULL, NULL, NULL, NULL, NULL, 1, 0, 0, 0, 8, 1, '2022-12-21 09:52:29'),
(76, 10, NULL, 134, 24.00, 24.00, 0, 0, NULL, '5566', 'hjhjhj', 'hhjj', 'M', '2004-01-01', 18, 0, 'VE', 'prueba@hot.com', '+584554', 0, 38, NULL, NULL, NULL, NULL, NULL, NULL, NULL, NULL, NULL, NULL, NULL, NULL, 1, 0, 0, 0, 8, 1, '2022-12-21 11:20:58'),
(77, 5, NULL, 89, 275.91, 576.00, 0, 0, NULL, '24219449', 'Yoward', 'Diaz', 'M', '1995-12-01', 27, 0, 'VE', 'yoward05@gmail.com', '+584242555069', 0, 23, NULL, NULL, NULL, NULL, NULL, NULL, NULL, NULL, NULL, NULL, NULL, NULL, 2, 2, 1, 0, 8, 1, '2022-12-29 10:26:26'),
(78, 5, NULL, 89, 275.91, 738.00, 0, 0, NULL, '151', 'ncksck', '215wdk', 'F', '1980-05-01', 42, 0, 'VE', 'jzambrano333@gmail.com', '+5845255', 0, 23, NULL, NULL, NULL, NULL, NULL, NULL, NULL, NULL, NULL, NULL, NULL, NULL, 2, 2, 2, 1, 8, 2, '2022-12-30 12:16:16'),
(79, 11, NULL, 135, 75.00, 19.00, 0, 0, NULL, '5151515', 'uuvyiu', 'ytvytfutrfy', 'F', '1950-01-01', 73, 0, 'VE', 'jzambrano333@gmail.com', '+586515616515', 0, 39, NULL, NULL, NULL, NULL, NULL, NULL, NULL, NULL, NULL, NULL, NULL, NULL, 2, 2, 2, 0, 8, 3, '2023-01-04 14:46:03'),
(80, 10, NULL, 134, 24.00, 24.00, 0, 0, NULL, '1515', 'prueba', 'prueb', 'M', '1975-01-01', 48, 0, 'VE', 'Clorenzo@bee-insurance.com', '+5822256', 0, 38, NULL, NULL, NULL, NULL, NULL, NULL, NULL, NULL, NULL, NULL, NULL, NULL, 1, 0, 0, 0, 8, 1, '2023-01-09 08:44:23'),
(81, 14, NULL, 145, 648.00, 54.00, 0, 0, NULL, '15154', 'prueba', 'prueba', 'M', '1976-05-01', 46, 0, 'VE', 'humbertojose2002@gmail.com', '+582665666649', 1, 45, NULL, NULL, NULL, NULL, NULL, NULL, NULL, NULL, NULL, NULL, NULL, NULL, 1, 0, 0, 0, 8, 4, '2023-01-16 09:01:00'),
(82, 14, NULL, 148, 745.00, 62.00, 0, 0, NULL, '16161', 'prueba', 'prueba', 'M', '1970-01-01', 53, 0, 'VE', 'freddybelisario@gmail.com', '+586549494', 1, 46, NULL, NULL, NULL, NULL, NULL, NULL, NULL, NULL, NULL, NULL, NULL, NULL, 1, 0, 0, 0, 8, 4, '2023-01-16 10:19:19'),
(83, 15, NULL, 154, 1983.00, 199.00, 0, 0, NULL, '54499', 'fred', 'bel', 'M', '1960-01-01', 63, 0, 'VE', 'freddybelisario@gmail.com', '+5846844646', 1, 50, NULL, NULL, NULL, NULL, NULL, NULL, NULL, NULL, NULL, NULL, NULL, NULL, 2, 2, 0, 1, 8, 4, '2023-01-17 13:49:46'),
(84, 15, NULL, 164, 2143.00, 212.00, 0, 0, NULL, '515', 'YOW', 'YOW', 'M', '2000-01-01', 23, 0, 'VE', 'JABERTORELLI@GMAIL.COM', '+5816156161', 0, 50, NULL, NULL, NULL, NULL, NULL, NULL, NULL, NULL, NULL, NULL, NULL, NULL, 2, 2, 0, 1, 8, 4, '2023-01-30 10:57:15'),
(85, 10, NULL, 134, 24.00, 24.00, 0, 0, NULL, '7887', 'jhhj', 'hhj', 'F', '2004-01-01', 19, 0, 'VE', 'fggf@hot.com', '+5845455', 0, 38, NULL, NULL, NULL, NULL, NULL, NULL, NULL, NULL, NULL, NULL, NULL, NULL, 1, 0, 0, 0, 8, 1, '2023-02-15 12:41:43'),
(86, 10, NULL, 134, 24.00, 24.00, 0, 0, NULL, '7887', 'jhhj', 'hhj', 'F', '2004-01-01', 19, 0, 'VE', 'fggf@hot.com', '+5845455', 0, 38, NULL, NULL, NULL, NULL, NULL, NULL, NULL, NULL, NULL, NULL, NULL, NULL, 1, 0, 0, 0, 8, 1, '2023-02-15 12:48:19'),
(87, 5, NULL, 167, 799.00, 799.00, 0, 0, NULL, '22519827', 'JULIA', 'LOPEZ', 'F', '1993-03-08', 29, 0, 'VE', 'jmlgseguros@gmail.com', '+587863405425', 0, 23, NULL, NULL, NULL, NULL, NULL, NULL, NULL, NULL, NULL, NULL, NULL, NULL, 1, 0, 0, 0, 8, 1, '2023-02-16 09:40:04'),
(88, 14, NULL, 148, 745.00, 186.00, 0, 0, NULL, '15205896', 'Mariangel', 'Rivero', 'F', '1975-05-02', 47, 0, 'VE', 'yujosaba1979@hotmail.com', '+584144078149', 0, 46, NULL, NULL, NULL, NULL, NULL, NULL, NULL, NULL, NULL, NULL, NULL, NULL, 1, 0, 0, 0, 8, 3, '2023-02-16 12:03:06'),
(89, 14, NULL, 143, 2023.00, 2023.00, 0, 0, NULL, '3595253', 'GLADYS', 'HERNANDEZ', 'F', '1946-09-02', 76, 0, 'VE', 'manmarcorretaje@gmail.com', '+584122134031', 0, 44, NULL, NULL, NULL, NULL, NULL, NULL, NULL, NULL, NULL, NULL, NULL, NULL, 1, 0, 0, 0, 8, 1, '2023-02-16 14:37:46'),
(90, 3, NULL, 227, 1189.80, 1190.00, 0, 0, NULL, '1', 'a', 'a', 'M', '1968-01-01', 55, 0, 'VE', 'armandorosalasesor@gmail.com', '+584244558222', 2, 52, NULL, NULL, NULL, NULL, NULL, NULL, NULL, NULL, NULL, NULL, NULL, NULL, 1, 0, 0, 0, 8, 1, '2023-02-18 07:52:56'),
(91, 14, NULL, 148, 745.00, 373.00, 0, 0, NULL, '1', 'prueba', 'prueba', 'M', '1968-01-01', 55, 0, 'VE', 'armandorosalasesor@gmail.com', '+584244558222', 0, 46, NULL, NULL, NULL, NULL, NULL, NULL, NULL, NULL, NULL, NULL, NULL, NULL, 1, 0, 0, 0, 8, 2, '2023-02-22 11:25:56'),
(92, 14, NULL, 148, 745.00, 373.00, 0, 0, NULL, '1', 'WILFREDO', 'WILFREDO', 'M', '1971-01-01', 52, 0, 'VE', 'armandorosalasesor@gmail.com', '+584244558222', 0, 46, NULL, NULL, NULL, NULL, NULL, NULL, NULL, NULL, NULL, NULL, NULL, NULL, 1, 0, 0, 0, 8, 2, '2023-02-22 11:28:21'),
(93, 14, NULL, 140, 962.00, 241.00, 0, 0, NULL, '3513428', 'ENRIQUE', 'FIGUEROA', 'M', '1950-12-29', 72, 0, 'VE', 'cazocarporto@gmail.com', '+58+584144537707', 0, 43, NULL, NULL, NULL, NULL, NULL, NULL, NULL, NULL, NULL, NULL, NULL, NULL, 1, 0, 0, 0, 8, 3, '2023-02-23 17:06:32'),
(94, 14, NULL, 144, 423.00, 423.00, 0, 0, NULL, '1222542', 'jesus', 'bravo', 'F', '2004-01-01', 19, 0, 'VE', 'jesuseliasblanco@gmail.com', '+5841422786768', 0, 45, NULL, NULL, NULL, NULL, NULL, NULL, NULL, NULL, NULL, NULL, NULL, NULL, 1, 0, 0, 0, 8, 1, '2023-02-24 11:42:39'),
(95, 14, NULL, 139, 432.00, 216.00, 0, 0, NULL, '18729533', 'Pedro Pérez', 'Caracas, Venezuela', 'M', '1988-12-29', 34, 0, 'VE', 'dh1.48786@gmail.com', '+5804123324422', 0, 43, NULL, NULL, NULL, NULL, NULL, NULL, NULL, NULL, NULL, NULL, NULL, NULL, 1, 0, 0, 0, 8, 2, '2023-02-25 17:28:34'),
(96, 16, NULL, 235, 75.42, 6.00, 0, 0, NULL, '13382771', 'jhonny', 'matute', 'M', '1977-11-27', 45, 0, 'VE', 'netjhonny@hotmail.com', '+584142333380', 0, 57, NULL, NULL, NULL, NULL, NULL, 'corolla', '2011', 'ab566pd', 'toyota', 'plata', '4949464', 'Particular', 1, 0, 0, 0, 8, 4, '2023-02-28 14:37:30'),
(97, 16, NULL, 235, 75.42, 75.00, 0, 0, NULL, '13382771', 'jhonny', 'matute', 'M', '1977-11-27', 45, 0, 'VE', 'netjhonny@hotmail.com', '+584142333380', 0, 57, NULL, NULL, NULL, NULL, NULL, 'corolla', '2011', 'ab566pd', 'toyota', 'plata', '4949464', 'Particular', 1, 0, 0, 0, 8, 1, '2023-02-28 14:40:44'),
(98, 14, NULL, 140, 962.00, 241.00, 0, 0, NULL, '3516655', 'petra', 'seijas', 'F', '1945-06-05', 77, 0, 'VE', 'gaersteasesores@hotmail.com', '+5804243335765', 1, 43, NULL, NULL, NULL, NULL, NULL, NULL, NULL, NULL, NULL, NULL, NULL, NULL, 1, 0, 0, 0, 8, 3, '2023-03-02 11:58:39'),
(99, 15, NULL, 163, 1981.00, 629.00, 0, 0, NULL, '1111111', 'maria', 'rondon', 'F', '1964-11-24', 58, 0, 'VE', 'efrainher2@hotmail.com', '+584244075044', 5, 49, NULL, NULL, NULL, NULL, NULL, NULL, NULL, NULL, NULL, NULL, NULL, NULL, 2, 4, 0, 0, 8, 3, '2023-03-07 19:17:37'),
(100, 5, NULL, 236, 190.00, 21.00, 13, 1, NULL, '23152355', 'NEISIS', 'GARCIA', 'F', '1978-11-08', 44, 0, 'VE', 'NEIGARCIA012@GMAIL.COM', '+5804242330703', 1, 58, NULL, NULL, NULL, NULL, NULL, NULL, NULL, NULL, NULL, NULL, NULL, NULL, 2, 1, 0, 0, 8, 4, '2023-03-10 10:54:41'),
(101, 14, NULL, 139, 432.00, 36.00, 0, 0, NULL, '13221819', 'carmen', 'malave', 'F', '1976-05-20', 46, 0, 'VE', 'carmen_malav@hotmail.com', '+584248153602', 0, 43, NULL, NULL, NULL, NULL, NULL, NULL, NULL, NULL, NULL, NULL, NULL, NULL, 1, 0, 0, 0, 8, 4, '2023-03-12 17:25:44'),
(102, 14, NULL, 142, 510.00, 43.00, 0, 0, NULL, '13221819', 'carmen', 'malave', 'F', '1976-05-20', 46, 0, 'VE', 'carmenmalave76@gmail.com', '+584248153602', 0, 44, NULL, NULL, NULL, NULL, NULL, NULL, NULL, NULL, NULL, NULL, NULL, NULL, 1, 0, 0, 0, 8, 4, '2023-03-12 17:38:11'),
(103, 14, NULL, 145, 648.00, 54.00, 0, 0, NULL, '13221819', 'carmen', 'malave', 'F', '1976-05-20', 46, 0, 'VE', 'carmenmalave76@gmail.com', '+584248153602', 0, 45, NULL, NULL, NULL, NULL, NULL, NULL, NULL, NULL, NULL, NULL, NULL, NULL, 1, 0, 0, 0, 8, 4, '2023-03-12 17:51:06'),
(104, 14, NULL, 145, 648.00, 162.00, 0, 0, NULL, '13221819', 'carmen', 'malave', 'F', '1976-05-20', 46, 0, 'VE', 'carmenmalave76@gmail.com', '+584248153602', 0, 45, NULL, NULL, NULL, NULL, NULL, NULL, NULL, NULL, NULL, NULL, NULL, NULL, 1, 0, 0, 0, 8, 3, '2023-03-12 17:57:24'),
(105, 14, NULL, 145, 648.00, 324.00, 0, 0, NULL, '13221819', 'carmen', 'malave', 'F', '1976-05-20', 46, 0, 'VE', 'carmenmalave76@gmail.com', '+584248153602', 0, 45, NULL, NULL, NULL, NULL, NULL, NULL, NULL, NULL, NULL, NULL, NULL, NULL, 1, 0, 0, 0, 8, 2, '2023-03-12 18:04:07'),
(106, 3, NULL, 208, 656.12, 656.00, 0, 0, NULL, '8742520', 'Carlos', 'Lorenzo', 'M', '1967-02-21', 56, 0, 'VE', 'carlos.lorenzo.l@hotmail.com', '+589782983', 1, 5, NULL, NULL, NULL, NULL, NULL, NULL, NULL, NULL, NULL, NULL, NULL, NULL, 1, 0, 0, 0, 8, 1, '2023-03-12 20:38:13'),
(107, 14, NULL, 142, 510.00, 43.00, 0, 0, NULL, '10868669', 'Gustavo', 'Leon', 'M', '1972-04-17', 50, 0, 'VE', 'galeong1972@gmail.com', '+5804143209167', 0, 44, NULL, NULL, NULL, NULL, NULL, NULL, NULL, NULL, NULL, NULL, NULL, NULL, 1, 0, 0, 0, 8, 4, '2023-03-14 08:36:47'),
(108, 14, NULL, 145, 648.00, 54.00, 0, 0, NULL, '12093889', 'DERDLIM', 'PACHECO', 'F', '1974-05-29', 48, 0, 'VE', 'dpacheco@lamundialdeseguros.com', '+584248943284', 1, 45, 4, 4, NULL, NULL, NULL, NULL, NULL, NULL, NULL, NULL, NULL, NULL, 1, 0, 0, 0, 8, 4, '2023-03-14 09:45:25'),
(109, 14, NULL, 145, 648.00, 54.00, 0, 0, NULL, '12093889', 'DERDLIM', 'PACHECO', 'F', '1974-05-29', 48, 0, 'VE', 'dpacheco@lamundialdeseguros.com', '+584248943284', 1, 45, 4, 4, NULL, NULL, NULL, NULL, NULL, NULL, NULL, NULL, NULL, NULL, 1, 0, 0, 0, 8, 4, '2023-03-14 09:47:37'),
(110, 16, NULL, 231, 22.49, 22.00, 0, 0, NULL, '10796399', 'CARLOS', 'MARIÑO PERE', 'M', '1971-12-17', 51, 0, 'VE', 'lorena.grc2@gmail.com', '+584125958175', 0, 54, 4, 11, NULL, NULL, NULL, 'LUV D-MAX 4X4', '2008', 'A30AW4H', 'CHEVROLET', 'BLANCO', '8GGTFSJ788A165261', 'Carga', 1, 0, 0, 0, 8, 1, '2023-03-15 07:39:51'),
(111, 15, NULL, 161, 1312.00, 1312.00, 0, 0, NULL, '10759294', 'Ronald', 'Melendez', 'M', '2003-12-01', 19, 0, 'VE', 'ronaldmelenz@gmail.com', '+5804124026782', 0, 47, NULL, NULL, NULL, NULL, NULL, NULL, NULL, NULL, NULL, NULL, NULL, NULL, 1, 0, 0, 0, 8, 1, '2023-03-15 08:55:02'),
(112, 3, NULL, 197, 59.49, 59.00, 0, 0, NULL, '10759294', 'Ronald', 'Melendez', 'M', '1972-05-03', 50, 0, 'VE', 'ronaldmelenz@gmail.com', '+5804124026782', 0, 13, NULL, NULL, NULL, NULL, NULL, NULL, NULL, NULL, NULL, NULL, NULL, NULL, 1, 0, 0, 0, 8, 1, '2023-03-15 09:03:48'),
(113, 5, NULL, 237, 222.00, 23.00, 13, 1, NULL, '18004010', 'Marla', 'Gonzalez', 'F', '1985-10-23', 37, 0, 'VE', 'neigarcia@gmail.com', '+584126253933', 1, 25, NULL, NULL, NULL, NULL, NULL, NULL, NULL, NULL, NULL, NULL, NULL, NULL, 2, 1, 0, 0, 8, 4, '2023-03-15 12:19:33'),
(114, 5, NULL, 236, 190.00, 10.00, 13, 1, NULL, '6960308', 'CARMEN MILAGROS', 'MENDOZA RAVELO', 'F', '1966-12-11', 56, 0, 'VE', 'NEIGARCIA012@GMAIL.COM', '+584242717274', 1, 58, NULL, NULL, NULL, NULL, NULL, NULL, NULL, NULL, NULL, NULL, NULL, NULL, 1, 0, 0, 0, 8, 4, '2023-03-17 10:32:27'),
(115, 5, NULL, 236, 190.00, 10.00, 13, 1, NULL, '6960308', 'CARMEN MILAGROS', 'MENDOZA RAVELO', 'F', '1966-12-11', 56, 0, 'VE', 'neigarcia012@gmail.com', '+584242717274', 1, 58, 5, 10, NULL, NULL, NULL, NULL, NULL, NULL, NULL, NULL, NULL, NULL, 1, 0, 0, 0, 8, 4, '2023-03-17 11:34:45'),
(116, 5, NULL, 237, 222.00, 34.00, 13, 1, NULL, '13992739', 'HECTOR LEANDRO', 'RODRIGUEZ', 'M', '1979-02-18', 44, 0, 'VE', 'neigarcia012@gmail.com', '+584241771274', 1, 25, 5, 10, NULL, NULL, NULL, NULL, NULL, NULL, NULL, NULL, NULL, NULL, 2, 0, 1, 1, 8, 4, '2023-03-17 13:30:12'),
(117, 5, NULL, 237, 222.00, 34.00, 13, 1, NULL, '13992739', 'HECTOR LEANDRO', 'RODRIGUEZ', 'M', '1980-02-18', 43, 0, 'VE', 'NEIGARCIA012@GMAIL.COM', '+584241771274', 1, 25, 5, 10, NULL, NULL, NULL, NULL, NULL, NULL, NULL, NULL, NULL, NULL, 2, 0, 1, 1, 8, 4, '2023-03-17 13:37:59'),
(118, 5, NULL, 236, 190.00, 10.00, 13, 1, NULL, '6960308', 'CARMEN MILAGROS', 'MENDOZA RAVELO', 'F', '1966-12-11', 56, 0, 'VE', 'neigarcia012@gmail.com', '+584242717274', 1, 58, 5, 10, NULL, NULL, NULL, NULL, NULL, NULL, NULL, NULL, NULL, NULL, 1, 0, 0, 0, 8, 4, '2023-03-17 14:40:15'),
(119, 14, NULL, 145, 648.00, 162.00, 0, 0, NULL, '13379106', 'silvio', 'vasconcelos', 'M', '1970-05-24', 52, 0, 'VE', 'silvio24@gmail.com', '+584126208325', 0, 45, NULL, NULL, NULL, NULL, NULL, NULL, NULL, NULL, NULL, NULL, NULL, NULL, 1, 0, 0, 0, 8, 3, '2023-03-20 16:16:08'),
(120, 5, NULL, 236, 190.00, 10.00, 13, 1, NULL, '5757129', 'AIDA RAMONA', 'GIL', 'F', '1955-10-06', 67, 0, 'VE', 'ALMARYTA@HOTMAIL.COM', '+584122134031', 1, 58, 5, 10, NULL, NULL, NULL, NULL, NULL, NULL, NULL, NULL, NULL, NULL, 1, 0, 0, 0, 8, 4, '2023-03-21 15:09:16'),
(121, 5, NULL, 236, 190.00, 10.00, 13, 1, NULL, '5392509', 'FREDDY JOSE', 'GUERRA SUBERO', 'M', '1956-01-12', 67, 0, 'VE', 'KERYALMA@HOTMAIL.COM', '+584122134031', 1, 58, 5, 10, NULL, NULL, NULL, NULL, NULL, NULL, NULL, NULL, NULL, NULL, 1, 0, 0, 0, 8, 4, '2023-03-21 15:19:32'),
(122, 14, NULL, 139, 432.00, 36.00, 0, 0, NULL, '18931690', 'jesus', 'blanco', 'M', '1989-05-28', 33, 0, 'VE', 'jesuseliasblanco@gmail.com', '+584142786768', 1, 43, NULL, NULL, NULL, NULL, NULL, NULL, NULL, NULL, NULL, NULL, NULL, NULL, 1, 0, 0, 0, 8, 4, '2023-03-22 16:06:56'),
(123, 15, NULL, 242, 854.00, 1256.00, 0, 0, NULL, '12312312', 'Carlos', 'Azocar', 'M', '1968-08-18', 54, 0, 'VE', 'cazocarporto@gmail.com', '+58+584144537707', 1, 47, NULL, NULL, NULL, NULL, NULL, NULL, NULL, NULL, NULL, NULL, NULL, NULL, 2, 2, 0, 1, 8, 1, '2023-03-22 19:11:59'),
(124, 16, NULL, 232, 18.26, 18.00, 0, 0, NULL, '5219316', 'fernando', 'leandro', 'M', '1957-07-16', 65, 0, 'VE', 'baez_210@hotmail.com', '+584143468322', 0, 53, NULL, NULL, NULL, NULL, NULL, 'pick up xl', '2006', '9DDKAP', 'ford', 'blanco', '3FTRF17W16MA31611', 'Carga', 1, 0, 0, 0, 8, 1, '2023-03-24 13:00:45'),
(125, 5, NULL, 236, 190.00, 10.00, 13, 1, NULL, '6827761', 'CARMEN MILAGROS', 'GOMEZ DE PEREZ', 'F', '1963-11-19', 59, 0, 'VE', 'alejandra10061985@gmail.com', '+584241360141', 1, 58, 5, 10, NULL, NULL, NULL, NULL, NULL, NULL, NULL, NULL, NULL, NULL, 1, 0, 0, 0, 8, 4, '2023-03-24 13:32:32'),
(126, 5, NULL, 236, 190.00, 10.00, 13, 1, NULL, '5119454', 'ZURAIMA JOSEFINA', 'PADRON PEREZ', 'F', '1958-12-09', 64, 0, 'VE', 'NGARCIA@LAMUNDIALDESEGUROS.COM', '+584129000227', 1, 58, 5, 10, NULL, NULL, NULL, NULL, NULL, NULL, NULL, NULL, NULL, NULL, 1, 0, 0, 0, 8, 4, '2023-03-24 13:41:17'),
(127, 5, NULL, 238, 242.00, 20.00, 0, 0, NULL, '6584148', 'ELISEO JOSE', 'PEREZ ROMAN', 'M', '1957-06-14', 65, 0, 'VE', 'YUSMAIRAPEREZ0@GMAIL.COM', '+584267775122', 1, 24, 5, 10, NULL, NULL, NULL, NULL, NULL, NULL, NULL, NULL, NULL, NULL, 1, 0, 0, 0, 8, 4, '2023-03-24 14:14:23'),
(128, 5, NULL, 238, 242.00, 1131.00, 13, 1, NULL, '16855469', 'LIGIA ELENA', 'CARRILLO DE LOPEZ', 'F', '1983-11-26', 39, 0, 'VE', 'ligiacarrillo8383@gmail.com', '+584120201190', 1, 24, 5, 10, NULL, NULL, NULL, NULL, NULL, NULL, NULL, NULL, NULL, NULL, 2, 0, 0, 1, 8, 4, '2023-03-24 18:03:02'),
(129, 5, NULL, 236, 190.00, 10.00, 13, 1, NULL, '28322432', 'ISRAEL DAVID', 'MADRIZ', 'F', '2001-08-11', 21, 0, 'VE', 'SOLANGEMADRIZACOSTA@GMAIL.COM', '+584242416154', 1, 58, 5, 10, NULL, NULL, NULL, NULL, NULL, NULL, NULL, NULL, NULL, NULL, 1, 0, 0, 0, 8, 4, '2023-03-24 19:06:58'),
(130, 5, NULL, 236, 190.00, 10.00, 13, 1, NULL, '28322432', 'ISRAEL DAVID', 'MADRIZ', 'M', '2001-08-11', 21, 0, 'VE', 'SOLANGEMADRIZACOSTA@GMAIL.COM', '+584242416154', 1, 58, 5, 10, NULL, NULL, NULL, NULL, NULL, NULL, NULL, NULL, NULL, NULL, 1, 0, 0, 0, 8, 4, '2023-03-25 09:59:15'),
(131, 5, NULL, 236, 190.00, 10.00, 13, 1, NULL, '16855469', 'LIGIA ELENA', 'CARRILLO DE LOPEZ', 'F', '1983-11-26', 39, 0, 'VE', 'ligiacarrillo8383@gmail.com', '+584120201199', 1, 58, 5, 10, NULL, NULL, NULL, NULL, NULL, NULL, NULL, NULL, NULL, NULL, 1, 0, 0, 0, 8, 4, '2023-03-25 22:11:07'),
(132, 5, NULL, 236, 190.00, 10.00, 13, 1, NULL, '18754798', 'HECTOR ALEXANDER', 'LOPEZ MARTINEZ', 'M', '1989-01-22', 34, 0, 'VE', 'lopezhector02@gmail.com', '+584122759640', 1, 58, 5, 10, NULL, NULL, NULL, NULL, NULL, NULL, NULL, NULL, NULL, NULL, 1, 0, 0, 0, 8, 4, '2023-03-25 22:37:30'),
(133, 5, NULL, 236, 190.00, 10.00, 13, 1, NULL, '18754798', 'HECTOR ALEXANDER', 'LOPEZ MARTINEZ', 'M', '1989-01-22', 34, 0, 'VE', 'lopezhector02@gmail.com', '+584122759640', 1, 58, 5, 10, NULL, NULL, NULL, NULL, NULL, NULL, NULL, NULL, NULL, NULL, 1, 0, 0, 0, 8, 4, '2023-03-25 22:40:52'),
(134, 15, NULL, 245, 1685.00, 421.00, 0, 0, NULL, '17223995', 'carmelo', 'martinez', 'M', '1984-07-23', 38, 0, 'VE', 'cmalave@lamundialdeseguros.com', '+584140863762', 0, 50, NULL, NULL, NULL, NULL, NULL, NULL, NULL, NULL, NULL, NULL, NULL, NULL, 1, 0, 0, 0, 8, 3, '2023-03-27 10:58:03'),
(135, 16, NULL, 233, 50.38, 50.00, 0, 0, NULL, '15445363', 'ALEXIS', 'MORENO', 'M', '1981-03-18', 42, 0, 'VE', 'manmarcorretaje@gmail.com', '+580000000', 0, 55, 4, 8, NULL, NULL, NULL, 'OPTRA', '2008', 'AB672LR', 'CHEVROLET', 'PLATA', '8Z1JJ51358V311922', 'Particular', 1, 0, 0, 0, 8, 1, '2023-03-27 11:25:39'),
(136, 14, NULL, 146, 2455.00, 614.00, 0, 0, NULL, '9878405', 'Jorge', 'Martinez', 'M', '1945-03-26', 78, 0, 'VE', 'carolinamartinez06@hotmail.com', '+5804142247046', 1, 45, NULL, NULL, NULL, NULL, NULL, NULL, NULL, NULL, NULL, NULL, NULL, NULL, 1, 0, 0, 0, 8, 3, '2023-03-27 13:52:16'),
(137, 5, NULL, 238, 242.00, 20.00, 0, 0, NULL, '12093889', 'DERDLIM', 'PACHECO', 'F', '1974-02-09', 49, 0, 'VE', 'depm2905@hotmail.com', '+584248943284', 1, 24, 5, 10, NULL, NULL, NULL, NULL, NULL, NULL, NULL, NULL, NULL, NULL, 1, 0, 0, 0, 8, 4, '2023-03-27 15:06:30'),
(138, 16, NULL, 232, 18.26, 18.00, 0, 0, NULL, '17719892', 'Nestor', 'Caballero', 'M', '1988-08-23', 34, 0, 'VE', 'caballero.nestor.10@gmail.com', '+5804241579865', 0, 53, NULL, NULL, NULL, NULL, NULL, 'Sportrac', '2008', 'aa580mp', 'Ford', 'Negro', '31323', 'Pick-Up', 1, 0, 0, 0, 8, 1, '2023-03-28 10:48:44'),
(139, 11, NULL, 135, 75.00, 75.00, 0, 0, NULL, '6301139', 'ISRAEL', 'CABRERA', 'M', '1969-04-04', 53, 0, 'VE', 'ISRAELCABRERA99@HOTMAIL.COM', '+584127067292', 0, 39, NULL, NULL, NULL, NULL, NULL, NULL, NULL, NULL, NULL, NULL, NULL, NULL, 2, 1, 1, 1, 8, 1, '2023-03-29 13:49:50'),
(140, 11, NULL, 135, 75.00, 75.00, 0, 0, NULL, '6301139', 'ISRAEL', 'CABRERA', 'M', '1969-04-04', 53, 0, 'VE', 'ISRAELCABRERA99@HOTMAIL.COM', '+584127067292', 0, 39, NULL, NULL, NULL, NULL, NULL, NULL, NULL, NULL, NULL, NULL, NULL, NULL, 2, 2, 1, 1, 8, 1, '2023-03-29 13:54:10'),
(141, 14, NULL, 146, 2455.00, 1228.00, 0, 0, NULL, '3560596', 'ABILIO', 'GARCIA', 'M', '1949-11-11', 73, 0, 'VE', 'regifv57@gmail.com', '+5804142887220', 1, 45, NULL, NULL, NULL, NULL, NULL, NULL, NULL, NULL, NULL, NULL, NULL, NULL, 1, 0, 0, 0, 8, 2, '2023-03-30 09:47:23'),
(142, 5, NULL, 238, 242.00, 20.00, 0, 0, NULL, '4883570', 'IRASEMA ELVIRA', 'ESPINOSA LEON', 'F', '1956-02-15', 67, 0, 'VE', 'espinosaleon15@gmail.com', '+5804241893027', 1, 24, 5, 10, NULL, NULL, NULL, NULL, NULL, NULL, NULL, NULL, NULL, NULL, 1, 0, 0, 0, 8, 4, '2023-03-30 15:40:35'),
(143, 14, NULL, 145, 648.00, 54.00, 0, 0, NULL, '8337454', 'fred', 'morgado', 'M', '1967-11-29', 55, 0, 'VE', 'cmalave@lamundialdeseguros.com', '+584148251299', 0, 45, NULL, NULL, NULL, NULL, NULL, NULL, NULL, NULL, NULL, NULL, NULL, NULL, 1, 0, 0, 0, 8, 4, '2023-03-30 16:52:44'),
(144, 5, NULL, 240, 384.00, 96.00, 0, 0, NULL, '5465785', 'carmen', 'craca', 'F', '1961-07-15', 61, 0, 'VE', 'ccraca@hotmail.com', '+584145079480', 0, 22, NULL, NULL, NULL, NULL, NULL, NULL, NULL, NULL, NULL, NULL, NULL, NULL, 1, 0, 0, 0, 8, 3, '2023-03-30 17:17:49'),
(145, 14, NULL, 145, 648.00, 54.00, 0, 0, NULL, '7177365', 'ASDRUBAL', 'SOLORZANO', 'M', '1958-03-30', 65, 0, 'VE', 'lalosolorzano@gmail.com', '+584243147007', 0, 45, NULL, NULL, NULL, NULL, NULL, NULL, NULL, NULL, NULL, NULL, NULL, NULL, 1, 0, 0, 0, 8, 4, '2023-03-30 17:32:30'),
(146, 16, NULL, 231, 22.49, 22.00, 0, 0, NULL, '18002467', 'STEPHANIE', 'VILLANUEVA', 'F', '1988-11-18', 34, 0, 'VE', 'ASDRUBALSR81@GMAIL.COM', '+584142349282', 0, 54, NULL, NULL, NULL, NULL, NULL, 'FOX', '2008', 'BCI21T', 'VOLKSWAGEN', 'GRIS', '9BWKB05Z984063683', 'Particular', 1, 0, 0, 0, 8, 1, '2023-03-30 20:35:28'),
(147, 16, NULL, 232, 18.26, 18.00, 0, 0, NULL, '18002467', 'STEPHANIE', 'ARRIETA', 'F', '1988-11-19', 34, 0, 'VE', 'ASDRUBALTUASESOR@GMAIL.COM', '+584142970207', 0, 53, NULL, NULL, NULL, NULL, NULL, 'FOX', '2008', 'BCI21T', 'VOLSWAGEN', 'GRIS', '9BWKB05Z984063683', 'Particular', 1, 0, 0, 0, 8, 1, '2023-03-30 20:54:03'),
(148, 16, NULL, 232, 18.26, 18.00, 0, 0, NULL, '112229520', 'ALEXANDER', 'ACOSTA', 'M', '1973-07-02', 49, 0, 'VE', 'alexanderacosta943@gmail.con', '+584141404018', 0, 53, 4, 8, NULL, NULL, NULL, 'EXPLORER', '2009', 'AA678CR', 'FORD', 'NEGRO', '8XDEU638198A3406', 'Particular', 1, 0, 0, 0, 8, 1, '2023-03-31 12:45:26'),
(149, 5, NULL, 238, 242.00, 20.00, 0, 0, NULL, '6792737', 'OMAIRA DEL CARMEN', 'CAÑIZALES GUARTE', 'F', '1967-12-20', 55, 0, 'VE', 'gen.perezca@gmail.com', '+584163801353', 1, 24, 5, 10, NULL, NULL, NULL, NULL, NULL, NULL, NULL, NULL, NULL, NULL, 1, 0, 0, 0, 8, 4, '2023-03-31 16:18:14'),
(150, 14, NULL, 145, 648.00, 162.00, 0, 0, NULL, '24843579', 'Gustavo', 'Leon', 'M', '1995-05-02', 27, 0, 'VE', 'galeong1972@gmail.com', '+5804143209167', 0, 45, 4, 11, NULL, NULL, NULL, NULL, NULL, NULL, NULL, NULL, NULL, NULL, 1, 0, 0, 0, 8, 3, '2023-04-03 10:52:53'),
(151, 14, NULL, 145, 648.00, 324.00, 0, 0, NULL, '24843579', 'LUIS', 'ROSALES', 'M', '1995-05-02', 27, 0, 'VE', 'galeong1972@gmail.com', '+5804126034990', 0, 45, 4, 11, NULL, NULL, NULL, NULL, NULL, NULL, NULL, NULL, NULL, NULL, 1, 0, 0, 0, 8, 2, '2023-04-03 20:19:08'),
(152, 16, NULL, 232, 18.26, 18.00, 0, 0, NULL, '15623215', 'JORGE LUIS', 'COLINA', 'M', '1980-11-30', 42, 0, 'VE', 'jlcm1980@gmail.com', '+5804241653119', 0, 53, 4, 11, NULL, NULL, NULL, 'EXPLORER XLT 4X4 A', '2012', 'AG280BA', 'FORD', 'BLANCO', '8XDHK8F8XCGA16443', 'Rustico', 1, 0, 0, 0, 8, 1, '2023-04-10 17:54:34'),
(153, 14, NULL, 142, 510.00, 510.00, 0, 0, NULL, '1', 'Ar', 'E', 'F', '2001-12-31', 21, 0, 'VE', 'armandorosalasesor@gmail.com', '+58+584244558222', 0, 44, NULL, NULL, NULL, NULL, NULL, NULL, NULL, NULL, NULL, NULL, NULL, NULL, 1, 0, 0, 0, 8, 1, '2023-04-11 18:15:54'),
(154, 14, NULL, 146, 2455.00, 614.00, 0, 0, NULL, '3857385', 'luis jesus', 'franco', 'M', '1943-07-05', 79, 0, 'VE', 'efrainher2@hotmail.com', '+5804244075044', 1, 45, NULL, NULL, NULL, NULL, NULL, NULL, NULL, NULL, NULL, NULL, NULL, NULL, 1, 0, 0, 0, 8, 3, '2023-04-11 20:14:56'),
(155, 14, NULL, 145, 648.00, 162.00, 0, 0, NULL, '16543625', 'Andreina', 'Reyes', 'F', '1985-04-05', 38, 0, 'VE', 'reyesvandreina@gmail.com', '+584143897539', 1, 45, NULL, NULL, NULL, NULL, NULL, NULL, NULL, NULL, NULL, NULL, NULL, NULL, 1, 0, 0, 0, 8, 3, '2023-04-12 10:26:51'),
(156, 16, NULL, 232, 18.26, 18.00, 0, 0, NULL, '5525296', 'JESUS ALBERTO', 'VILLALBA SANCHEZ', 'M', '1962-02-24', 61, 0, 'VE', 'gasu888.jav@gmail.com', '+584143773546', 0, 53, 4, 8, NULL, NULL, NULL, 'GRAND VITARA', '2003', 'AA543MW', 'CHEVROLET', 'PLATA', '8ZNCE13B13V308257', 'Particular', 1, 0, 0, 0, 8, 1, '2023-04-12 10:52:39'),
(157, 16, NULL, 232, 18.26, 18.00, 0, 0, NULL, '5525296', 'JESUS ALBERTO', 'VILLALBA SANCHEZ', 'M', '1962-02-24', 61, 0, 'VE', 'dpacheco@lamundialdeseguros.com', '+584143773546', 0, 53, 4, 8, NULL, NULL, NULL, 'GRAND VICTARA', '2003', 'AA543MW', 'CHEVROLET', 'PLATA', '8ZNCE13B13V308257', 'Rustico', 1, 0, 0, 0, 8, 1, '2023-04-12 15:29:10'),
(158, 16, NULL, 232, 18.26, 18.00, 0, 0, NULL, '5525296', 'JESUS ALBERTO', 'VILLALBA SANCHEZ', 'M', '1962-02-24', 61, 0, 'VE', 'gasu888.jav@gmail.com', '+584143773546', 0, 53, 4, 8, NULL, NULL, NULL, 'GRAND VITARA', '2003', 'AA543MW', 'CHEVROLET', 'PLATA', '8ZNCE13B13V308257', 'Rustico', 1, 0, 0, 0, 8, 1, '2023-04-13 12:04:04'),
(159, 16, NULL, 232, 18.26, 18.00, 0, 0, NULL, '5525296', 'CARLOS', 'LUIS', 'M', '1962-02-24', 61, 0, 'VE', 'manmarcorretaje@gmail.com', '+584143773546', 0, 53, 4, 8, NULL, NULL, NULL, 'GRAND VITARA', '2003', 'AA543MW', 'CHEVROLET', 'PLATA', '8ZNCE13B13V308257', 'Rustico', 1, 0, 0, 0, 8, 1, '2023-04-13 12:05:11'),
(160, 16, NULL, 232, 18.26, 18.00, 0, 0, NULL, '5525296', 'JESUS ALBERTO', 'VILLALBA SANCHEZ', 'M', '1962-02-24', 61, 0, 'VE', 'dpacheco@lamundialdeseguros.com', '+584143773546', 0, 53, 4, 8, NULL, NULL, NULL, 'GRAND VITARA', '2003', 'AA543MW', 'CHEVROLET', 'PLATA', '8ZNCE13B13V308257', 'Rustico', 1, 0, 0, 0, 8, 1, '2023-04-13 12:33:35'),
(161, 14, NULL, 139, 432.00, 432.00, 0, 0, NULL, '1', 'ARMANDO', 'ROSAL', 'M', '1974-11-20', 48, 0, 'VE', 'ARMANDOROSALASESOR@GMAIL.COM', '+584244558222', 2, 43, 5, 19, NULL, NULL, NULL, NULL, NULL, NULL, NULL, NULL, NULL, NULL, 1, 0, 0, 0, 8, 1, '2023-04-13 13:02:44'),
(162, 16, NULL, 232, 18.26, 18.00, 0, 0, NULL, '15623214', 'JORGE LUIS', 'COLINA MEDINA', 'M', '1980-11-30', 42, 0, 'VE', 'jlc1980@gmail.com', '+5804241653119', 0, 53, 4, 11, NULL, NULL, NULL, 'GRAND CHEROKEE', '2010', 'AD291CM', 'JEPP', 'ARENA', '8Y8P45FP7A1113737', 'Rustico', 1, 0, 0, 0, 8, 1, '2023-04-14 08:05:11'),
(163, 3, NULL, 210, 163.91, 14.00, 0, 0, NULL, '234245', 'ddd', 'd', 'F', '2004-01-01', 19, 0, 'VE', 'dpacheco@lamundialdeseguros.com', '+584248943284', 1, 6, 4, 4, NULL, NULL, NULL, NULL, NULL, NULL, NULL, NULL, NULL, NULL, 1, 0, 0, 0, 8, 4, '2023-04-18 09:02:00'),
(164, 16, NULL, 251, 112.72, 113.00, 0, 0, NULL, '6053991', 'MANUEL', 'ABREU DA SILVA', 'M', '1946-10-07', 76, 0, 'VE', 'richard_abreu_1975@hotmail.com', '+58426-2704486', 0, 56, 4, 8, NULL, NULL, NULL, 'FIESTA', '2016', 'AI248MG', 'FORD', 'PLATA', 'SYPDP4CJ9GGA03310', 'Particular', 1, 0, 0, 0, 8, 1, '2023-04-18 14:26:52'),
(165, 14, NULL, 145, 648.00, 54.00, 0, 0, NULL, '7196222', 'RUBEN', 'RIVAS', 'M', '1961-08-16', 61, 0, 'VE', 'RUBENRIVAS1961@HOTMAIL.COM', '+584144602041', 1, 45, NULL, NULL, NULL, NULL, NULL, NULL, NULL, NULL, NULL, NULL, NULL, NULL, 1, 0, 0, 0, 8, 4, '2023-04-19 10:40:25'),
(166, 14, NULL, 145, 648.00, 54.00, 0, 0, NULL, '6301348', 'Oscar', 'Maita', 'M', '1970-01-10', 53, 0, 'VE', 'oscarmaita@gmail.com', '+584143334444', 0, 45, NULL, NULL, NULL, NULL, NULL, NULL, NULL, NULL, NULL, NULL, NULL, NULL, 1, 0, 0, 0, 8, 4, '2023-04-19 19:50:16'),
(167, 15, NULL, 244, 1523.00, 1791.00, 0, 0, NULL, 'v15615653', 'YOLIBETH', 'BASTIDAS', 'F', '1980-08-21', 42, 0, 'VE', 'ybarroeta@lamundialdeseguros.com', '+584247485201', 0, 49, NULL, NULL, NULL, NULL, NULL, NULL, NULL, NULL, NULL, NULL, NULL, NULL, 2, 1, 0, 1, 8, 1, '2023-04-20 13:44:28'),
(168, 16, NULL, 232, 18.26, 18.26, 0, 0, NULL, '11990689', 'JOSE  RAIMUNDO', 'ARAQUE BARRIOS', 'M', '1973-11-07', 49, 0, 'VE', 'jennifferg@hotmail.com', '+582129000000', 0, 53, 4, 8, NULL, NULL, NULL, 'AVALANCHE', '2007', '4800AE', 'CHEVROLET', 'BLANCO', '3GNFX12307G312785', 'Pick-Up', 1, 0, 0, 0, 8, 1, '2023-04-24 13:24:44'),
(169, 15, NULL, 245, 1685.00, 1953.00, 0, 0, NULL, '6867092', 'gabriel', 'nieves', 'M', '1967-09-25', 55, 0, 'VE', 'gabinieves1208@gmail.com', '+584167052784', 0, 50, NULL, NULL, NULL, NULL, NULL, NULL, NULL, NULL, NULL, NULL, NULL, NULL, 2, 1, 0, 1, 8, 1, '2023-04-25 11:14:27'),
(170, 14, NULL, 145, 648.00, 54.04, 0, 0, NULL, '12456', 'dd', 'dfg', 'F', '1974-05-29', 48, 0, 'VE', 'dpacheco@lamundialdeseguros.com', '+584248943284', 1, 45, 4, 4, NULL, NULL, NULL, NULL, NULL, NULL, NULL, NULL, NULL, NULL, 1, 0, 0, 0, 8, 4, '2023-04-25 11:46:47'),
(171, 14, NULL, 145, 648.00, 54.04, 0, 0, NULL, '8090137', 'ZOILA', 'RIVAS', 'F', '1960-03-19', 63, 0, 'VE', 'SEGUROSLASDELICIAS@HOTMAIL.COM', '+584144537631', 0, 45, 4, 34, NULL, NULL, NULL, NULL, NULL, NULL, NULL, NULL, NULL, NULL, 1, 0, 0, 0, 8, 4, '2023-04-26 10:25:46'),
(172, 11, NULL, 135, 75.00, 75.00, 0, 0, NULL, '6179348', 'Elizabeth', 'Garcia', 'F', '1968-10-19', 54, 0, 'VE', 'elizabeth.garciam@gmail.comcom', '+584242745714', 0, 39, NULL, NULL, NULL, NULL, NULL, NULL, NULL, NULL, NULL, NULL, NULL, NULL, 2, 0, 2, 0, 8, 1, '2023-04-26 11:13:59'),
(173, 14, NULL, 139, 432.00, 432.00, 0, 0, NULL, '23455', 'dd', 'dfg', 'F', '1974-05-29', 48, 0, 'VE', 'dpacheco@lamundialdeseguros.com', '+584243567890', 1, 43, 4, 4, NULL, NULL, NULL, NULL, NULL, NULL, NULL, NULL, NULL, NULL, 1, 0, 0, 0, 8, 1, '2023-04-26 14:49:02'),
(174, 16, NULL, 232, 18.26, 18.26, 0, 0, NULL, '4535146', 'Neysi', 'Montilla', 'F', '1955-01-15', 68, 0, 'VE', 'manmaroccidente@gmail.com', '+584127693691', 0, 53, NULL, NULL, NULL, NULL, NULL, 'SEDAN', '2005', 'AC188GL', 'HYUNDAI', 'ROJO', '8X1DM41BP5Y500087', 'Particular', 1, 0, 0, 0, 8, 1, '2023-04-26 17:13:27'),
(175, 16, NULL, 232, 18.26, 18.26, 0, 0, NULL, '4535146', 'Neysi', 'Montilla', 'F', '1955-01-15', 68, 0, 'VE', 'manmaroccidente@gmail.com', '+584127693691', 0, 53, NULL, NULL, NULL, NULL, NULL, 'SEDAN', '2005', 'AC188GL', 'HYUNDAI', 'ROJO', '8X1DM41BP5Y500087', 'Particular', 1, 0, 0, 0, 8, 1, '2023-04-26 17:26:31'),
(176, 16, NULL, 232, 18.26, 18.26, 0, 0, NULL, '4535146', 'Neysi', 'Montilla', 'F', '1955-01-15', 68, 0, 'VE', 'manmaroccidente@gmail.com', '+584127693691', 0, 53, NULL, NULL, NULL, NULL, NULL, 'SEDAN', '2005', 'AC188GL', 'HYUNDAI', 'ROJO', '8X1DM41BP5Y500087', 'Particular', 1, 0, 0, 0, 8, 1, '2023-04-26 17:32:11'),
(177, 16, NULL, 248, 15.00, 15.00, 0, 0, NULL, '15544806', 'HECTOR WILDERKIN', 'MORENO MARCANO', 'M', '1982-12-07', 40, 0, 'VE', 'galeong1972@gmail.com', '+5804141353362', 0, 59, 4, 11, NULL, NULL, NULL, 'RKV', '2012', 'ADOJ62G', 'KEEWAY', 'ROJO', '812K3WE20CM000276', 'Motocicletas', 1, 0, 0, 0, 8, 1, '2023-04-27 06:56:58'),
(178, 5, NULL, 236, 190.00, 27.03, 0, 0, NULL, '18931690', 'jesus', 'blanco', 'M', '1988-05-31', 34, 0, 'VE', 'jesuseliasblanco@gmail.com', '+5804142786768', 2, 58, NULL, NULL, NULL, NULL, NULL, NULL, NULL, NULL, NULL, NULL, NULL, NULL, 2, 1, 0, 0, 8, 4, '2023-04-27 07:21:56'),
(179, 16, NULL, 231, 22.49, 22.49, 0, 0, NULL, 'J310985677', 'IMPERMEABILIZADORA', 'GRAN CARACAS, C.A', 'M', '2004-01-21', 19, 0, 'VE', 'IMPERMEABILIZADORAGRANCARACAS@GMAIL.COM', '+584241983737', 0, 54, NULL, NULL, NULL, NULL, NULL, '525', '2008', 'AHE68Y', 'BMW', 'PLATA', 'WBANU510X8CW34395', 'Particular', 1, 0, 0, 0, 8, 1, '2023-04-27 10:11:14');
INSERT INTO `insurance_buy_temp` (`id_buy_temp`, `id_insurance`, `id_user_api`, `id_term`, `amount_term`, `total_buy`, `id_coupon`, `type_coupon`, `id_subscriber`, `user_id`, `name_user`, `last_name_user`, `sex_user`, `date_birth`, `age_user`, `smokes_user`, `id_country`, `email_user`, `phone_user`, `beneficiaries_user`, `id_price`, `user_profile`, `id_agency`, `id_adviser`, `id_agency_ibo`, `ibo`, `model_car`, `year_car`, `license_plate`, `brand_car`, `color_car`, `serial_car`, `use_brand`, `option_extension`, `cant_sons`, `cant_fathers`, `cant_spouse`, `id_status`, `id_cuota`, `create_date`) VALUES
(180, 14, NULL, 145, 648.00, 324.00, 0, 0, NULL, '14712551', 'JULIO', 'PADRON', 'M', '1980-03-15', 43, 0, 'VE', 'jpadron80@gmail.com', '+584122487808', 0, 45, NULL, NULL, NULL, NULL, NULL, NULL, NULL, NULL, NULL, NULL, NULL, NULL, 1, 0, 0, 0, 8, 2, '2023-04-27 10:43:52'),
(181, 16, NULL, 252, 133.99, 133.99, 0, 0, NULL, 'J-31098567-7', 'IMPERMEABILIZADORA', 'GRAN CARACAS,C.A', 'M', '1975-09-21', 47, 0, 'VE', 'manmarcorretaje@gmail.com', '+580424-1983737', 0, 57, 4, 8, NULL, NULL, NULL, '525', '2008', 'AHE68Y', 'BMW', 'PLATA', 'WBANU510X8CW34395', 'Particular', 1, 0, 0, 0, 8, 1, '2023-04-27 11:03:00'),
(182, 16, NULL, 252, 133.99, 67.00, 0, 0, NULL, 'J-31098567-7', 'IMPERMEABILIZADORA', 'GRAN CARACAS, C.A', 'M', '1975-09-21', 47, 0, 'VE', 'manmarcorretaje@gmail.com', '+58424-1983737', 0, 57, 4, 8, NULL, NULL, NULL, '525', '2008', 'AHE68Y', 'BMW', 'PLATA', 'WBANU510X8CW34395', 'Particular', 1, 0, 0, 0, 8, 2, '2023-04-27 11:30:07'),
(183, 16, NULL, 232, 18.26, 18.26, 0, 0, NULL, '4753331', 'NETOR JOSE', 'MORILLO SANCHEZ', 'M', '1955-12-03', 67, 0, 'VE', 'MVCONSULTORES7@GMAIL.COM', '+584146827375', 0, 53, 5, 10, NULL, NULL, NULL, 'ECO SPORT', '2006', 'VCO90U', 'FORD', 'PLATA', '9BFZE16F778828462', 'Rustico', 1, 0, 0, 0, 8, 1, '2023-04-27 11:57:52'),
(184, 5, NULL, 238, 242.00, 13.12, 13, 1, NULL, '6823428', 'PABLO JOSE', 'GIL', 'M', '1961-04-28', 62, 1, 'VE', 'jerrygilseguros@outlook.com', '+584142886655', 4, 24, 5, 10, NULL, NULL, NULL, NULL, NULL, NULL, NULL, NULL, NULL, NULL, 1, 0, 0, 0, 8, 4, '2023-04-28 12:14:33'),
(185, 16, NULL, 232, 18.26, 18.26, 0, 0, NULL, '13567872', 'JOSE', 'MOTA', 'M', '1972-10-01', 50, 0, 'VE', 'motajo@gmail.com', '+584165980577', 0, 53, NULL, NULL, NULL, NULL, NULL, 'Aveo', '2008', 'AA248AM', 'Chevrolet', 'Azul Constelación', '8Z1TD61768V452761', 'Particular', 1, 0, 0, 0, 8, 1, '2023-04-28 14:12:34'),
(186, 16, NULL, 232, 18.26, 18.26, 0, 0, NULL, '16273733', 'Patricia', 'Gonzalez', 'F', '1984-11-13', 38, 0, 'VE', 'pattygonzalez@gmail.com', '+5804142604030', 0, 53, NULL, NULL, NULL, NULL, NULL, 'Explorer', '2014', 'AH097OG', 'Ford ', 'Plata', '8XD5K8F88EGA07486', 'Particular', 1, 0, 0, 0, 8, 1, '2023-04-29 11:28:50'),
(187, 14, NULL, 142, 510.00, 510.00, 0, 0, NULL, '16032325', 'AAS', 'SOLO', 'M', '1980-09-29', 42, 0, 'VE', 'jlqr01@gmail.com', '+584129057222', 0, 44, NULL, NULL, NULL, NULL, NULL, NULL, NULL, NULL, NULL, NULL, NULL, NULL, 1, 0, 0, 0, 8, 1, '2023-05-02 20:36:53'),
(188, 5, NULL, 241, 460.00, 83.06, 0, 0, NULL, '17147564', 'Barbara', 'Marrero', 'F', '1986-06-01', 36, 0, 'VE', 'Barbara0331@hotmail.com', '+5804140162020', 0, 51, NULL, NULL, NULL, NULL, NULL, NULL, NULL, NULL, NULL, NULL, NULL, NULL, 2, 4, 0, 0, 8, 4, '2023-05-04 09:57:29'),
(189, 14, NULL, 142, 510.00, 510.00, 0, 0, NULL, '9666102', 'Carmencita', 'Pereira Macedo', 'F', '1964-02-06', 59, 0, 'VE', 'carmencitapm69@hotmail.com', '+584144909004', 1, 44, 5, 22, NULL, NULL, NULL, NULL, NULL, NULL, NULL, NULL, NULL, NULL, 1, 0, 0, 0, 8, 1, '2023-05-04 22:44:51'),
(190, 14, NULL, 142, 510.00, 510.00, 0, 0, NULL, '9666102', 'Carmencita', 'Pereira Macedo', 'F', '1964-02-06', 59, 0, 'VE', 'carmencitapm69@hotmail.com', '+584144909004', 1, 44, 5, 22, NULL, NULL, NULL, NULL, NULL, NULL, NULL, NULL, NULL, NULL, 1, 0, 0, 0, 8, 1, '2023-05-04 22:47:17'),
(191, 14, NULL, 142, 510.00, 510.00, 0, 0, NULL, '10753140', 'Freddy José', 'Garcia Barreto', 'M', '1972-06-17', 50, 0, 'VE', 'carmencitapm69@hotmail.com', '+584144909004', 1, 44, 5, 22, NULL, NULL, NULL, NULL, NULL, NULL, NULL, NULL, NULL, NULL, 1, 0, 0, 0, 8, 1, '2023-05-04 22:53:03'),
(192, 16, NULL, 232, 18.26, 18.26, 0, 0, NULL, '21356288', 'FRANCESCO JOSE', 'TENERELLI QUINTERO', 'M', '1994-09-04', 28, 0, 'VE', 'MARIANDREINAVILLASMIL@GMAIL.COM', '+584246434761', 0, 53, 5, 10, NULL, NULL, NULL, 'CHEROKEE SPORT', '2002', 'TAH18V', 'JEEP', 'AZUL', '8Y4GK48K4211011006', 'Rustico', 1, 0, 0, 0, 8, 1, '2023-05-05 16:27:05'),
(193, 15, NULL, 243, 1119.00, 93.32, 0, 0, NULL, '7123456', 'Jose', 'Rendos', 'M', '2003-12-31', 19, 0, 'VE', 'hsud@ide.com', '+584148275388', 1, 48, NULL, NULL, NULL, NULL, NULL, NULL, NULL, NULL, NULL, NULL, NULL, NULL, 1, 0, 0, 0, 8, 4, '2023-05-05 20:35:33'),
(194, 16, NULL, 251, 112.72, 112.72, 0, 0, NULL, '18441300', 'MERLYN DAYANA', 'MANZANO BRAZON', 'F', '1989-07-16', 33, 0, 'VE', 'manzanomerlyn@gmail.com', '+584143346246', 0, 56, 4, 8, NULL, NULL, NULL, 'GRAND VITARA', '2008', 'BCC97H', 'CHEVROLET', 'GRIS', '8ZNCB13C88V317451', 'Particular', 1, 0, 0, 0, 8, 1, '2023-05-09 11:35:51'),
(195, 14, NULL, 142, 510.00, 127.50, 0, 0, NULL, '9666102', 'Carmencita', 'Pereira Macedo', 'F', '1964-02-06', 59, 0, 'VE', 'carmencitapm69@hotmail.com', '+584144909004', 1, 44, 5, 22, NULL, NULL, NULL, NULL, NULL, NULL, NULL, NULL, NULL, NULL, 1, 0, 0, 0, 8, 3, '2023-05-09 20:46:47'),
(196, 14, NULL, 142, 510.00, 127.50, 0, 0, NULL, '10753140', 'Freddy José', 'Garcia Barreto', 'M', '1972-06-17', 50, 0, 'VE', 'carmencitapm69@hotmail.com', '+584144909004', 1, 44, 5, 22, NULL, NULL, NULL, NULL, NULL, NULL, NULL, NULL, NULL, NULL, 1, 0, 0, 0, 8, 3, '2023-05-09 20:54:03'),
(197, 14, NULL, 139, 432.00, 36.03, 0, 0, NULL, '6119064', 'RENNY', 'BETANCOURT', 'M', '1964-04-16', 59, 0, 'VE', 'mireyabazan1971@gmail.com', '+584163042584', 0, 43, NULL, NULL, NULL, NULL, NULL, NULL, NULL, NULL, NULL, NULL, NULL, NULL, 1, 0, 0, 0, 8, 4, '2023-05-11 11:13:40'),
(198, 14, NULL, 139, 432.00, 36.03, 0, 0, NULL, '6119064', 'RENNY JOSE', 'BETANCOURT MENDOZA', 'M', '1964-04-16', 59, 0, 'VE', 'mireyabazan1971@gmail.com', '+584163042584', 1, 43, 4, 8, NULL, NULL, NULL, NULL, NULL, NULL, NULL, NULL, NULL, NULL, 1, 0, 0, 0, 8, 4, '2023-05-11 16:01:34'),
(199, 16, NULL, 232, 18.26, 18.26, 0, 0, NULL, '14113622', 'CARODIS LORENA', 'PACHECO GUERRA', 'F', '1980-05-27', 42, 0, 'VE', 'productosdisquifar@hotmail.com', '+584144801481', 0, 53, 4, 16, NULL, NULL, NULL, 'AVEO', '2005', 'AA716KD', 'CHEVROLET', 'PLATA', '8Z1TJ52655V317264', 'Particular', 1, 0, 0, 0, 8, 1, '2023-05-12 10:00:17'),
(200, 16, NULL, 232, 18.26, 18.26, 0, 0, NULL, '8743202', 'CONCEPCION', 'LORETO  LUNGAVITA', 'F', '1965-10-24', 57, 0, 'VE', 'chity.loreto@gmail.com', '+584142491313', 0, 53, 4, 8, NULL, NULL, NULL, 'ELANTRA GL 2.0', '2004', 'AI532JK', 'HYUNDAI', 'GRIS', '8X1DN41DP4Y200085', 'Particular', 1, 0, 0, 0, 8, 1, '2023-05-12 11:50:48'),
(201, 16, NULL, 232, 18.26, 18.26, 0, 0, NULL, '5894831', 'HUMBERTO', 'DI LAPI LATELLA', 'M', '1963-01-20', 60, 0, 'VE', 'hdilapi@hotmail.com', '+584166211855', 0, 53, 4, 8, NULL, NULL, NULL, 'LANCER GLX 1.6', '2013', 'AH832AA', 'MITSUBISHI', 'PLATA', '8X1STCS36DB001558', 'Particular', 1, 0, 0, 0, 8, 1, '2023-05-12 11:54:59'),
(202, 16, NULL, 248, 15.00, 15.00, 0, 0, NULL, '22345678', 'pedro', 'gonzalez', 'M', '1987-11-11', 35, 1, 'VE', 'pedro@gmail.com', '+584123445678', 0, 59, NULL, NULL, NULL, NULL, NULL, 'spark', '2008', 'aa203 bb', 'chevrolet', 'gris', '7fdsa9we0fwer', 'Particular', 1, 0, 0, 0, 8, 1, '2023-05-12 19:20:27'),
(203, 15, NULL, 245, 1685.00, 521.75, 0, 0, NULL, '20494402', 'KENYS ENIS', 'ACEVEDO ARAY', 'F', '1986-07-03', 36, 0, 'VE', 'FRANCESCOCUNDARI153005@OUTLOOK.COM', '+584124090271', 3, 50, NULL, NULL, NULL, NULL, NULL, NULL, NULL, NULL, NULL, NULL, NULL, NULL, 2, 3, 0, 0, 8, 3, '2023-05-15 16:29:39'),
(204, 15, NULL, 243, 1119.00, 1655.00, 0, 0, NULL, '16051245', 'JOSE TOMAS', 'SERENO', 'M', '1984-03-10', 39, 0, 'VE', 'GAERSTEASESORES@GMAIL.COM', '+584243335765', 1, 48, 4, 31, NULL, NULL, NULL, NULL, NULL, NULL, NULL, NULL, NULL, NULL, 2, 3, 0, 1, 8, 1, '2023-05-15 17:13:54'),
(205, 14, NULL, 145, 648.00, 54.04, 0, 0, NULL, '6523702', 'Liliana', 'Castiglione', 'F', '1962-04-30', 61, 0, 'VE', 'celenapereezgonzalez@gmail.com', '+5804241599667', 0, 45, NULL, NULL, NULL, NULL, NULL, NULL, NULL, NULL, NULL, NULL, NULL, NULL, 1, 0, 0, 0, 8, 4, '2023-05-18 12:08:00'),
(206, 5, NULL, 237, 222.00, 89.00, 0, 0, NULL, '7267355', 'jennifer', 'medina', 'F', '1968-09-25', 54, 0, 'VE', 'jennifermedina522@gmail.com', '+582848667', 1, 25, NULL, NULL, NULL, NULL, NULL, NULL, NULL, NULL, NULL, NULL, NULL, NULL, 2, 1, 0, 0, 8, 3, '2023-05-22 09:57:27'),
(207, 5, NULL, 236, 190.00, 190.00, 0, 0, NULL, '15740531', 'Pedro', 'Figuera', 'M', '1982-04-03', 41, 0, 'VE', 'alexisfiguera@gmail.com', '+5804145880593', 0, 58, NULL, NULL, NULL, NULL, NULL, NULL, NULL, NULL, NULL, NULL, NULL, NULL, 1, 0, 0, 0, 8, 1, '2023-05-22 10:33:24'),
(208, 14, NULL, 139, 432.00, 36.03, 0, 0, NULL, '20825904', 'JEFMAR', 'CASTILLO', 'F', '1993-11-24', 29, 0, 'VE', 'manmarcorretaje@gmail.com', '+584242272760', 2, 43, 4, 8, NULL, NULL, NULL, NULL, NULL, NULL, NULL, NULL, NULL, NULL, 1, 0, 0, 0, 8, 4, '2023-05-22 15:20:30'),
(209, 14, NULL, 139, 432.00, 36.03, 0, 0, NULL, '20825904', 'JEFMAR', 'CASTILLO', 'F', '1993-11-24', 29, 0, 'VE', 'BARBRAVG@GMAIL.COM', '+584242272760', 2, 43, 4, 8, NULL, NULL, NULL, NULL, NULL, NULL, NULL, NULL, NULL, NULL, 1, 0, 0, 0, 8, 4, '2023-05-22 15:24:54'),
(210, 14, NULL, 145, 648.00, 54.04, 0, 0, NULL, '7196222', 'Ruben Dario', 'Rivas Garcia', 'M', '1961-08-16', 61, 0, 'VE', 'rubenrivas1961@hotmail.com', '+584144602041', 1, 45, 4, 34, NULL, NULL, NULL, NULL, NULL, NULL, NULL, NULL, NULL, NULL, 1, 0, 0, 0, 8, 4, '2023-05-22 15:49:13'),
(211, 14, NULL, 140, 962.00, 80.23, 0, 0, NULL, '2672924', 'Vita Modesta', 'Marcano', 'F', '1941-02-24', 82, 0, 'VE', 'depm2905@gmail.com', '+584248943284', 2, 43, 4, 4, NULL, NULL, NULL, NULL, NULL, NULL, NULL, NULL, NULL, NULL, 1, 0, 0, 0, 8, 4, '2023-05-22 17:38:19'),
(212, 16, NULL, 252, 133.99, 133.99, 0, 0, NULL, '2434', 'd', 'p', 'M', '1974-05-29', 48, 0, 'VE', 'depm2905@gmail.com', '+5844676768', 0, 57, 4, 4, NULL, NULL, NULL, 'gdg', '2023', 'sdf654dd', 'dff', 'gfdgd', 'dsfsfdfjsijf987987', 'Particular', 1, 0, 0, 0, 8, 1, '2023-05-24 09:35:49'),
(213, 15, NULL, 243, 1119.00, 1253.00, 0, 0, NULL, '1234567', 'RAMON', 'GIMENEZ', 'M', '1962-02-22', 61, 0, 'VE', 'makeila.cgp@gmail.com', '+584125060851', 1, 48, NULL, NULL, NULL, NULL, NULL, NULL, NULL, NULL, NULL, NULL, NULL, NULL, 2, 0, 0, 1, 8, 1, '2023-05-24 10:11:18'),
(214, 5, NULL, 238, 242.00, 20.18, 0, 0, NULL, '10011308', 'EDGAR', 'ALBURQUQUE', 'M', '1976-01-05', 47, 0, 'VE', 'edgaralburqueque3@gmail.com', '+584142646093', 1, 24, 5, 10, NULL, NULL, NULL, NULL, NULL, NULL, NULL, NULL, NULL, NULL, 1, 0, 0, 0, 8, 4, '2023-05-24 10:20:15'),
(215, 5, NULL, 238, 242.00, 20.18, 0, 0, NULL, '10011308', 'EDGAR', 'ALBURQUEQUE', 'M', '1976-01-05', 47, 0, 'VE', 'edgaralburqueque3@gmail.com', '+584142646093', 1, 24, 5, 10, NULL, NULL, NULL, NULL, NULL, NULL, NULL, NULL, NULL, NULL, 1, 0, 0, 0, 8, 4, '2023-05-24 10:33:54'),
(216, 16, NULL, 232, 18.26, 18.26, 0, 0, NULL, '10822436', 'Wilmer', 'Hernández', 'M', '1971-02-16', 52, 0, 'VE', 'whernandezpadron@gmail.com', '+5804128979983', 0, 53, NULL, NULL, NULL, NULL, NULL, 'corolla', '1995', 'AAA001', 'toyota', 'beig', '000000000001', 'Particular', 1, 0, 0, 0, 8, 1, '2023-05-24 12:49:31'),
(217, 15, NULL, 242, 854.00, 988.00, 0, 0, NULL, '12037769', 'A', 'B', 'M', '1968-09-25', 54, 0, 'VE', 'ARMANDOROSALASESOR@GMAIL.COM', '+584244558222', 0, 47, NULL, NULL, NULL, NULL, NULL, NULL, NULL, NULL, NULL, NULL, NULL, NULL, 2, 1, 0, 0, 8, 1, '2023-05-25 10:34:16'),
(218, 15, NULL, 242, 854.00, 1122.00, 0, 0, NULL, '12037768', 'MANUEL', 'RODRIGUEZ', 'M', '1968-09-25', 54, 0, 'VE', 'armandorosalasesor@gmail.com', '+584244558223', 0, 47, 5, 22, NULL, NULL, NULL, NULL, NULL, NULL, NULL, NULL, NULL, NULL, 2, 1, 0, 1, 8, 1, '2023-05-25 10:56:04'),
(219, 15, NULL, 242, 854.00, 1122.00, 0, 0, NULL, '1', 'MANUEL', 'RODRIGUEZ', 'M', '1968-09-25', 54, 0, 'VE', 'armandorosalasesor@gmail.com', '+58424555555', 0, 47, 5, 22, NULL, NULL, NULL, NULL, NULL, NULL, NULL, NULL, NULL, NULL, 2, 1, 0, 1, 8, 1, '2023-05-25 10:58:33'),
(220, 15, NULL, 242, 854.00, 988.00, 0, 0, NULL, '12037769', 'A', 'B', 'M', '1968-09-25', 54, 0, 'VE', 'ARMANDOROSALASESOR@GMAIL.COM', '+584244558222', 0, 47, 5, 22, NULL, NULL, NULL, NULL, NULL, NULL, NULL, NULL, NULL, NULL, 2, 1, 0, 0, 8, 1, '2023-05-25 11:00:28'),
(221, 15, NULL, 242, 854.00, 1122.00, 0, 0, NULL, '12037768', 'MANUEL', 'RODRIGUEZ', 'M', '1968-09-25', 54, 0, 'VE', 'armandorosalasesor@gmail.com', '+584244558223', 0, 47, 5, 22, NULL, NULL, NULL, NULL, NULL, NULL, NULL, NULL, NULL, NULL, 2, 1, 0, 1, 8, 1, '2023-05-25 11:03:18'),
(222, 3, NULL, 201, 45.50, 45.50, 0, 0, NULL, '15740531', 'Pedro', 'Figuera', 'M', '1982-04-03', 41, 0, 'VE', 'alexisfiguera@gmail.com', '+584145880593', 0, 17, NULL, NULL, NULL, NULL, NULL, NULL, NULL, NULL, NULL, NULL, NULL, NULL, 1, 0, 0, 0, 8, 1, '2023-05-25 11:30:20'),
(223, 5, NULL, 236, 190.00, 15.85, 0, 0, NULL, '13903137', 'YELITZA REINA', 'RONDON', 'F', '1977-04-30', 46, 0, 'VE', 'YYRR1390@HOTMAIL.COM', '+584144485002', 1, 58, 5, 10, NULL, NULL, NULL, NULL, NULL, NULL, NULL, NULL, NULL, NULL, 1, 0, 0, 0, 8, 4, '2023-05-25 12:34:09'),
(224, 5, NULL, 236, 190.00, 15.85, 0, 0, NULL, '12084712', 'FRANCISCO', 'ROJAS', 'M', '1972-02-22', 51, 0, 'VE', 'ANDRESDIEGO014@HOTMAIL.COM', '+584241463778', 1, 58, 5, 10, NULL, NULL, NULL, NULL, NULL, NULL, NULL, NULL, NULL, NULL, 1, 0, 0, 0, 8, 4, '2023-05-25 12:44:35'),
(225, 5, NULL, 236, 190.00, 15.85, 0, 0, NULL, '27694986', 'DIEGO ANDRES', 'ROJAS REINA', 'M', '2000-01-06', 23, 0, 'VE', 'DIEGO.ROJAS0640@GMAIL.COM', '+584128304789', 1, 58, 5, 10, NULL, NULL, NULL, NULL, NULL, NULL, NULL, NULL, NULL, NULL, 1, 0, 0, 0, 8, 4, '2023-05-25 12:51:42'),
(226, 5, NULL, 236, 190.00, 15.85, 0, 0, NULL, '31757067', 'FRANYELIZ DANIELA', 'ROJAS REINA', 'F', '2004-06-11', 18, 0, 'VE', 'FRANYELIZROJA11@GMAIL.COM', '+584241462133', 1, 58, 5, 10, NULL, NULL, NULL, NULL, NULL, NULL, NULL, NULL, NULL, NULL, 1, 0, 0, 0, 8, 4, '2023-05-25 12:59:30'),
(227, 14, NULL, 145, 648.00, 162.00, 0, 0, NULL, '5555555', 'FRANNY', 'GONZALEZ', 'F', '1968-10-30', 54, 0, 'VE', 'agenteinsurancevip@gmail.com', '+58+584141182302', 0, 45, NULL, NULL, NULL, NULL, NULL, NULL, NULL, NULL, NULL, NULL, NULL, NULL, 1, 0, 0, 0, 8, 3, '2023-05-26 22:35:22'),
(228, 16, NULL, 231, 22.49, 22.49, 0, 0, NULL, '16803399', 'EBER JOSE', 'SANCHEZ FLORES', 'M', '1974-02-14', 49, 0, 'VE', 'yuserin5314@gmail.com', '+584149365988', 0, 54, NULL, NULL, NULL, NULL, NULL, 'RIO', '2011', 'AE002EA', 'KIA', 'BLANCO', '8LCDC2232BE17361', 'Particular', 1, 0, 0, 0, 8, 1, '2023-05-29 14:56:26'),
(229, 16, NULL, 231, 22.49, 22.49, 0, 0, NULL, '16803399', 'EBER JOSE', 'SANCHEZ FLORES', 'M', '1974-02-14', 49, 0, 'VE', 'yuserin5314@gmail.com', '+584149365988', 0, 54, NULL, NULL, NULL, NULL, NULL, 'RIO', '2011', 'AE002EA', 'KIA', 'BLANCO', '8LCDC2232BE17361', 'Particular', 1, 0, 0, 0, 8, 1, '2023-05-29 14:57:52'),
(230, 15, NULL, 245, 1685.00, 1685.00, 0, 0, NULL, '20494402', 'KENYS ENIS', 'ACEVEDO ARAY', 'F', '1986-08-03', 36, 0, 'VE', 'francescocudari153005@outlook.com', '+584124090271', 3, 50, NULL, NULL, NULL, NULL, NULL, NULL, NULL, NULL, NULL, NULL, NULL, NULL, 2, 3, 0, 0, 8, 1, '2023-05-29 14:59:05'),
(231, 16, NULL, 231, 22.49, 22.49, 0, 0, NULL, '16803399', 'EBER JOSE', 'SANCHEZ FLORES', 'M', '1974-01-14', 49, 0, 'VE', 'gerente.mercadeo@fastmed.com.ve', '+584149365988', 0, 54, 4, 8, NULL, NULL, NULL, 'RIO', '2011', 'AE002EA', 'KIA', 'BLANCO', '8LCDC2232BE017361', 'Particular', 1, 0, 0, 0, 8, 1, '2023-05-30 15:06:16'),
(232, 16, NULL, 231, 22.49, 22.49, 0, 0, NULL, '13801381', 'BEATRIZ', 'FERNANDEZ RODRIGUEZ', 'F', '1979-05-04', 44, 0, 'VE', 'gerente.mercadeo@fastmed.com.ve', '+584245352659', 0, 54, 4, 8, NULL, NULL, NULL, 'GRAND CHEROKEE', '2007', 'AF735AV', 'JEEP', 'PLATA', '8Y8HX58N671507054', 'Particular', 1, 0, 0, 0, 8, 1, '2023-05-30 15:08:41'),
(233, 3, NULL, 201, 45.50, 45.50, 0, 0, NULL, '16268082', 'ANGEL ORLANDO', 'MORALES ESAA', 'M', '1982-03-29', 41, 0, 'VE', 'alexisfiguera@gmail.com', '+585880593', 2, 17, 4, 98, NULL, NULL, NULL, NULL, NULL, NULL, NULL, NULL, NULL, NULL, 1, 0, 0, 0, 8, 1, '2023-05-30 17:21:19'),
(234, 14, NULL, 139, 432.00, 36.03, 0, 0, NULL, '16876426', 'carlos', 'salazar', 'M', '1985-03-08', 38, 0, 'VE', 'clsi3008@gmail.com', '+584242206224', 0, 43, NULL, NULL, NULL, NULL, NULL, NULL, NULL, NULL, NULL, NULL, NULL, NULL, 1, 0, 0, 0, 8, 4, '2023-05-31 15:01:07'),
(235, 14, NULL, 142, 510.00, 127.50, 0, 0, NULL, '10381275', 'wilmer', 'hernandez', 'M', '1971-02-16', 52, 0, 'VE', 'whernandezpadron@gmail.com', '+5804128979983', 0, 44, NULL, NULL, NULL, NULL, NULL, NULL, NULL, NULL, NULL, NULL, NULL, NULL, 1, 0, 0, 0, 8, 3, '2023-05-31 17:50:58'),
(236, 5, NULL, 238, 242.00, 31.36, 0, 0, NULL, '888888', 'ANYELA', 'GUAREMA', 'F', '1982-12-31', 40, 0, 'VE', 'asistente.aredondo@gmail.com', '+580414-3837119', 1, 24, NULL, NULL, NULL, NULL, NULL, NULL, NULL, NULL, NULL, NULL, NULL, NULL, 2, 1, 0, 0, 8, 4, '2023-06-02 13:27:12'),
(237, 5, NULL, 236, 190.00, 21.48, 14, 1, NULL, '14789711', 'DESIREE TERESA', 'PINEDA GOMEZ', 'F', '1979-10-21', 43, 0, 'VE', 'desireepineda711@gmail.com', '+584142632667', 1, 58, 5, 10, NULL, NULL, NULL, NULL, NULL, NULL, NULL, NULL, NULL, NULL, 2, 1, 0, 0, 8, 4, '2023-06-02 14:42:55'),
(238, 5, NULL, 236, 190.00, 21.48, 14, 1, NULL, '14789711', 'DESIREE TERESA', 'PINEDA GOMEZ', 'F', '1979-10-21', 43, 0, 'VE', 'desireepineda711@gmail.com', '+584142632667', 1, 58, 5, 10, NULL, NULL, NULL, NULL, NULL, NULL, NULL, NULL, NULL, NULL, 2, 1, 0, 0, 8, 4, '2023-06-02 14:48:55'),
(239, 5, NULL, 236, 190.00, 21.48, 14, 1, NULL, '14789711', 'DESIRRE TERESA', 'PINEDA GOMEZ', 'F', '1979-10-21', 43, 0, 'VE', 'desirrepineda711@gmail.com', '+584242632667', 1, 58, 5, 10, NULL, NULL, NULL, NULL, NULL, NULL, NULL, NULL, NULL, NULL, 2, 1, 0, 0, 8, 4, '2023-06-02 15:40:14'),
(240, 5, NULL, 236, 190.00, 21.48, 14, 1, NULL, '14789711', 'DESIRRE TERESA', 'PINEDA GOMEZ', 'F', '1979-10-21', 43, 0, 'VE', 'desirrepineda711@gmail.com', '+584242632667', 1, 58, 5, 10, NULL, NULL, NULL, NULL, NULL, NULL, NULL, NULL, NULL, NULL, 2, 1, 0, 0, 8, 4, '2023-06-02 15:43:40'),
(241, 5, NULL, 236, 190.00, 21.48, 14, 1, NULL, '14789711', 'DESIRRE TERESA', 'PINEDA GOMEZ', 'F', '1979-10-21', 43, 0, 'VE', 'desirrepineda711@gmail.com', '+584242632667', 1, 58, 5, 10, NULL, NULL, NULL, NULL, NULL, NULL, NULL, NULL, NULL, NULL, 2, 1, 0, 0, 8, 4, '2023-06-02 15:54:17'),
(242, 14, NULL, 139, 432.00, 432.00, 0, 0, NULL, '5530967', 'freddy', 'belisario', 'M', '1961-11-24', 61, 0, 'VE', 'asesoresnp@gmail.com', '+584141293904', 0, 43, 4, 102, NULL, NULL, NULL, NULL, NULL, NULL, NULL, NULL, NULL, NULL, 1, 0, 0, 0, 8, 1, '2023-06-02 16:11:50'),
(243, 14, NULL, 139, 432.00, 432.00, 0, 0, NULL, '6276356', 'nadeska', 'piña', 'F', '1967-11-07', 55, 0, 'VE', 'asesoresnp@gmail.com', '+584143372914', 0, 43, 4, 102, NULL, NULL, NULL, NULL, NULL, NULL, NULL, NULL, NULL, NULL, 1, 0, 0, 0, 8, 1, '2023-06-02 16:17:28'),
(244, 16, NULL, 257, 20.00, 20.00, 0, 0, NULL, '14203059', 'Luis Jose', 'Iturriaga', 'M', '1979-10-26', 43, 0, 'VE', 'ljiturriaga@gmail.com', '+584142604030', 0, 53, NULL, NULL, NULL, NULL, NULL, 'Explorer', '2014', 'AH097OG', 'Ford', 'Plata', '8XD5K8F88EGA07486', 'Particular', 1, 0, 0, 0, 8, 1, '2023-06-03 11:17:38'),
(245, 16, NULL, 257, 20.00, 20.00, 0, 0, NULL, 'E-80303463', 'Rosa Augusta', 'Sereno de Lourenco', 'F', '1962-04-26', 61, 0, 'VE', 'fernandosegnnini@gmail.com', '+5804120442738', 0, 53, 4, 16, NULL, NULL, NULL, 'LANCER/TAUORING.2.0. A', '2012', 'AC498ND', 'MITSUBISHI', 'AZUL', '8X1SRCS63CB001444', 'Particular', 1, 0, 0, 0, 8, 1, '2023-06-06 08:13:57'),
(246, 16, NULL, 233, 50.38, 50.38, 0, 0, NULL, '14122288', 'ANA CAROLINA', 'FERMIN GARCIA', 'F', '1980-02-06', 43, 0, 'VE', 'anacfermin@gmail.com', '+584142886351', 0, 55, 4, 8, NULL, NULL, NULL, 'MONTERO SPORT', '2014', 'AA600VT', 'MITSUBISHI', 'AZUL', '8X1GRKH68EB000493', 'Particular', 1, 0, 0, 0, 8, 1, '2023-06-06 14:25:53'),
(247, 14, NULL, 145, 648.00, 648.00, 0, 0, NULL, '27072518', 'Virginia', 'Pérez', 'F', '2000-03-02', 23, 0, 'VE', 'vperezmarval3@gmail.com', '+5804124249277', 0, 45, NULL, NULL, NULL, NULL, NULL, NULL, NULL, NULL, NULL, NULL, NULL, NULL, 1, 0, 0, 0, 8, 1, '2023-06-06 15:53:07'),
(248, 15, NULL, 243, 1119.00, 126.85, 0, 0, NULL, '7092811', 'ARGIMIRO JOSE', 'HERNANDEZ IRAHOLA', 'M', '1966-09-23', 56, 0, 'VE', 'greudys.farias@gmail.com', '+5804248735707', 3, 48, 4, 90, NULL, NULL, NULL, NULL, NULL, NULL, NULL, NULL, NULL, NULL, 2, 2, 0, 1, 8, 4, '2023-06-07 06:23:44'),
(249, 14, NULL, 142, 510.00, 255.00, 0, 0, NULL, '5778432', 'MARIA ELEIDA', 'PEÑA', 'F', '1960-12-23', 62, 0, 'VE', 'orangedot.contacto@gmail.com', '+5804141458881', 1, 44, 4, 90, NULL, NULL, NULL, NULL, NULL, NULL, NULL, NULL, NULL, NULL, 1, 0, 0, 0, 8, 2, '2023-06-07 06:51:13'),
(250, 15, NULL, 245, 1685.00, 521.75, 0, 0, NULL, '15274194', 'ISAAC', 'MAKDISSI HANNA', 'M', '1981-10-28', 41, 1, 'VE', 'isaacmakdissi@hotmail.com', '+5804144729897', 1, 50, 4, 16, NULL, NULL, NULL, NULL, NULL, NULL, NULL, NULL, NULL, NULL, 2, 2, 0, 1, 8, 3, '2023-06-07 07:12:32'),
(251, 5, NULL, 236, 190.00, 190.00, 0, 0, NULL, '14789711', 'DESIRRE TERESA', 'PINEDA GOMEZ', 'F', '1979-10-21', 43, 0, 'VE', 'desirrepineda711@gmail.com', '+584242632667', 0, 58, 5, 10, NULL, NULL, NULL, NULL, NULL, NULL, NULL, NULL, NULL, NULL, 1, 0, 0, 0, 8, 1, '2023-06-07 16:15:31'),
(252, 14, NULL, 145, 648.00, 648.00, 0, 0, NULL, '17064387', 'ana', 'de sousa', 'F', '1984-09-19', 38, 0, 'VE', 'akellydesousa@gmail.com', '+584123371720', 1, 45, NULL, NULL, NULL, NULL, NULL, NULL, NULL, NULL, NULL, NULL, NULL, NULL, 1, 0, 0, 0, 8, 1, '2023-06-07 16:31:33'),
(253, 5, NULL, 236, 190.00, 15.85, 0, 0, NULL, '16898351', 'JULIO CESAR', 'GARRIDO ARAUJO', 'M', '1985-09-06', 37, 0, 'VE', 'juliogarridoaraujo@gmail.com', '+58584245237725', 1, 58, NULL, NULL, NULL, NULL, NULL, NULL, NULL, NULL, NULL, NULL, NULL, NULL, 1, 0, 0, 0, 8, 4, '2023-06-07 16:46:40'),
(254, 16, NULL, 231, 22.49, 22.49, 0, 0, NULL, '6845549', 'GABRIELA MARCELA', 'CONTRERAS CALZADILLA', 'F', '1963-02-19', 60, 0, 'VE', 'gabycontrerasc@gmail.com', '+584241646387', 0, 54, 4, 8, NULL, NULL, NULL, 'EXPLORER', '2007', 'MEZ55P', 'FORD', 'ROJO', '1FMEU74817UB48661', 'Particular', 1, 0, 0, 0, 8, 1, '2023-06-07 18:33:18'),
(255, 15, NULL, 243, 1119.00, 126.85, 0, 0, NULL, '19378966', 'DIANA', 'BELISARIO', 'F', '1990-08-20', 32, 0, 'VE', 'ASESORESNP@GMAIL.COM', '+584141390202', 0, 48, NULL, NULL, NULL, NULL, NULL, NULL, NULL, NULL, NULL, NULL, NULL, NULL, 2, 2, 0, 1, 8, 4, '2023-06-08 09:55:20'),
(256, 15, NULL, 242, 854.00, 1256.00, 0, 0, NULL, '19378966', 'DIANA', 'BELISARIO', 'F', '1990-08-20', 32, 0, 'VE', 'ASESORESNP@GMAIL.COM', '+584141390202', 0, 47, 4, 102, NULL, NULL, NULL, NULL, NULL, NULL, NULL, NULL, NULL, NULL, 2, 2, 0, 1, 8, 1, '2023-06-08 09:59:46'),
(257, 3, NULL, 197, 59.49, 59.49, 0, 0, NULL, '10341978', 'ELEAZAR', 'RODRIGUEZ', 'M', '1971-08-22', 51, 0, 'VE', 'elymundial@gmail.com', '+5804124341329', 3, 13, 5, 14, NULL, NULL, NULL, NULL, NULL, NULL, NULL, NULL, NULL, NULL, 1, 0, 0, 0, 8, 1, '2023-06-08 11:46:24'),
(258, 15, NULL, 245, 1685.00, 421.25, 0, 0, NULL, '20494402', 'KENYS ENIS', 'ACEVEDO ARAY', 'F', '1986-07-03', 36, 0, 'VE', 'adanalovera2016@gmail.com', '+584124090271', 1, 50, 6, NULL, 12, NULL, NULL, NULL, NULL, NULL, NULL, NULL, NULL, NULL, 2, 3, 0, 0, 8, 3, '2023-06-08 14:56:23'),
(259, 5, NULL, 238, 242.00, 20.18, 0, 0, NULL, '6210606', 'MARY FRANCIA', 'CHACON MENDEZ', 'F', '1966-11-13', 56, 0, 'VE', 'abgmarichacon@gmail.com', '+584142603031', 0, 24, 5, 10, NULL, NULL, NULL, NULL, NULL, NULL, NULL, NULL, NULL, NULL, 1, 0, 0, 0, 8, 4, '2023-06-08 15:02:13'),
(260, 5, NULL, 236, 190.00, 15.85, 0, 0, NULL, '16898351', 'JULIO CESAR', 'GARRIDO ARAUJO', 'M', '1985-09-06', 37, 0, 'VE', 'juliogarridoaraujo@gmail.com', '+584245237725', 1, 58, 6, NULL, 8, NULL, NULL, NULL, NULL, NULL, NULL, NULL, NULL, NULL, 1, 0, 0, 0, 8, 4, '2023-06-08 18:25:47'),
(261, 15, NULL, 244, 1523.00, 138.20, 0, 0, NULL, '7663997', 'FRANKLIN', 'TOVAR', 'M', '1964-11-15', 58, 0, 'VE', 'ASESORESNP@GMAIL.COM', '+584241718839', 0, 49, NULL, NULL, NULL, NULL, NULL, NULL, NULL, NULL, NULL, NULL, NULL, NULL, 2, 0, 0, 1, 8, 4, '2023-06-09 10:39:53'),
(262, 16, NULL, 231, 22.49, 22.49, 0, 0, NULL, '10542212', 'EVA BEATRIZ', 'ROJAS PEÑA', 'F', '1992-03-09', 31, 0, 'VE', 'freder0802@gmail.com', '+584242894839', 0, 54, 4, 8, NULL, NULL, NULL, 'FIESTA', '2007', 'MER64N', 'FORD', 'AZUL', '8YPZF16N478A14039', 'Particular', 1, 0, 0, 0, 8, 1, '2023-06-09 14:27:37'),
(263, 5, NULL, 241, 460.00, 728.00, 0, 0, NULL, '5114196', 'oscar', 'gomez', 'M', '1957-12-03', 65, 0, 'VE', 'whernandezpadron@gmail.com', '+5804128979983', 2, 51, NULL, NULL, NULL, NULL, NULL, NULL, NULL, NULL, NULL, NULL, NULL, NULL, 2, 1, 0, 1, 8, 1, '2023-06-11 12:52:05'),
(264, 15, NULL, 243, 1119.00, 313.25, 0, 0, NULL, '627356', 'nadeska', 'piña', 'F', '1967-11-07', 55, 0, 'VE', 'asesoresnp@gmail.com', '+584143372914', 0, 48, 4, 102, NULL, NULL, NULL, NULL, NULL, NULL, NULL, NULL, NULL, NULL, 2, 0, 0, 1, 8, 3, '2023-06-12 13:04:07'),
(265, 15, NULL, 242, 854.00, 104.75, 0, 0, NULL, '20364350', 'ANGELA', 'PINO', 'F', '1992-01-17', 31, 0, 'VE', 'Angela_mlp_6@hotmail.com', '+584242645789', 1, 47, NULL, NULL, NULL, NULL, NULL, NULL, NULL, NULL, NULL, NULL, NULL, NULL, 2, 2, 0, 1, 8, 4, '2023-06-14 11:41:29'),
(266, 16, NULL, 257, 20.00, 20.00, 0, 0, NULL, 'V-8610095', 'ALVARO', 'DOS SANTOS LOURENCO', 'M', '1958-11-20', 64, 0, 'VE', 'fernandosegnnini@gmail.com', '+584122233707', 0, 53, 4, 16, NULL, NULL, NULL, 'CR-V LX AT 4X2', '2005', 'DBY14D', 'HONDA', 'GRIS', 'JHLRD68405C201310', 'Particular', 1, 0, 0, 0, 8, 1, '2023-06-14 12:45:08'),
(267, 16, NULL, 252, 133.99, 133.99, 0, 0, NULL, '15949686', 'AIMARA CAROLINA', 'FERRER GONZALEZ', 'F', '1980-08-02', 42, 0, 'VE', 'AIMARAFERRER@GMAIL.COM', '+584244243642', 0, 57, 4, 8, NULL, NULL, NULL, 'YARIS ', '2007', 'AC656TB ', 'TOYOTA  ', 'PLATA ', 'JTDKW923070015403', 'Particular', 1, 0, 0, 0, 8, 1, '2023-06-14 13:48:48'),
(268, 15, NULL, 243, 1119.00, 313.25, 0, 0, NULL, '6276356', 'NADESKA', 'PIÑA', 'F', '1967-11-07', 55, 0, 'VE', 'asesoresnp@gmail.com', '+584143372914', 0, 48, 4, 102, NULL, NULL, NULL, NULL, NULL, NULL, NULL, NULL, NULL, NULL, 2, 0, 0, 1, 8, 3, '2023-06-14 13:49:30'),
(269, 16, NULL, 252, 133.99, 133.99, 0, 0, NULL, '15949686', 'AIMARA CAROLINA', 'FERRER GONZALEZ', 'F', '1980-08-02', 42, 0, 'VE', 'AIMARAFERRER@GMAIL.COM', '+584244243642', 0, 57, 4, 8, NULL, NULL, NULL, 'YARIS ', '2007', 'AC656TB ', 'TOYOTA  ', 'PLATA ', 'JTDKW923070015403', 'Particular', 1, 0, 0, 0, 8, 1, '2023-06-14 14:17:06'),
(270, 16, NULL, 231, 22.49, 22.49, 0, 0, NULL, '7435782', 'JORGE LUIS', 'ARRAEZ DOMINGUEZ', 'M', '1971-03-12', 52, 0, 'VE', 'GCIAGENERAL@ARYSAUTO.COM', '+584144124244', 0, 54, 6, NULL, 15, NULL, NULL, 'CANTER', '2008', 'A02A25O', 'MITSUBISHI', 'BLANCO', '8X1FE649E80500349', 'Pick-Up', 1, 0, 0, 0, 8, 1, '2023-06-14 15:08:22'),
(271, 5, NULL, 241, 460.00, 115.00, 0, 0, NULL, '5114196', 'oscar', 'gomez', 'M', '1957-12-03', 65, 0, 'VE', 'whernandezpadron@gmail.com', '+5804128979983', 0, 51, NULL, NULL, NULL, NULL, NULL, NULL, NULL, NULL, NULL, NULL, NULL, NULL, 1, 0, 0, 0, 8, 3, '2023-06-16 08:47:19'),
(272, 16, NULL, 257, 20.00, 20.00, 0, 0, NULL, '3390688', 'CESAR AUGUSTO', 'VASQUEZ BARRIOS', 'M', '1949-02-21', 74, 0, 'VE', 'anablanchardsalas@gmail.com', '+5804145828390', 0, 53, 4, 108, NULL, NULL, NULL, 'ESTEEM', '1998', 'IAA28W', 'CHEVROLET', 'PERLA', 'GC31S141847', 'Particular', 1, 0, 0, 0, 8, 1, '2023-06-16 11:24:35'),
(273, 16, NULL, 257, 20.00, 20.00, 0, 0, NULL, '15592808', 'YELITZE MERCEDES', 'VASQUEZ BLANCHARD', 'F', '1982-06-28', 40, 0, 'VE', 'anablanchardsalas@gmail.com', '+5804143484686', 0, 53, 4, 108, NULL, NULL, NULL, 'S30 / NOBLE AUT', '2012', 'AF693BG', 'DONGFENG', 'BLANCO', 'LGJE1FE05CM110888', 'Particular', 1, 0, 0, 0, 8, 1, '2023-06-16 11:29:37'),
(274, 16, NULL, 231, 22.49, 22.49, 0, 0, NULL, '5864551', 'LUIS RAFAEL', 'MARTINEZ NAVARRO', 'M', '1970-12-23', 52, 0, 'VE', 'tatiana23leon@gmail.com', '+5804143077553', 0, 54, 4, 8, NULL, NULL, NULL, 'COROLLA', '2005', 'AB046GM', 'TOYOTA', 'PLATA', '8XA53ZEC159507951', 'Particular', 1, 0, 0, 0, 8, 1, '2023-06-16 12:31:09'),
(275, 15, NULL, 242, 854.00, 280.50, 0, 0, NULL, 'E-82243519', 'HE', 'JUNRONG', 'M', '1983-07-29', 39, 0, 'VE', 'inversionescentralhz@gmail.com', '+5804122198833', 1, 47, 4, 82, NULL, NULL, NULL, NULL, NULL, NULL, NULL, NULL, NULL, NULL, 2, 1, 0, 1, 8, 3, '2023-06-16 13:13:45'),
(276, 16, NULL, 257, 20.00, 20.00, 0, 0, NULL, '6339280', 'Carlos', 'Azocar', 'M', '1968-08-18', 54, 0, 'VE', 'cazocarporto@gmail.com', '+58+584144537707', 0, 53, 4, 87, NULL, NULL, NULL, 'FIESTA', '2008', 'mft33x', 'FORD ', 'gris', '412e7237e9028er23te', 'Particular', 1, 0, 0, 0, 8, 1, '2023-06-21 09:46:07'),
(277, 16, NULL, 231, 22.49, 22.49, 0, 0, NULL, '5189232', 'VIRGINIO', 'VALENTIN', 'M', '1949-02-01', 74, 0, 'VE', 'virginiova@gmail.com', '+584141994144', 0, 54, 4, 8, NULL, NULL, NULL, 'STATION WAGON ', '1993', 'XXU568', 'TOYOTA ', 'AZUL', 'FZJ809000813', 'Rustico', 1, 0, 0, 0, 8, 1, '2023-06-21 11:51:33'),
(278, 14, NULL, 141, 333.00, 333.00, 0, 0, NULL, '30634928', 'Hellen Valeria', 'Bautista Barreto', 'F', '2004-01-10', 19, 0, 'VE', 'hellen.seguros@gmail.com', '+584241604422', 0, 44, 4, 106, NULL, NULL, NULL, NULL, NULL, NULL, NULL, NULL, NULL, NULL, 1, 0, 0, 0, 8, 1, '2023-06-22 10:13:49'),
(279, 16, NULL, 233, 50.38, 50.38, 0, 0, NULL, '18552155', 'ROSELYT GERALDINE', 'ABDENOUR CASTRO', 'F', '1988-02-21', 35, 0, 'VE', 'adanalovera2016@gmail.com', '+58424-3655119', 0, 55, 6, NULL, 12, NULL, NULL, 'FUSION', '2008', 'KBX59R', 'FORD', 'ROJO', '3FAHP08128R115602', 'Particular', 1, 0, 0, 0, 8, 1, '2023-06-22 10:47:14'),
(280, 14, NULL, 139, 432.00, 36.03, 0, 0, NULL, '13710003', 'RAFAEL', 'BARRIOS', 'M', '1977-03-18', 46, 0, 'VE', 'rafaelbarrios505@gmail.com', '+584163215570', 0, 43, NULL, NULL, NULL, NULL, NULL, NULL, NULL, NULL, NULL, NULL, NULL, NULL, 1, 0, 0, 0, 8, 4, '2023-06-23 11:24:03'),
(281, 5, NULL, 238, 242.00, 20.18, 0, 0, NULL, 'V-8338303', 'LETTY', 'SARMIENTO', 'F', '1966-07-17', 56, 0, 'VE', 'lsarmi.88@gmail.com', '+58414-3837119', 1, 24, 4, 70, NULL, NULL, NULL, NULL, NULL, NULL, NULL, NULL, NULL, NULL, 1, 0, 0, 0, 8, 4, '2023-06-23 15:07:27'),
(282, 14, NULL, 145, 648.00, 324.00, 0, 0, NULL, '10115494', 'NELLYS', 'GONZALEZ', 'F', '1969-11-09', 53, 0, 'VE', 'nelenagonzalez09@gmail.com', '+584241633928', 1, 45, 6, NULL, 11, NULL, NULL, NULL, NULL, NULL, NULL, NULL, NULL, NULL, 1, 0, 0, 0, 8, 2, '2023-06-23 22:36:54'),
(283, 15, NULL, 242, 854.00, 854.00, 0, 0, NULL, '12037769', 'ARMANDO', 'ROSAL', 'M', '1974-11-20', 48, 0, 'VE', 'armandorosalasesor@gmail.com', '+584244558222', 0, 47, 6, NULL, 11, NULL, NULL, NULL, NULL, NULL, NULL, NULL, NULL, NULL, 1, 0, 0, 0, 8, 1, '2023-06-23 23:15:34'),
(284, 16, NULL, 251, 112.72, 112.72, 0, 0, NULL, '18552155', 'ROSELYT GERALDINE', 'ABDENOUR CASTRO', 'F', '1988-02-21', 35, 0, 'VE', 'adanalovera2016@gmail.com', '+584243655119', 0, 56, 6, NULL, 12, NULL, NULL, 'FUSION', '2008', 'KBX59R', 'FORD', 'ROJO', '3FAHP0812R115602', 'Particular', 1, 0, 0, 0, 8, 1, '2023-06-26 09:03:23'),
(285, 5, NULL, 236, 190.00, 190.00, 0, 0, NULL, '24219449', 'Yoward', 'Diaz', 'M', '2004-01-01', 19, 0, 'VE', 'yoward05@gmail.com', '+584242555069', 0, 58, NULL, NULL, NULL, NULL, NULL, NULL, NULL, NULL, NULL, NULL, NULL, NULL, 1, 0, 0, 0, 8, 1, '2023-06-26 11:11:35'),
(286, 5, NULL, 236, 190.00, 15.85, 0, 0, NULL, '24219449', 'Yoward', 'Diaz', 'M', '2004-01-01', 19, 0, 'VE', 'yoward05@gmail.com', '+584242555069', 0, 58, NULL, NULL, NULL, NULL, NULL, NULL, NULL, NULL, NULL, NULL, NULL, NULL, 1, 0, 0, 0, 8, 4, '2023-06-26 11:12:36'),
(287, 16, NULL, 257, 20.00, 20.00, 0, 0, NULL, '17906403', 'HENKER ADOLFO', 'GOMEZ BENITEZ', 'M', '1986-04-30', 37, 0, 'VE', 'hgomezbenitez@gmail.com', '+584123639971', 0, 53, 4, 8, NULL, NULL, NULL, 'SYMBOL', '2005', 'AB306GF', 'RENAULT', 'VERDE', '9FBLB0LCF5M604050', 'Particular', 1, 0, 0, 0, 8, 1, '2023-06-26 14:55:27'),
(288, 16, NULL, 248, 15.00, 15.00, 0, 0, NULL, '10580307', 'DAVID JOSE', 'BARRIOS CORDOVA', 'M', '1972-01-18', 51, 0, 'VE', 'galeong1972@gmail.com', '+5804141353360', 0, 59, 4, 11, NULL, NULL, NULL, 'GN 125', '2011', 'AE6J32A', 'SUZUKI', 'NEGRO', '81AMF4GM1BMOO1233', 'Motocicletas', 1, 0, 0, 0, 8, 1, '2023-06-26 20:47:24'),
(289, 14, NULL, 145, 648.00, 54.04, 0, 0, NULL, '11739896', 'José', 'Barrios', 'M', '1977-11-06', 45, 0, 'VE', 'servihogar167@gmail.com', '+584120295846', 0, 45, NULL, NULL, NULL, NULL, NULL, NULL, NULL, NULL, NULL, NULL, NULL, NULL, 1, 0, 0, 0, 8, 4, '2023-06-27 12:17:06'),
(290, 5, NULL, 263, 242.00, 13.12, 14, 1, NULL, '6822219', 'DILIA', 'DOMINGUEZ', 'F', '1963-09-27', 59, 0, 'VE', 'dimargo3@gmail.com', '+584143356463', 1, 24, 5, 10, NULL, NULL, NULL, NULL, NULL, NULL, NULL, NULL, NULL, NULL, 1, 0, 0, 0, 8, 4, '2023-06-27 12:26:04'),
(291, 16, NULL, 233, 50.38, 50.38, 0, 0, NULL, '156465456', 'NICOLAS', 'MESA', 'M', '1998-07-13', 24, 0, 'VE', 'marilynmartinezr5@gmail.com', '+584248596257', 0, 55, 6, NULL, 22, NULL, NULL, 'iojoij', '2002', 'jlkj51521', 'jhjio', 'jhh', 'jlkjl1313', 'Particular', 1, 0, 0, 0, 8, 1, '2023-06-27 12:31:41'),
(292, 5, NULL, 239, 342.00, 28.52, 0, 0, NULL, '9882554', 'GUILLERMO', 'SAAVEDRA SALCEDO', 'M', '1967-10-26', 55, 0, 'VE', 'TUPREVESEG@GMAIL.COM', '+584149124320', 0, 23, NULL, NULL, NULL, NULL, NULL, NULL, NULL, NULL, NULL, NULL, NULL, NULL, 1, 0, 0, 0, 8, 4, '2023-06-28 07:13:29'),
(293, 5, NULL, 236, 190.00, 27.03, 0, 0, NULL, '3522268', 'Maria Abelinda', 'Castellanos de Alfonzo', 'F', '1952-01-23', 71, 0, 'VE', 'laar1247@gmail.com', '+5804120307942', 1, 58, 4, 8, NULL, NULL, NULL, NULL, NULL, NULL, NULL, NULL, NULL, NULL, 2, 0, 0, 1, 8, 4, '2023-06-29 12:01:59'),
(294, 16, NULL, 233, 50.38, 4.20, 0, 0, NULL, '17964669', 'Roderick', 'Muñoz', 'M', '1988-05-03', 35, 0, 'VE', 'rmunoz@lamundialdeseguros.com', '+584142414417', 0, 55, NULL, NULL, NULL, NULL, NULL, 'TRAILBLAZER', '2005', 'MDX77R', 'CHEVROLET', 'GRIS', '8ZNDT13SX5V316127', 'Particular', 1, 0, 0, 0, 8, 4, '2023-06-30 09:33:03'),
(295, 14, NULL, 145, 648.00, 59.45, 0, 0, NULL, '7250140', 'MARIA', 'ROMERO', 'F', '1965-01-12', 58, 1, 'VE', 'rrar0054@HOTMAIL.COM', '+584243029930', 1, 45, 4, 34, NULL, NULL, NULL, NULL, NULL, NULL, NULL, NULL, NULL, NULL, 1, 0, 0, 0, 8, 4, '2023-06-30 14:55:54'),
(296, 14, NULL, 145, 648.00, 54.04, 0, 0, NULL, '11348784', 'MARISELA', 'MENDOZA', 'F', '1970-06-27', 53, 0, 'VE', 'marisela.marisol@gmail.com', '+5804143498534', 1, 45, 4, 90, NULL, NULL, NULL, NULL, NULL, NULL, NULL, NULL, NULL, NULL, 1, 0, 0, 0, 8, 4, '2023-07-02 18:34:17'),
(297, 16, NULL, 231, 22.49, 22.49, 0, 0, NULL, '1012380984', 'Jeison david', 'Ramirez', 'M', '1991-02-09', 32, 0, 'CO', 'jelson-91@hotmail.com', '+573124935547', 0, 54, NULL, NULL, NULL, NULL, NULL, '2008', '2023', 'Fhc077', 'Toyota', 'Platiado metalico', 'Mr0yz59g28007244b', 'Particular', 1, 0, 0, 0, 8, 1, '2023-07-03 13:17:47'),
(298, 15, NULL, 245, 1685.00, 162.88, 0, 0, NULL, '20327853', 'ROSA GABRIELA', 'NIEVES ZORRILLA', 'F', '1991-08-12', 31, 0, 'VE', 'gabinieves1208@gmail.com', '+584142602217', 2, 50, 4, 8, NULL, NULL, NULL, NULL, NULL, NULL, NULL, NULL, NULL, NULL, 2, 0, 2, 0, 8, 4, '2023-07-03 16:15:16'),
(299, 5, NULL, 263, 242.00, 31.36, 0, 0, NULL, '19396421', 'MARIA YSABEL', 'LOPEZ MARTINEZ', 'F', '1990-09-21', 32, 0, 'VE', 'ysaempre@gmail.com', '+584141205254', 1, 24, 5, 10, NULL, NULL, NULL, NULL, NULL, NULL, NULL, NULL, NULL, NULL, 2, 1, 0, 0, 8, 4, '2023-07-03 18:18:35'),
(300, 5, NULL, 263, 242.00, 20.18, 0, 0, NULL, '4165772', 'HECTOR', 'LOPEZ PEREZ', 'M', '1953-02-19', 70, 0, 'VE', 'hectorlopezperez1953@gmail.com', '+584126026952', 1, 24, 5, 10, NULL, NULL, NULL, NULL, NULL, NULL, NULL, NULL, NULL, NULL, 1, 0, 0, 0, 8, 4, '2023-07-03 18:35:52'),
(301, 14, NULL, 145, 648.00, 54.04, 0, 0, NULL, '29572286', 'Maria teresa', 'De coo figueroa', 'F', '1998-09-16', 24, 0, 'VE', 'chefalexandersierra@gmail.com', '+584124021312', 0, 45, NULL, NULL, NULL, NULL, NULL, NULL, NULL, NULL, NULL, NULL, NULL, NULL, 1, 0, 0, 0, 8, 4, '2023-07-03 19:53:22'),
(302, 14, NULL, 146, 2455.00, 613.75, 0, 0, NULL, '2765865', 'Lisandro', 'Garcia', 'M', '1957-06-30', 66, 0, 'VE', 'lisgar01@gmail.com', '+58+584141404386', 0, 45, NULL, NULL, NULL, NULL, NULL, NULL, NULL, NULL, NULL, NULL, NULL, NULL, 1, 0, 0, 0, 8, 3, '2023-07-03 20:54:37'),
(303, 5, NULL, 241, 460.00, 594.00, 0, 0, NULL, '12015285', 'minovis', 'lopez', 'F', '1973-06-24', 50, 0, 'VE', 'whernandezpadron@gmail.com', '+5804128979983', 1, 51, NULL, NULL, NULL, NULL, NULL, NULL, NULL, NULL, NULL, NULL, NULL, NULL, 2, 0, 1, 0, 8, 1, '2023-07-04 11:52:40'),
(304, 16, NULL, 257, 20.00, 20.00, 0, 0, NULL, '12879803', 'LUIS GABRIEL', 'SANTANA CANELON', 'M', '1977-08-19', 45, 0, 'VE', 'luisgsc@gmail.com', '+584129144887', 0, 53, 4, 8, NULL, NULL, NULL, 'PALIO', '2007', 'MFE58J', 'FIAT', 'GRIS', '9BD17158K72903294', 'Particular', 1, 0, 0, 0, 8, 1, '2023-07-04 13:09:10'),
(305, 14, NULL, 139, 432.00, 108.00, 0, 0, NULL, '7881924', 'MANUEL', 'VALENZUELA', 'M', '1960-02-02', 63, 0, 'VE', 'BRANDONBERIA@GMAIL.COM', '+584144877576', 1, 43, 4, 82, NULL, NULL, NULL, NULL, NULL, NULL, NULL, NULL, NULL, NULL, 1, 0, 0, 0, 8, 3, '2023-07-04 14:45:47'),
(306, 15, NULL, 243, 1119.00, 313.25, 0, 0, NULL, '10338307', 'ALBERTO ENRIQUE', 'LOPEZ D´SOLA', 'M', '1970-11-04', 52, 0, 'VE', 'CIRUJANOLDS@HOTMAIL.COM', '+584149074932', 1, 48, 4, 111, NULL, NULL, NULL, NULL, NULL, NULL, NULL, NULL, NULL, NULL, 2, 1, 0, 0, 8, 3, '2023-07-05 13:55:51'),
(307, 15, NULL, 243, 1119.00, 313.25, 0, 0, NULL, '10338307', 'ALBERTO ENRIQUE', 'LOPEZ D´SOLA', 'M', '1970-11-04', 52, 0, 'VE', 'CIRUJANOLDS@HOTMAIL.COM', '+584149074932', 1, 48, 4, 111, NULL, NULL, NULL, NULL, NULL, NULL, NULL, NULL, NULL, NULL, 2, 1, 0, 0, 8, 3, '2023-07-05 14:05:27'),
(308, 15, NULL, 242, 854.00, 93.57, 0, 0, NULL, '12106840', 'MANUEL', 'ARMAS', 'F', '1974-09-02', 48, 0, 'VE', 'zuldyleslie1@gmail.com', '+5804244692413', 1, 47, 4, 116, NULL, NULL, NULL, NULL, NULL, NULL, NULL, NULL, NULL, NULL, 2, 1, 0, 1, 8, 4, '2023-07-07 09:30:20'),
(309, 15, NULL, 242, 854.00, 93.57, 0, 0, NULL, '12106840', 'ZULDY LESLIE', 'SALAZAR CARRIAZCO', 'F', '1974-09-02', 48, 0, 'VE', 'zuldyleslie1@gmail.com', '+5804244692413', 1, 47, 4, 116, NULL, NULL, NULL, NULL, NULL, NULL, NULL, NULL, NULL, NULL, 2, 1, 0, 1, 8, 4, '2023-07-07 09:41:41'),
(310, 15, NULL, 243, 1119.00, 138.02, 0, 0, NULL, '15159439', 'Glaymar', 'Medina', 'F', '1980-06-10', 43, 0, 'VE', 'glaymarmedina@gmail.com', '+584146352178', 1, 48, NULL, NULL, NULL, NULL, NULL, NULL, NULL, NULL, NULL, NULL, NULL, NULL, 2, 2, 1, 1, 8, 4, '2023-07-10 12:32:04'),
(311, 15, NULL, 242, 854.00, 82.40, 0, 0, NULL, '21021884', 'salome', 'carabali', 'F', '1991-10-16', 31, 0, 'VE', 'operativoseguros@gmail.com', '+5804144620796', 1, 47, 4, 84, NULL, NULL, NULL, NULL, NULL, NULL, NULL, NULL, NULL, NULL, 2, 1, 0, 0, 8, 4, '2023-07-10 15:17:03'),
(312, 14, NULL, 145, 648.00, 162.00, 0, 0, NULL, '6114196', 'OSCAR', 'GOMEZ', 'M', '1957-12-03', 65, 0, 'VE', 'ojgomezm57@gmail.com', '+5804122174131', 0, 45, 4, 104, NULL, NULL, NULL, NULL, NULL, NULL, NULL, NULL, NULL, NULL, 1, 0, 0, 0, 8, 3, '2023-07-10 15:22:08'),
(313, 15, NULL, 243, 1119.00, 1387.00, 0, 0, NULL, '21021884', 'salome', 'carabali', 'F', '1991-10-16', 31, 0, 'VE', 'operativoseguros02@gmail.com', '+584144163075', 0, 48, 4, 84, NULL, NULL, NULL, NULL, NULL, NULL, NULL, NULL, NULL, NULL, 2, 2, 0, 0, 8, 1, '2023-07-10 15:22:57'),
(314, 15, NULL, 243, 1119.00, 104.50, 0, 0, NULL, '10338307', 'Alberto', 'López', 'M', '1970-11-04', 52, 0, 'VE', 'seguro.simonsanchez@gmail.com', '+584129626683', 1, 48, 4, 111, NULL, NULL, NULL, NULL, NULL, NULL, NULL, NULL, NULL, NULL, 2, 1, 0, 0, 8, 4, '2023-07-11 14:05:15'),
(315, 15, NULL, 243, 1119.00, 104.50, 0, 0, NULL, '10338307', 'Alberto', 'López', 'M', '1970-11-04', 52, 0, 'VE', 'seguro.simonsanchez@gmail.com', '+584129626683', 1, 48, 4, 111, NULL, NULL, NULL, NULL, NULL, NULL, NULL, NULL, NULL, NULL, 2, 1, 0, 0, 8, 4, '2023-07-11 14:08:10'),
(316, 15, NULL, 243, 1119.00, 104.50, 0, 0, NULL, '10338307', 'Alberto', 'López', 'M', '1970-11-04', 52, 0, 'VE', 'seguro.simonsanchez@gmail.com', '+584129626683', 1, 48, 4, 111, NULL, NULL, NULL, NULL, NULL, NULL, NULL, NULL, NULL, NULL, 2, 1, 0, 0, 8, 4, '2023-07-11 14:09:33'),
(317, 5, NULL, 236, 190.00, 15.85, 0, 0, NULL, '23150474', 'LUZNEY', 'SANTANA FRIAS', 'F', '1968-09-17', 54, 0, 'VE', 'luzneysantana@gmail.com', '+584241595038', 1, 58, 5, 10, NULL, NULL, NULL, NULL, NULL, NULL, NULL, NULL, NULL, NULL, 1, 0, 0, 0, 8, 4, '2023-07-12 12:28:16'),
(318, 16, NULL, 257, 20.00, 20.00, 0, 0, NULL, '12174306', 'OSCAR', 'CORASPE SOTILLO', 'M', '1974-12-12', 48, 0, 'VE', 'oscarwsotillo@hotmail.com', '+584141323376', 0, 53, 5, 10, NULL, NULL, NULL, 'ORINOCO', '2017', '422A6AW', 'CHERY', 'BLANCO', '8X7X1C127HDO22908', 'Particular', 1, 0, 0, 0, 8, 1, '2023-07-12 16:29:29'),
(319, 14, NULL, 140, 962.00, 80.23, 0, 0, NULL, '6339280', 'carlos', 'azocar', 'M', '1955-07-14', 67, 0, 'VE', 'cazocarporto@gmail.com', '+5804144537707', 1, 43, 5, 14, NULL, NULL, NULL, NULL, NULL, NULL, NULL, NULL, NULL, NULL, 1, 0, 0, 0, 8, 4, '2023-07-13 14:13:23'),
(320, 5, NULL, 263, 242.00, 31.36, 0, 0, NULL, '6336063', 'irasmit', 'avila', 'F', '1970-06-10', 53, 0, 'VE', 'avilairasmit@gmail.com', '+5804162099431', 2, 24, NULL, NULL, NULL, NULL, NULL, NULL, NULL, NULL, NULL, NULL, NULL, NULL, 2, 1, 0, 0, 8, 4, '2023-07-14 15:53:15'),
(321, 14, NULL, 140, 962.00, 80.23, 0, 0, NULL, '3619238', 'Carmen', 'Archila', 'F', '1945-07-11', 78, 0, 'VE', 'grecia.moreira1212@gmail.com', '+584123976387', 0, 43, 4, 71, NULL, NULL, NULL, NULL, NULL, NULL, NULL, NULL, NULL, NULL, 1, 0, 0, 0, 8, 4, '2023-07-15 10:27:07'),
(322, 16, NULL, 233, 50.38, 50.38, 0, 0, NULL, '8512697', 'ANGEL MARIA', 'SAN ROMAN GONZALEZ', 'M', '1957-04-06', 66, 0, 'VE', 'PRODUCCION@IBAS.COM.VE', '+5804143540440', 0, 55, 6, NULL, 21, NULL, NULL, 'FORTUNER 4X4 AUTO', '2012', 'AE030JM', 'TOYOTA', 'BLANCO', '8XAYU59G0CR011200', 'Particular', 1, 0, 0, 0, 8, 1, '2023-07-17 11:37:49'),
(323, 16, NULL, 257, 20.00, 20.00, 0, 0, NULL, 'V-24435335', 'JESUS', 'GUILLEN', 'M', '1997-03-20', 26, 0, 'VE', 'jg.jesus@hotmail.com', '+584248818133', 0, 53, 4, 8, NULL, NULL, NULL, 'YARIS ', '2007', 'AJ018YG', 'TOYOTA', 'NARANJA', 'JTDJW923475046927', 'Particular', 1, 0, 0, 0, 8, 1, '2023-07-18 11:10:12'),
(324, 16, NULL, 257, 20.00, 20.00, 0, 0, NULL, 'V-24438335', 'JESUS', 'GUILLEN', 'M', '1997-03-20', 26, 0, 'VE', 'jg.jesus@hotmail.com', '+584248818133', 0, 53, 4, 8, NULL, NULL, NULL, 'YARIS', '2007', 'AJ018YG', 'TOYOTA', 'NARANJA', 'JTDJW923475046927', 'Particular', 1, 0, 0, 0, 8, 1, '2023-07-18 11:26:46'),
(325, 16, NULL, 252, 133.99, 133.99, 0, 0, NULL, '75302400', 'DESCART', 'INDUSTRIES LTDA, C.A', 'M', '1988-01-22', 35, 0, 'VE', 'descartil@hotmail.com', '+584144510317', 0, 57, 4, 91, NULL, NULL, NULL, 'C1500', '2000', 'A67AD1W', 'CHEVROLET', 'BLANCO', '8ZCER14R5YV310618', 'Particular', 1, 0, 0, 0, 8, 1, '2023-07-18 11:29:10'),
(326, 16, NULL, 257, 20.00, 20.00, 0, 0, NULL, '7199433', 'francisco  alejandro', 'daza sifontes', 'M', '1961-03-20', 62, 0, 'VE', 'simon.angarita@gmail.com', '+584248990244', 0, 53, 4, 128, NULL, NULL, NULL, 'tucson', '2007', 'bbv39m', 'hyundai', 'verde', 'kmhjm81bp7u548556', 'Particular', 1, 0, 0, 0, 8, 1, '2023-07-19 10:25:20'),
(327, 16, NULL, 257, 20.00, 20.00, 0, 0, NULL, '7199433', 'francisco  alejandro', 'daza sifontes', 'M', '1961-03-20', 62, 0, 'VE', 'simon.angarita@gmail.com', '+584248990244', 0, 53, 4, 128, NULL, NULL, NULL, 'tucson', '2007', 'bbv39m', 'hyundai', 'verde', 'kmhjm81bp7u548556', 'Particular', 1, 0, 0, 0, 8, 1, '2023-07-19 10:27:09'),
(328, 16, NULL, 252, 133.99, 11.17, 0, 0, NULL, '9676184', 'RAMON ALFONSO', 'TRENARD MARTINEZ', 'M', '1969-11-09', 53, 0, 'VE', 'TRENARDSEGUROS@GMAIL.COM', '+584144918232', 0, 57, 4, 80, NULL, NULL, NULL, 'LOGAN', '2007', 'GDO50S', 'RENAULT', 'AZUL', '9FBLSRAHB7M403785', 'Particular', 1, 0, 0, 0, 8, 4, '2023-07-19 10:34:05'),
(329, 16, NULL, 257, 20.00, 20.00, 0, 0, NULL, '7199433', 'FRANCISCO ALEJANDRO', 'DAZA SIFONTES', 'M', '1961-03-20', 62, 0, 'VE', 'SIMON.ANGARITA@GMAIL.COM', '+584248990244', 0, 53, 4, 128, NULL, NULL, NULL, 'MALIBU', '1971', 'MCU48B', 'CHEVROLET', 'BLANCO', '13637AC108152', 'Particular', 1, 0, 0, 0, 8, 1, '2023-07-19 10:37:58'),
(330, 16, NULL, 257, 20.00, 20.00, 0, 0, NULL, '7199433', 'FRANCISCO ALEJANDRO', 'DAZA SIFONTES', 'M', '1961-03-20', 62, 0, 'VE', 'SIMON.ANGARITA@GMAIL.COM', '+584248990244', 0, 53, 4, 128, NULL, NULL, NULL, 'CRV ', '2008', 'AA756IF', 'HONDA', 'PLATA', 'JHLRE38308C203777', 'Particular', 1, 0, 0, 0, 8, 1, '2023-07-19 10:40:52'),
(331, 16, NULL, 257, 20.00, 20.00, 0, 0, NULL, '8308964', 'MARIA EUGENIA', 'RODRIGUEZ DE DAZA', 'F', '1964-09-12', 58, 0, 'VE', 'SIMON.ANGARITA@GMAIL.COM', '+584140866790', 0, 53, 4, 128, NULL, NULL, NULL, 'AVEO', '2005', 'MEA93I', 'CHEVROLET', 'AZUL', '8Z1TJ62685V321413', 'Particular', 1, 0, 0, 0, 8, 1, '2023-07-19 10:47:57'),
(332, 16, NULL, 257, 20.00, 20.00, 0, 0, NULL, '8308972', 'LORENZO JAVIER', 'RODRIGUEZ   ALCALA', 'M', '1963-01-22', 60, 0, 'VE', 'SIMON.ANGARITA@GMAIL.COM', '+584143938372', 0, 53, 4, 128, NULL, NULL, NULL, 'FIT', '2008', 'MFB78X', 'HONDA', 'PLATA', '93HGD38808Z500942', 'Particular', 1, 0, 0, 0, 8, 1, '2023-07-19 11:14:12'),
(333, 16, NULL, 257, 20.00, 20.00, 0, 0, NULL, '8308972', 'LORENZO JAVIER', 'RODRIGUEZ ALCALA', 'M', '1963-01-22', 60, 0, 'VE', 'SIMON.ANGARITA@GMAIL.COM', '+584143938372', 0, 53, 4, 128, NULL, NULL, NULL, 'EXPLORER', '2008', 'FBY88Z', 'FORD', 'AZUL', '8XDEU748188A32915', 'Particular', 1, 0, 0, 0, 8, 1, '2023-07-19 11:17:16'),
(334, 16, NULL, 257, 20.00, 20.00, 0, 0, NULL, '9808431', 'MARIA CAROLINA', 'NAVA DE RODRIGUEZ', 'F', '1967-02-01', 56, 0, 'VE', 'SIMON.ANGARITA@GMAIL.COM', '+584143938372', 0, 53, 4, 128, NULL, NULL, NULL, 'TERIOS SPORT', '2008', 'AA923BP', 'DAIHATSU', 'BLANCO', '8XAJ200G0289545308', 'Particular', 1, 0, 0, 0, 8, 1, '2023-07-19 11:21:05'),
(335, 16, NULL, 252, 133.99, 133.99, 0, 0, NULL, '14.235.701', 'HENRY RAMÓN', 'MILLAN JIMENEZ', 'M', '1979-09-05', 43, 0, 'VE', 'henri55@gmail.com', '+58414-3471630', 0, 57, 4, 125, NULL, NULL, NULL, 'OPTRA DESIGN', '2009', 'AK297AG', 'CHEVROLET', 'GRIS', '8Z1JD51B89V330349', 'Particular', 1, 0, 0, 0, 8, 1, '2023-07-19 11:42:32'),
(336, 16, NULL, 252, 133.99, 133.99, 0, 0, NULL, '17.888.646', 'JULIO ALBERTO', 'SALCEDO ACOSTA', 'M', '1985-02-09', 38, 0, 'VE', 'jsa0414@gmail.com', '+58414-3471630', 0, 57, 4, 125, NULL, NULL, NULL, 'TWINGO', '2009', 'AA565DD', 'RANAULT', 'NEGRO', '9FBC06V059L031642', 'Particular', 1, 0, 0, 0, 8, 1, '2023-07-19 12:00:58'),
(337, 16, NULL, 252, 133.99, 133.99, 0, 0, NULL, '11.811.068', 'JOSE MAURICIO', 'RAAD PAREDES', 'M', '1973-01-27', 50, 0, 'VE', 'joseraad@gmail.com', '+58414-3471630', 0, 57, 4, 125, NULL, NULL, NULL, 'AVEO', '2006', 'AA785FU', 'CHEVROLET', 'AZUL', '8Z1TJ51686V330254', 'Particular', 1, 0, 0, 0, 8, 1, '2023-07-19 12:11:17'),
(338, 16, NULL, 252, 133.99, 133.99, 0, 0, NULL, '15.181.408', 'LEICESTER JOSÉ', 'CERRO MARQUEZ', 'M', '1981-02-27', 42, 0, 'VE', 'leicestercerro@gmail.com', '+58414-3471630', 0, 57, 4, 125, NULL, NULL, NULL, 'KA', '2007', 'AF025YV', 'FORD', 'AZUL', '8YPBGDAN978A41207', 'Particular', 1, 0, 0, 0, 8, 1, '2023-07-19 12:16:37'),
(339, 16, NULL, 252, 133.99, 133.99, 0, 0, NULL, '15.181.408', 'LEICESTER JOSÉ', 'CERRO MARQUEZ', 'M', '1981-02-27', 42, 0, 'VE', 'leicestercerro@gmail.com', '+58414-3471630', 0, 57, 4, 125, NULL, NULL, NULL, 'HILUX', '2009', 'A97AP3D', 'TOYOTA', 'PLATA', '8XA33NV2699007143', 'Pick-Up', 1, 0, 0, 0, 8, 1, '2023-07-19 12:20:18'),
(340, 16, NULL, 252, 133.99, 133.99, 0, 0, NULL, '2.520814', 'TEODORO', 'LIMA PINO', 'M', '1953-05-20', 70, 0, 'VE', 'jllm89243@gmail.com', '+58414-3471630', 0, 57, 4, 125, NULL, NULL, NULL, 'COROLLA', '1997', 'DAE43P', 'TOYOTA', 'PLATA', 'AE1029508495', 'Particular', 1, 0, 0, 0, 8, 1, '2023-07-19 12:45:10'),
(341, 14, NULL, 139, 432.00, 108.00, 0, 0, NULL, '15740531', 'Pedro Rafael', 'Figuera Brache', 'M', '1982-04-03', 41, 0, 'VE', 'alexisfiguera@gmail.com', '+584145880593', 2, 43, NULL, NULL, NULL, NULL, NULL, NULL, NULL, NULL, NULL, NULL, NULL, NULL, 1, 0, 0, 0, 8, 3, '2023-07-19 16:31:26'),
(342, 16, NULL, 257, 20.00, 20.00, 0, 0, NULL, '4167581', 'RITA CECILIA', 'GUILARTE MORALES', 'F', '1953-03-23', 70, 0, 'VE', 'ritaguilarte@gmail.com', '+584143022510', 0, 53, 4, 8, NULL, NULL, NULL, 'AVEO', '2012', 'AD888XG', 'CHEVROLET', 'NEGRO', '8Z1TM2B65CG304604', 'Particular', 1, 0, 0, 0, 8, 1, '2023-07-19 16:33:02'),
(343, 5, NULL, 263, 242.00, 376.00, 0, 0, NULL, '3442631', 'ALEXIS RAFAEL', 'FIGUERA LANDONI', 'M', '1949-10-02', 73, 0, 'VE', 'alexisfiguera@gmail.com', '+584145880593', 2, 24, NULL, NULL, NULL, NULL, NULL, NULL, NULL, NULL, NULL, NULL, NULL, NULL, 2, 1, 0, 0, 8, 1, '2023-07-19 16:39:37'),
(344, 16, NULL, 257, 20.00, 20.00, 0, 0, NULL, '4410175', 'OMAR ANTONIO', 'CAMACHO ORTIZ', 'M', '1951-01-10', 72, 0, 'VE', 'alexisfiguera@gmail.com', '+584145880593', 0, 53, NULL, NULL, NULL, NULL, NULL, 'RD7882', '2002', 'AB996JM', 'HONDA', 'PLATA', 'JHLRD78802C204824', 'Particular', 1, 0, 0, 0, 8, 1, '2023-07-19 17:00:57'),
(345, 16, NULL, 252, 133.99, 11.17, 0, 0, NULL, '26192818', 'RAMON JOSE', 'TRENARD MACHADO', 'M', '1994-07-23', 28, 0, 'VE', 'RTRENARDSEGUROS@GMAIL.COM', '+584243214797', 0, 57, 4, 80, NULL, NULL, NULL, 'NEON', '2006', 'AD120TS', 'DODGE', 'AMARILLO Y NEGRO', '8Y3HS46C261510192', 'Particular', 1, 0, 0, 0, 8, 4, '2023-07-19 19:28:04'),
(346, 14, NULL, 141, 333.00, 27.77, 0, 0, NULL, '000', '000', '00', 'F', '2004-01-01', 19, 0, 'VE', '00@gmail.com', '+58000', 1, 44, NULL, NULL, NULL, NULL, NULL, NULL, NULL, NULL, NULL, NULL, NULL, NULL, 1, 0, 0, 0, 8, 4, '2023-07-20 11:04:47');
INSERT INTO `insurance_buy_temp` (`id_buy_temp`, `id_insurance`, `id_user_api`, `id_term`, `amount_term`, `total_buy`, `id_coupon`, `type_coupon`, `id_subscriber`, `user_id`, `name_user`, `last_name_user`, `sex_user`, `date_birth`, `age_user`, `smokes_user`, `id_country`, `email_user`, `phone_user`, `beneficiaries_user`, `id_price`, `user_profile`, `id_agency`, `id_adviser`, `id_agency_ibo`, `ibo`, `model_car`, `year_car`, `license_plate`, `brand_car`, `color_car`, `serial_car`, `use_brand`, `option_extension`, `cant_sons`, `cant_fathers`, `cant_spouse`, `id_status`, `id_cuota`, `create_date`) VALUES
(347, 16, NULL, 251, 112.72, 112.72, 0, 0, NULL, '18552155', 'ROSELYT GERALDINE', 'ABDENOUR CASTRO', 'F', '1988-02-21', 35, 0, 'VE', 'abdenour.roselyt@gmail.com', '+5804243655119', 0, 56, 6, NULL, 12, NULL, NULL, 'FUSION', '2008', 'KBX59R', 'FORD', 'ROJO', '3FAHP08128R115602', 'Particular', 1, 0, 0, 0, 8, 1, '2023-07-20 20:03:58'),
(348, 16, NULL, 257, 20.00, 20.00, 0, 0, NULL, '4167581', 'RITA CECILIA', 'GUILARTE MORALES', 'F', '1953-03-23', 70, 0, 'VE', 'ritaguilarte@gmail.com', '+584143022510', 0, 53, 4, 8, NULL, NULL, NULL, 'AVEO', '2012', 'AD888XG', 'CHEVROLET', 'NEGRO', '8Z1TM2B65CG304604', 'Particular', 1, 0, 0, 0, 8, 1, '2023-07-21 11:10:41'),
(349, 11, NULL, 255, 149.00, 149.00, 0, 0, NULL, '7640987', 'RICARDO ALEXY', 'ALBANO PRIETO', 'M', '1961-11-11', 61, 0, 'VE', 'ricardoalbanoprieto@gmail.com', '+584146308266', 0, 62, NULL, NULL, NULL, NULL, NULL, NULL, NULL, NULL, NULL, NULL, NULL, NULL, 1, 0, 0, 0, 8, 1, '2023-07-21 20:28:33'),
(350, 15, NULL, 243, 1119.00, 1253.00, 0, 0, NULL, '6433789', 'Deyanira', 'Pereira', 'F', '1962-06-13', 61, 0, 'VE', 'g.f.20@hotmail.com', '+5804248037415', 1, 48, NULL, NULL, NULL, NULL, NULL, NULL, NULL, NULL, NULL, NULL, NULL, NULL, 2, 0, 0, 1, 8, 1, '2023-07-21 22:16:51'),
(351, 16, NULL, 252, 133.99, 33.50, 0, 0, NULL, '7066611', 'OSCAR DEIVIZ', 'ROJAS CAMPOS', 'M', '1962-11-16', 60, 0, 'VE', 'marisela.marisol@gmail.com', '+5804143498534', 0, 57, 4, 90, NULL, NULL, NULL, 'GRAND CHEROKEE', '1999', 'AE773JV', 'JEEP', 'GRIS', '8Y4GW68FFX1904909', 'Particular', 1, 0, 0, 0, 8, 3, '2023-07-24 08:33:52'),
(352, 15, NULL, 243, 1119.00, 115.67, 0, 0, NULL, '13316894', 'Sandra', 'de Oliveira', 'F', '1979-08-16', 43, 0, 'VE', 'g.f.20@hotmail.com', '+5804248037415', 0, 48, 4, 90, NULL, NULL, NULL, NULL, NULL, NULL, NULL, NULL, NULL, NULL, 2, 1, 1, 0, 8, 4, '2023-07-24 08:47:11'),
(353, 16, NULL, 252, 133.99, 11.17, 0, 0, NULL, '10786049', 'MARINELA', 'ESPAÑA DIMUNNO', 'F', '1969-08-27', 53, 0, 'VE', 'marinelaespaa69@hotmail.com', '+584144771207', 0, 57, 4, 80, NULL, NULL, NULL, 'VITARA 3P', '2003', 'AD409KM', 'CHEVROLET', 'VERDE', 'JSAHTS92V34100278', 'Particular', 1, 0, 0, 0, 8, 4, '2023-07-25 09:05:08'),
(354, 16, NULL, 233, 50.38, 50.38, 0, 0, NULL, '5092375', 'MARCOS EDUARDO', 'GONZALEZ MORENO', 'M', '1975-12-09', 47, 0, 'VE', 'marianellasanchez06@gmail.com', '+584245159136', 0, 55, 4, 80, NULL, NULL, NULL, 'ACCORD/EX', '2008', 'AA499HB', 'HONDA', 'GRIS', '1HGCP36708A500249', 'Particular', 1, 0, 0, 0, 8, 1, '2023-07-25 09:23:46'),
(355, 14, NULL, 145, 648.00, 54.04, 0, 0, NULL, '9882554', 'GUILLERMO', 'SAAVEDRA SALCEDO', 'M', '1967-10-26', 55, 0, 'VE', 'TUPREVESEG@GMAIL.COM', '+58212683333', 0, 45, 4, 133, NULL, NULL, NULL, NULL, NULL, NULL, NULL, NULL, NULL, NULL, 1, 0, 0, 0, 8, 4, '2023-07-25 09:46:41'),
(356, 5, NULL, 263, 242.00, 20.18, 0, 0, NULL, '8338303', 'LETTY DEL VALLE', 'SARMIENTO PAREDES', 'F', '1966-07-17', 57, 0, 'VE', 'lsarmi.88@gmail.com', '+584143837119', 1, 24, 4, 70, NULL, NULL, NULL, NULL, NULL, NULL, NULL, NULL, NULL, NULL, 1, 0, 0, 0, 8, 4, '2023-07-25 11:43:39'),
(357, 15, NULL, 245, 1685.00, 488.25, 0, 0, NULL, '14665183', 'ROGER EDUARDO', 'DELGADO STRAUS', 'M', '1982-05-24', 41, 0, 'VE', 'MAUROJOSEPEREZL@GMAIL.COM', '+584144481892', 1, 50, 6, NULL, 13, NULL, NULL, NULL, NULL, NULL, NULL, NULL, NULL, NULL, 2, 1, 0, 1, 8, 3, '2023-07-25 14:26:20'),
(358, 16, NULL, 252, 133.99, 133.99, 0, 0, NULL, '979530', 'JOAO', 'MARTINS VENANCIO', 'M', '1954-12-12', 68, 0, 'VE', 'luciosimonrodriguez4@gmail.com', '+5804144903430', 0, 57, 4, 129, NULL, NULL, NULL, 'ENT61032AR', '2000', '522AA2D', 'ENCAVA', 'BLANCO Y MULTICOLOR', 'I7269', 'Particular', 1, 0, 0, 0, 8, 1, '2023-07-25 16:30:28'),
(359, 15, NULL, 244, 1523.00, 2059.00, 0, 0, NULL, '15445982', 'LUIS GERARDO', 'ARIAS', 'M', '1993-12-08', 29, 0, 'VE', 'delviatorrez83@gmail.com', '+584145183745', 4, 49, NULL, NULL, NULL, NULL, NULL, NULL, NULL, NULL, NULL, NULL, NULL, NULL, 2, 3, 0, 1, 8, 1, '2023-07-25 18:15:38'),
(360, 16, NULL, 252, 133.99, 11.17, 0, 0, NULL, '9064466', 'SIDNEY JOSEFINA', 'NUÑEZ GUZMAN', 'F', '1962-10-22', 60, 0, 'VE', 'mafaldaguia22@gmail.com', '+584144877501', 0, 57, 4, 80, NULL, NULL, NULL, 'COROLLA 1.6', '2005', 'AB989FU', 'TOYOTA', 'ROJO', '8XA53ZEC159508433', 'Particular', 1, 0, 0, 0, 8, 4, '2023-07-26 09:18:49'),
(361, 14, NULL, 142, 510.00, 42.53, 0, 0, NULL, '20603853', 'DAYANA', 'BLANCO', 'F', '1991-02-21', 32, 0, 'VE', 'dayanakrays@gmail.com', '+584129635384', 0, 44, 4, 97, NULL, NULL, NULL, NULL, NULL, NULL, NULL, NULL, NULL, NULL, 1, 0, 0, 0, 8, 4, '2023-07-26 09:20:58'),
(362, 16, NULL, 252, 133.99, 133.99, 0, 0, NULL, '9640271', 'MARIA ANGELICA', 'SCHWARTZ D´MILITA', 'F', '1968-06-04', 55, 0, 'VE', 'MARIANGELICASCHWARTZ1@GMAIL.COM', '+584143448588', 0, 57, 4, 80, NULL, NULL, NULL, '4RUNNER 2WD', '2006', 'AG117KD', 'TOYOTA', 'AZUL', 'JTEZU14R968042571', 'Particular', 1, 0, 0, 0, 8, 1, '2023-07-26 09:42:36'),
(363, 16, NULL, 252, 133.99, 67.00, 0, 0, NULL, '9640271', 'MARIA ANGELICA', 'SCHWARTZ D´MILITA', 'F', '1968-06-04', 55, 0, 'VE', 'MARIANGELICASCHWARTZ1@GMAIL.COM', '+584143448588', 0, 57, 4, 80, NULL, NULL, NULL, '4RUNNER 2WD', '2006', 'AG117KD', 'TOYOTA', 'AZUL', 'JTEZU14R968042571', 'Particular', 1, 0, 0, 0, 8, 2, '2023-07-26 09:46:09'),
(364, 14, NULL, 146, 2455.00, 613.75, 0, 0, NULL, '3151711', 'Maritza', 'Cárdenas', 'F', '1947-11-28', 75, 0, 'VE', 'marimacar@yahoo.es', '+584166185772', 0, 45, 4, 59, NULL, NULL, NULL, NULL, NULL, NULL, NULL, NULL, NULL, NULL, 1, 0, 0, 0, 8, 3, '2023-07-26 15:36:00'),
(365, 16, NULL, 257, 20.00, 20.00, 0, 0, NULL, '16936871', 'MICHELE ARMANDO', 'PUGLIA DELGADO', 'M', '1982-10-04', 40, 0, 'VE', 'anamarrero1970@yahoo.com', '+584242222872', 0, 53, 4, 8, NULL, NULL, NULL, 'CHEROKEE RENEGA', '2000', 'MBR08C', 'JEEP', 'BLANCO', '8Y4FF47S2Y1202792', 'Particular', 1, 0, 0, 0, 8, 1, '2023-07-26 16:11:56'),
(366, 5, NULL, 263, 242.00, 24.22, 0, 0, NULL, '3972156', 'JORGE LUIS', 'PEDRAZA VILA', 'M', '1952-01-10', 71, 1, 'VE', 'angibethpedraza@gmail.com', '+584145649003', 1, 24, 5, 10, NULL, NULL, NULL, NULL, NULL, NULL, NULL, NULL, NULL, NULL, 1, 0, 0, 0, 8, 4, '2023-07-26 17:08:06'),
(367, 16, NULL, 257, 20.00, 20.00, 0, 0, NULL, '5529929', 'Belkis', 'Rincón', 'F', '1958-09-20', 64, 0, 'VE', 'ejlatinosunidos2018@gmail.com', '+5804127288590', 0, 53, 4, 11, NULL, NULL, NULL, 'Fiesta', '2009', 'AA353JV', 'Ford', 'Gris', '8YPZF16N498A38758', 'Particular', 1, 0, 0, 0, 8, 1, '2023-07-26 19:00:38'),
(368, 5, NULL, 263, 242.00, 13.12, 14, 1, NULL, '7615223', 'ALFREDO DE LA CRUZ', 'QUINTERO', 'M', '1959-05-03', 64, 0, 'VE', 'quintero030559@gmail.com', '+584126387200', 1, 24, 5, 10, NULL, NULL, NULL, NULL, NULL, NULL, NULL, NULL, NULL, NULL, 1, 0, 0, 0, 8, 4, '2023-07-27 20:33:17'),
(369, 5, NULL, 239, 342.00, 50.87, 0, 0, NULL, '1234567', 'der', 'fdgdg', 'F', '2004-01-01', 19, 0, 'VE', 'dpacheco@lamundialdeseguros.com', '+580403304', 1, 23, 4, 4, NULL, NULL, NULL, NULL, NULL, NULL, NULL, NULL, NULL, NULL, 2, 1, 0, 1, 8, 4, '2023-07-28 08:51:18'),
(370, 11, NULL, 135, 75.00, 37.50, 0, 0, NULL, '2511094', 'Ylda', 'Alvarez', 'F', '1945-04-24', 78, 0, 'VE', 'eliangelurbani@hotmail.com', '+5804142449367', 0, 39, NULL, NULL, NULL, NULL, NULL, NULL, NULL, NULL, NULL, NULL, NULL, NULL, 2, 2, 0, 0, 8, 2, '2023-07-31 11:11:09'),
(371, 14, NULL, 142, 510.00, 127.50, 0, 0, NULL, '19557085', 'Jillangel', 'Rengifo', 'F', '1991-01-19', 32, 0, 'VE', 'eliangelurbani@hotmail.com', '+589237883', 0, 44, NULL, NULL, NULL, NULL, NULL, NULL, NULL, NULL, NULL, NULL, NULL, NULL, 1, 0, 0, 0, 8, 3, '2023-07-31 11:15:32'),
(372, 16, NULL, 252, 133.99, 133.99, 0, 0, NULL, '8797040', 'Jimmy Angel', 'Rengifo Alvarez', 'M', '1965-07-31', 58, 0, 'VE', 'eliangelurbani@hotmail.com', '+584142449367', 0, 57, NULL, NULL, NULL, NULL, NULL, 'Grand Cherokee', '2020', 'AC262MG', 'Jeep', 'Plata', '8Y8RX5FP6A1108383', 'Rustico', 1, 0, 0, 0, 8, 1, '2023-07-31 11:26:18'),
(373, 15, NULL, 245, 1685.00, 488.25, 0, 0, NULL, '14665183', 'Roger Eduardo', 'Delgado Straus', 'M', '1982-05-24', 41, 0, 'VE', 'maurojoseperezl@gmail.com', '+584144481892', 1, 50, 6, NULL, 13, NULL, NULL, NULL, NULL, NULL, NULL, NULL, NULL, NULL, 2, 1, 0, 1, 8, 3, '2023-07-31 19:49:53'),
(374, 5, NULL, 263, 242.00, 20.18, 0, 0, NULL, '15445363', 'ALEXIS JOSE', 'MORENO MEZA', 'M', '1981-03-18', 42, 0, 'VE', 'alexisjmoreno47@gmail.com', '+584245287415', 1, 24, 5, 10, NULL, NULL, NULL, NULL, NULL, NULL, NULL, NULL, NULL, NULL, 1, 0, 0, 0, 8, 4, '2023-08-01 11:57:14'),
(375, 5, NULL, 236, 190.00, 15.85, 0, 0, NULL, '4249218', 'JOSE VICENTE', 'IRIARTE FREITES', 'M', '1955-12-10', 67, 0, 'VE', 'joseiriarte@gmail.com', '+584141535462', 3, 58, 5, 10, NULL, NULL, NULL, NULL, NULL, NULL, NULL, NULL, NULL, NULL, 1, 0, 0, 0, 8, 4, '2023-08-03 19:19:48'),
(376, 5, NULL, 236, 190.00, 15.85, 0, 0, NULL, '6067554', 'MORAIMA ELENA', 'CAMACHO MARTINEZ', 'F', '1958-03-29', 65, 0, 'VE', 'victoria.iriarte23@gmail.com', '+584127084129', 3, 58, 5, 10, NULL, NULL, NULL, NULL, NULL, NULL, NULL, NULL, NULL, NULL, 1, 0, 0, 0, 8, 4, '2023-08-03 19:28:02'),
(377, 14, NULL, 141, 333.00, 83.25, 0, 0, NULL, '1258945646', 'iouou', 'uouou', 'F', '2004-01-01', 19, 0, 'VE', 'dpachec@lamundialdeseguros.com', '+5842489423586', 1, 44, 4, 38, NULL, NULL, NULL, NULL, NULL, NULL, NULL, NULL, NULL, NULL, 1, 0, 0, 0, 8, 3, '2023-08-04 10:45:53'),
(378, 5, NULL, 236, 190.00, 21.48, 15, 1, NULL, '15343479', 'YOHNIA YSMAR', 'GIL VELASQUEZ', 'F', '1980-09-11', 42, 0, 'VE', 'yohnia.gil@gmail.com', '+584126326678', 1, 58, 5, 10, NULL, NULL, NULL, NULL, NULL, NULL, NULL, NULL, NULL, NULL, 2, 1, 0, 0, 8, 4, '2023-08-04 15:47:32'),
(379, 15, NULL, 245, 1685.00, 151.71, 0, 0, NULL, '123456789', 'GUSTAVO', 'VILLAZANA', 'M', '1959-10-29', 63, 0, 'VE', 'alexisfiguera@gmail.com', '+5804145880593', 1, 50, NULL, NULL, NULL, NULL, NULL, NULL, NULL, NULL, NULL, NULL, NULL, NULL, 2, 0, 0, 1, 8, 4, '2023-08-05 15:06:56'),
(380, 15, NULL, 245, 1685.00, 1953.00, 0, 0, NULL, '12608188', 'OMAR ALEJANDRO', 'AGUIRRE ALFONZO', 'M', '1976-10-14', 46, 0, 'VE', 'omar.a.aguirre.a@gmail.com', '+5804243716904', 1, 50, 4, 129, NULL, NULL, NULL, NULL, NULL, NULL, NULL, NULL, NULL, NULL, 2, 1, 0, 1, 8, 1, '2023-08-06 12:33:24'),
(381, 16, NULL, 252, 133.99, 133.99, 0, 0, NULL, '3664643', 'JORGE LUIS', 'PEREZ ORTEGA', 'M', '1956-04-23', 67, 0, 'VE', 'j.perez@flexoven.com', '+5804148801588', 0, 57, 4, 108, NULL, NULL, NULL, 'EXPLORER', '2012', 'AC874CD', 'FORD', 'NEGRO', '8XDHK8D83CGA02113', 'Particular', 1, 0, 0, 0, 8, 1, '2023-08-07 11:12:52'),
(382, 16, NULL, 252, 133.99, 133.99, 0, 0, NULL, '075363191', 'VENEZOLANA DE EMPAQUES FLEXIBLES', 'FLEXOVEN C.A.', 'M', '1995-06-28', 28, 0, 'VE', 'flexoven@flexoven.com', '+5804148801588', 0, 57, 4, 108, NULL, NULL, NULL, '408 2.0 AUT', '2012', 'AA479CM', 'PEUGEOT', 'GRIS', '8AD4DRFJFCG051313', 'Particular', 1, 0, 0, 0, 8, 1, '2023-08-07 11:36:43'),
(383, 16, NULL, 252, 133.99, 133.99, 0, 0, NULL, '4353676', 'MARIELA COROMOTO', 'MILLAN DE PEREZ', 'F', '1954-08-09', 68, 0, 'VE', 'j.perez@flexoven.com', '+5804148801588', 0, 57, 4, 108, NULL, NULL, NULL, 'COROLLA XEI 1.8', '2010', 'AC108IG', 'TOYOTA', 'PLATA', '8XBBA42E3A7806134', 'Particular', 1, 0, 0, 0, 8, 1, '2023-08-07 12:33:18'),
(384, 14, NULL, 144, 423.00, 105.75, 0, 0, NULL, '31393070', 'PATRICIA PAOLA', 'RODRIGUEZ FERREIRA', 'F', '2005-08-05', 18, 0, 'VE', 'mfigueredo1@gmail.com', '+584248403660', 1, 45, 4, 95, NULL, NULL, NULL, NULL, NULL, NULL, NULL, NULL, NULL, NULL, 1, 0, 0, 0, 8, 3, '2023-08-07 17:15:50'),
(385, 15, NULL, 244, 1523.00, 447.75, 0, 0, NULL, '9.822.099', 'Leonardo Enrique', 'Navas Perez', 'M', '1968-02-09', 55, 0, 'VE', 'leonardonavas68@gmail.com', '+584244286307', 6, 49, NULL, NULL, NULL, NULL, NULL, NULL, NULL, NULL, NULL, NULL, NULL, NULL, 2, 1, 0, 1, 8, 3, '2023-08-07 21:03:30'),
(386, 16, NULL, 252, 133.99, 133.99, 0, 0, NULL, '16785248', 'solange', 'Gomez', 'F', '1986-06-10', 37, 0, 'VE', 'alejandra10061985@gmail.com', '+5802127726756', 0, 57, NULL, NULL, NULL, NULL, NULL, 'orinoco', '2013', 'AF282MG', 'chery', 'blanco', '8X7T1C128DD004250', 'Particular', 1, 0, 0, 0, 8, 1, '2023-08-08 08:57:29'),
(387, 5, NULL, 239, 342.00, 28.52, 0, 0, NULL, 'V-5736293', 'FREDDY JAIR', 'RODRIGUEZ BALLESTEROS', 'M', '1955-12-25', 67, 0, 'VE', 'freddyrb86@gmail.com', '+58412-5458442', 1, 23, 4, 70, NULL, NULL, NULL, NULL, NULL, NULL, NULL, NULL, NULL, NULL, 1, 0, 0, 0, 8, 4, '2023-08-08 10:10:41'),
(388, 5, NULL, 239, 342.00, 28.52, 0, 0, NULL, 'v-4354898', 'ROSALIA', 'CASTILLO DE RODRIGUEZ', 'F', '1954-09-29', 68, 0, 'VE', 'freddyrb86@gmail.com', '+58412-5458442', 1, 23, 4, 70, NULL, NULL, NULL, NULL, NULL, NULL, NULL, NULL, NULL, NULL, 1, 0, 0, 0, 8, 4, '2023-08-08 10:16:21'),
(389, 5, NULL, 240, 384.00, 32.03, 0, 0, NULL, '2343435', 'cxvx', 'vxvf', 'F', '1974-05-29', 49, 0, 'VE', 'dpacheco@lamundialdeseguros.com', '+58456567658', 2, 22, 4, 4, NULL, NULL, NULL, NULL, NULL, NULL, NULL, NULL, NULL, NULL, 1, 0, 0, 0, 8, 4, '2023-08-08 11:21:26'),
(390, 5, NULL, 239, 342.00, 28.52, 0, 0, NULL, '2343435', 'cxvx', 'vxvf', 'F', '1974-05-29', 49, 0, 'VE', 'dpacheco@lamundialdeseguros.com', '+58456567658', 2, 23, 4, 4, NULL, NULL, NULL, NULL, NULL, NULL, NULL, NULL, NULL, NULL, 1, 0, 0, 0, 8, 4, '2023-08-08 11:23:13'),
(391, 14, NULL, 142, 510.00, 42.53, 0, 0, NULL, '20759619', 'KEVIN DANIEL', 'ZAMBRANO AREVALO', 'M', '1992-03-26', 31, 0, 'VE', 'GROUPMKCONSULTORES@GMAIL.COM', '+584125337437', 0, 44, 4, 82, NULL, NULL, NULL, NULL, NULL, NULL, NULL, NULL, NULL, NULL, 1, 0, 0, 0, 8, 4, '2023-08-09 12:00:38'),
(392, 14, NULL, 142, 510.00, 42.53, 0, 0, NULL, '20759619', 'KEVIN DANIEL', 'ZAMBRANO AREVALO', 'M', '1992-03-26', 31, 0, 'VE', 'GROUPMKCONSULTORES@GMAIL.COM', '+584125337437', 0, 44, 4, 82, NULL, NULL, NULL, NULL, NULL, NULL, NULL, NULL, NULL, NULL, 1, 0, 0, 0, 8, 4, '2023-08-10 08:38:31'),
(393, 16, NULL, 252, 133.99, 133.99, 0, 0, NULL, '12037769', 'ARMANDO', 'ROSAL', 'M', '1974-11-20', 48, 0, 'VE', 'armandorosalasesor@gmail.com', '+584244558222', 0, 57, 6, NULL, 11, NULL, NULL, 'arauca', '2015', 'AA728AN', 'chery', 'gris', '6565656566', 'Particular', 1, 0, 0, 0, 8, 1, '2023-08-11 12:51:36'),
(394, 14, NULL, 145, 648.00, 648.00, 0, 0, NULL, '10748194', 'MARIA ALEXANDRA', 'CONTRERAS ALARCON', 'F', '1975-11-12', 47, 0, 'VE', 'alexisfiguera@gmail.com', '+5804145880593', 0, 45, NULL, NULL, NULL, NULL, NULL, NULL, NULL, NULL, NULL, NULL, NULL, NULL, 1, 0, 0, 0, 8, 1, '2023-08-14 08:54:19'),
(395, 15, NULL, 245, 1685.00, 976.50, 0, 0, NULL, '12608188', 'OMAR ALEJANDRO', 'AGUIRRE ALFONZO', 'M', '1976-10-14', 46, 0, 'VE', 'omar.a.aguirre.a@gmail.com', '+5804243716904', 1, 50, 4, 129, NULL, NULL, NULL, NULL, NULL, NULL, NULL, NULL, NULL, NULL, 2, 1, 0, 1, 8, 2, '2023-08-14 13:28:59'),
(396, 16, NULL, 233, 50.38, 50.38, 0, 0, NULL, '1234567', 'prueba', 'prueba', 'M', '1991-01-31', 32, 1, 'VE', 'jcamacho@lamundialdeseguros.com', '+5804242729380', 0, 55, NULL, NULL, NULL, NULL, NULL, 'prueba', '2002', '123456', 'prueba', 'negro', '123456789', 'Particular', 1, 0, 0, 0, 8, 1, '2023-08-14 16:20:45'),
(397, 16, NULL, 233, 50.38, 50.38, 0, 0, NULL, '1234567', 'prueba', 'prueba', 'M', '1991-01-31', 32, 1, 'VE', 'jcamacho@lamundialdeseguros.com', '+5804242729380', 0, 55, NULL, NULL, NULL, NULL, NULL, 'prueba', '2002', '123456', 'prueba', 'negro', '123456789', 'Particular', 1, 0, 0, 0, 8, 1, '2023-08-14 16:25:12'),
(398, 16, NULL, 257, 20.00, 20.00, 0, 0, NULL, 'J001036865', 'Proagro C.A', 'Proagro C.A', 'M', '2004-01-01', 19, 0, 'VE', 'maribell.sousa@gmail.com', '+584144139077', 0, 53, 5, 12, NULL, NULL, NULL, 'tahoe', '2013', 'AE642RV', 'chevrolet', 'beige', '8znskce09dg314597', 'Particular', 1, 0, 0, 0, 8, 1, '2023-08-15 13:33:56'),
(399, 16, NULL, 257, 20.00, 20.00, 0, 0, NULL, '12065003', 'LEXA ELENA', 'RODRIGUEZ VIDES', 'F', '1975-09-16', 47, 0, 'VE', 'lerv16@gmail.com', '+584140136224', 0, 53, 4, 8, NULL, NULL, NULL, 'AVEO', '2007', 'AGV00L', 'CHEVROLET', 'PLATA', '8Z1TJ29617V383950', 'Particular', 1, 0, 0, 0, 8, 1, '2023-08-15 16:27:36'),
(400, 16, NULL, 252, 133.99, 133.99, 0, 0, NULL, '13617416', 'Desiree Carolina', 'Castellanos bogado', 'F', '1980-04-29', 43, 0, 'VE', 'desireeccb@gmail.com', '+584123396487', 0, 57, 4, 59, NULL, NULL, NULL, 'Civic lxs at', '2007', 'Aa731i0', 'Honda ', 'Plata', '93hfa163072501179', 'Particular', 1, 0, 0, 0, 8, 1, '2023-08-15 18:21:58'),
(401, 16, NULL, 252, 133.99, 133.99, 0, 0, NULL, '12345678', 'PRUEBA', 'PRUEBA', 'M', '1988-01-31', 35, 0, 'VE', 'JCAMACHO@LAMUNDIALDESEGUROS.COM', '+584242729380', 0, 57, 5, 152, NULL, NULL, NULL, 'PRUEBA', '2010', '123SD2SD3', 'PRUEBA', 'NEGRO', '123456789', 'Particular', 1, 0, 0, 0, 8, 1, '2023-08-16 09:47:11');

-- --------------------------------------------------------

--
-- Estructura de tabla para la tabla `insurance_coupons`
--

